From mboxrd@z Thu Jan 1 00:00:00 1970 From: xen.org Subject: [qemu-mainline test] 30458: trouble: blocked/broken/fail/pass Date: Sun, 28 Sep 2014 11:38:36 +0100 Message-ID: Mime-Version: 1.0 Content-Type: multipart/mixed; boundary="===============5801022810670994088==" Return-path: List-Unsubscribe: , List-Post: List-Help: List-Subscribe: , Sender: xen-devel-bounces@lists.xen.org Errors-To: xen-devel-bounces@lists.xen.org To: xen-devel@lists.xensource.com Cc: ian.jackson@eu.citrix.com List-Id: xen-devel@lists.xenproject.org --===============5801022810670994088== Content-Type: text/plain Content-Length: 9233 Content-Transfer-Encoding: quoted-printable flight 30458 qemu-mainline real [real] http://www.chiark.greenend.org.uk/~xensrcts/logs/30458/ Failures and problems with tests :-( Tests which did not succeed and are blocking, including tests which could not be run: build-armhf 3 host-install(3) broken REGR. vs. 30403 test-amd64-i386-qemut-rhel6hvm-amd 3 host-install(3) broken REGR. vs. 30403 test-amd64-i386-rhel6hvm-amd 3 host-install(3) broken REGR. vs. 30403 test-amd64-i386-xl 3 host-install(3) broken REGR. vs. 30403 test-amd64-i386-qemuu-rhel6hvm-amd 3 host-install(3) broken REGR. vs. 30403 test-amd64-amd64-xl 3 host-install(3) broken REGR. vs. 30403 test-amd64-i386-xl-multivcpu 3 host-install(3) broken REGR. vs. 30403 test-amd64-i386-xl-credit2 3 host-install(3) broken REGR. vs. 30403 test-amd64-i386-qemuu-rhel6hvm-intel 3 host-install(3) broken REGR. vs. 30403 test-amd64-i386-qemut-rhel6hvm-intel 3 host-install(3) broken REGR. vs. 30403 test-amd64-i386-rhel6hvm-intel 3 host-install(3) broken REGR. vs. 30403 build-armhf-pvops 3 host-install(3) broken REGR. vs. 30403 test-amd64-i386-freebsd10-i386 3 host-install(3) broken REGR. vs. 30403 test-amd64-i386-freebsd10-amd64 3 host-install(3) broken REGR. vs. 30403 test-amd64-i386-pair 4 host-install/dst_host(4) broken REGR. vs. 30403 test-amd64-i386-pair 3 host-install/src_host(3) broken REGR. vs. 30403 test-amd64-i386-xl-qemut-winxpsp3 3 host-install(3) broken REGR. vs. 30403 test-amd64-i386-xl-qemuu-ovmf-amd64 3 host-install(3) broken REGR. vs. 30403 test-amd64-amd64-xl-qemut-debianhvm-amd64 3 host-install(3) broken REGR. vs. 30403 test-amd64-amd64-xl-qemuu-ovmf-amd64 3 host-install(3) broken REGR. vs. 30403 test-amd64-i386-xl-qemut-debianhvm-amd64 3 host-install(3) broken REGR. vs. 30403 test-amd64-amd64-xl-qemuu-winxpsp3 3 host-install(3) broken REGR. vs. 30403 test-amd64-amd64-xl-qemuu-win7-amd64 3 host-install(3) broken REGR. vs. 30403 test-amd64-i386-xl-qemuu-debianhvm-amd64 3 host-install(3) broken REGR. vs. 30403 test-amd64-amd64-xl-qemuu-debianhvm-amd64 3 host-install(3) broken REGR. vs. 30403 test-amd64-i386-xl-winxpsp3-vcpus1 3 host-install(3) broken REGR. vs. 30403 test-amd64-i386-xl-qemuu-win7-amd64 3 host-install(3) broken REGR. vs. 30403 Regressions which are regarded as allowable (not blocking): test-amd64-amd64-xl-pcipt-intel 3 host-install(3) broken REGR. vs. 30403 test-amd64-amd64-xl-sedf-pin 3 host-install(3) broken REGR. vs. 30403 test-amd64-amd64-xl-sedf 3 host-install(3) broken REGR. vs. 30403 Tests which did not succeed, but are not blocking: test-armhf-armhf-libvirt 1 build-check(1) blocked n/a test-amd64-i386-libvirt 9 guest-start fail never pass build-armhf-libvirt 1 build-check(1) blocked n/a test-armhf-armhf-xl 1 build-check(1) blocked n/a test-amd64-amd64-libvirt 9 guest-start fail never pass test-amd64-amd64-xl-win7-amd64 14 guest-stop fail never pass test-amd64-i386-xl-win7-amd64 14 guest-stop fail never pass test-amd64-amd64-xl-winxpsp3 14 guest-stop fail never pass test-amd64-i386-xl-qemuu-winxpsp3-vcpus1 14 guest-stop fail never pass test-amd64-i386-xl-qemut-win7-amd64 14 guest-stop fail never pass test-amd64-amd64-xl-qemut-winxpsp3 14 guest-stop fail never pass test-amd64-i386-xl-qemut-winxpsp3-vcpus1 14 guest-stop fail never pass test-amd64-amd64-xl-qemut-win7-amd64 14 guest-stop fail never pass test-amd64-i386-xl-qemuu-winxpsp3 14 guest-stop fail never pass test-amd64-i386-xl-winxpsp3 14 guest-stop fail never pass version targeted for testing: qemuu 81ab11a7a524d12412a59ef49c6b270671e62ea0 baseline version: qemuu 1ba50f4ea01b26abe9dac95ba531533e17109826 ------------------------------------------------------------ People who touched revisions under test: Alex Benn=C3=A9e Alexander Graf Alexey Kardashevskiy Chen Fan ChenLiang Christian Borntraeger Gonglei Jia Liu Leon Alrae Llu=C3=ADs Vilanova Marcelo Tosatti Markus Armbruster Michael Walle Paolo Bonzini Pavel Dovgalyuk Peter Maydell Philipp Hahn Richard Henderson Stefan Hajnoczi ------------------------------------------------------------ jobs: build-amd64 pass build-armhf broken build-i386 pass build-amd64-libvirt pass build-armhf-libvirt blocked build-i386-libvirt pass build-amd64-pvops pass build-armhf-pvops broken build-i386-pvops pass test-amd64-amd64-xl broken test-armhf-armhf-xl blocked test-amd64-i386-xl broken test-amd64-i386-rhel6hvm-amd broken test-amd64-i386-qemut-rhel6hvm-amd broken test-amd64-i386-qemuu-rhel6hvm-amd broken test-amd64-amd64-xl-qemut-debianhvm-amd64 broken test-amd64-i386-xl-qemut-debianhvm-amd64 broken test-amd64-amd64-xl-qemuu-debianhvm-amd64 broken test-amd64-i386-xl-qemuu-debianhvm-amd64 broken test-amd64-i386-freebsd10-amd64 broken test-amd64-amd64-xl-qemuu-ovmf-amd64 broken test-amd64-i386-xl-qemuu-ovmf-amd64 broken test-amd64-amd64-xl-qemut-win7-amd64 fail test-amd64-i386-xl-qemut-win7-amd64 fail test-amd64-amd64-xl-qemuu-win7-amd64 broken test-amd64-i386-xl-qemuu-win7-amd64 broken test-amd64-amd64-xl-win7-amd64 fail test-amd64-i386-xl-win7-amd64 fail test-amd64-i386-xl-credit2 broken test-amd64-i386-freebsd10-i386 broken test-amd64-amd64-xl-pcipt-intel broken test-amd64-i386-rhel6hvm-intel broken test-amd64-i386-qemut-rhel6hvm-intel broken test-amd64-i386-qemuu-rhel6hvm-intel broken test-amd64-amd64-libvirt fail test-armhf-armhf-libvirt blocked test-amd64-i386-libvirt fail test-amd64-i386-xl-multivcpu broken test-amd64-amd64-pair pass test-amd64-i386-pair broken test-amd64-amd64-xl-sedf-pin broken test-amd64-amd64-xl-sedf broken test-amd64-i386-xl-qemut-winxpsp3-vcpus1 fail test-amd64-i386-xl-qemuu-winxpsp3-vcpus1 fail test-amd64-i386-xl-winxpsp3-vcpus1 broken test-amd64-amd64-xl-qemut-winxpsp3 fail test-amd64-i386-xl-qemut-winxpsp3 broken test-amd64-amd64-xl-qemuu-winxpsp3 broken test-amd64-i386-xl-qemuu-winxpsp3 fail test-amd64-amd64-xl-winxpsp3 fail test-amd64-i386-xl-winxpsp3 fail ------------------------------------------------------------ sg-report-flight on osstest.cam.xci-test.com logs: /home/xc_osstest/logs images: /home/xc_osstest/images Logs, config files, etc. are available at http://www.chiark.greenend.org.uk/~xensrcts/logs Test harness code can be found at http://xenbits.xensource.com/gitweb=3Fp=3Dosstest.git;a=3Dsummary Not pushing. (No revision log; it would be 799 lines long.) --===============5801022810670994088== Content-Type: text/plain; charset="us-ascii" MIME-Version: 1.0 Content-Transfer-Encoding: 7bit Content-Disposition: inline _______________________________________________ Xen-devel mailing list Xen-devel@lists.xen.org http://lists.xen.org/xen-devel --===============5801022810670994088==--