From mboxrd@z Thu Jan 1 00:00:00 1970 From: xen.org Subject: [xen-unstable test] 30472: regressions - trouble: blocked/broken/fail/pass Date: Sun, 28 Sep 2014 16:20:54 +0100 Message-ID: Mime-Version: 1.0 Content-Type: multipart/mixed; boundary="===============6755118714004281094==" Return-path: List-Unsubscribe: , List-Post: List-Help: List-Subscribe: , Sender: xen-devel-bounces@lists.xen.org Errors-To: xen-devel-bounces@lists.xen.org To: xen-devel@lists.xensource.com Cc: ian.jackson@eu.citrix.com List-Id: xen-devel@lists.xenproject.org --===============6755118714004281094== Content-Type: text/plain Content-Length: 11846 Content-Transfer-Encoding: quoted-printable flight 30472 xen-unstable real [real] http://www.chiark.greenend.org.uk/~xensrcts/logs/30472/ Regressions :-( Tests which did not succeed and are blocking, including tests which could not be run: build-armhf-libvirt 3 host-install(3) broken REGR. vs. 30359 build-armhf-pvops 3 host-install(3) broken REGR. vs. 30359 build-i386-pvops 3 host-install(3) broken REGR. vs. 30359 test-amd64-amd64-xl-qemut-winxpsp3 3 host-install(3) broken REGR. vs. 30359 build-i386 3 host-install(3) broken REGR. vs. 30359 test-amd64-amd64-xl-winxpsp3 3 host-install(3) broken REGR. vs. 30359 test-amd64-amd64-xl-qemut-win7-amd64 7 windows-install fail REGR. vs. 30359 test-amd64-amd64-xl-qemuu-win7-amd64 7 windows-install fail REGR. vs. 30359 test-amd64-i386-xl-winxpsp3-vcpus1 12 guest-localmigrate.2 fail in 30448 REGR. vs. 30359 test-amd64-i386-xl-qemuu-win7-amd64 7 windows-install fail in 30448 REGR. vs. 30359 test-amd64-i386-xl-winxpsp3 3 host-install(3) broken in 30448 REGR. vs. 30359 test-amd64-i386-xl-win7-amd64 3 host-install(3) broken in 30448 REGR. vs. 30359 test-amd64-amd64-xl-win7-amd64 7 windows-install fail in 30448 REGR. vs. 30359 test-amd64-i386-xl-qemut-win7-amd64 7 windows-install fail in 30448 REGR. vs. 30359 Tests which are failing intermittently (not blocking): test-amd64-amd64-libvirt 3 host-install(3) broken pass in 30448 test-amd64-amd64-rumpuserxen-amd64 3 host-install(3) broken pass in 30448 test-amd64-amd64-xl-pcipt-intel 3 host-install(3) broken pass in 30448 test-amd64-amd64-xl-sedf 3 host-install(3) broken pass in 30448 test-amd64-amd64-xl 3 host-install(3) broken pass in 30448 test-amd64-amd64-xl-sedf-pin 3 host-install(3) broken pass in 30448 test-amd64-amd64-xl-qemut-debianhvm-amd64 3 host-install(3) broken pass in 30448 test-amd64-amd64-pair 3 host-install/src_host(3) broken pass in 30448 test-amd64-amd64-pair 4 host-install/dst_host(4) broken pass in 30448 test-amd64-amd64-xl-qemuu-debianhvm-amd64 3 host-install(3) broken pass in 30448 test-amd64-amd64-xl-qemuu-ovmf-amd64 3 host-install(3) broken pass in 30448 test-amd64-amd64-xl-win7-amd64 3 host-install(3) broken pass in 30448 Regressions which are regarded as allowable (not blocking): test-amd64-amd64-xl-qemuu-winxpsp3 10 guest-localmigrate fail REGR. vs. 30359 Tests which did not succeed, but are not blocking: test-amd64-i386-rumpuserxen-i386 1 build-check(1) blocked n/a test-amd64-i386-libvirt 1 build-check(1) blocked n/a test-armhf-armhf-libvirt 1 build-check(1) blocked n/a test-armhf-armhf-xl 1 build-check(1) blocked n/a test-amd64-i386-qemut-rhel6hvm-amd 1 build-check(1) blocked n/a test-amd64-i386-rhel6hvm-amd 1 build-check(1) blocked n/a test-amd64-i386-qemut-rhel6hvm-intel 1 build-check(1) blocked n/a test-amd64-i386-xl 1 build-check(1) blocked n/a test-amd64-i386-xl-qemut-winxpsp3 1 build-check(1) blocked n/a test-amd64-i386-qemuu-rhel6hvm-intel 1 build-check(1) blocked n/a test-amd64-i386-xl-multivcpu 1 build-check(1) blocked n/a test-amd64-i386-qemuu-rhel6hvm-amd 1 build-check(1) blocked n/a test-amd64-i386-freebsd10-amd64 1 build-check(1) blocked n/a test-amd64-i386-xl-credit2 1 build-check(1) blocked n/a test-amd64-i386-freebsd10-i386 1 build-check(1) blocked n/a test-amd64-i386-xl-qemuu-winxpsp3 1 build-check(1) blocked n/a test-amd64-i386-xl-qemut-winxpsp3-vcpus1 1 build-check(1) blocked n/a test-amd64-i386-xl-qemuu-winxpsp3-vcpus1 1 build-check(1) blocked n/a test-amd64-i386-rhel6hvm-intel 1 build-check(1) blocked n/a build-i386-rumpuserxen 1 build-check(1) blocked n/a build-i386-libvirt 1 build-check(1) blocked n/a test-amd64-i386-pair 1 build-check(1) blocked n/a test-amd64-i386-xl-qemuu-ovmf-amd64 1 build-check(1) blocked n/a test-amd64-i386-xl-qemut-debianhvm-amd64 1 build-check(1) blocked n/a test-amd64-i386-xl-qemuu-debianhvm-amd64 1 build-check(1) blocked n/a test-amd64-i386-xl-winxpsp3-vcpus1 1 build-check(1) blocked n/a test-amd64-i386-xl-qemuu-win7-amd64 1 build-check(1) blocked n/a test-amd64-i386-xl-winxpsp3 1 build-check(1) blocked n/a test-amd64-i386-xl-win7-amd64 1 build-check(1) blocked n/a test-amd64-i386-xl-qemut-win7-amd64 1 build-check(1) blocked n/a test-amd64-amd64-libvirt 9 guest-start fail in 30448 never pass test-amd64-i386-libvirt 9 guest-start fail in 30448 never pass test-amd64-amd64-xl-pcipt-intel 9 guest-start fail in 30448 never pass test-amd64-i386-xl-qemut-winxpsp3 14 guest-stop fail in 30448 never pass test-amd64-i386-xl-qemuu-winxpsp3 14 guest-stop fail in 30448 never pass test-amd64-i386-xl-qemut-winxpsp3-vcpus1 14 guest-stop fail in 30448 never pass test-amd64-i386-xl-qemuu-winxpsp3-vcpus1 14 guest-stop fail in 30448 never pass version targeted for testing: xen a608c40d4ffc489a26e3677d060084ec3d29d88f baseline version: xen e01fa4e223fc077e18936d890dbd4813c3e7c9b1 ------------------------------------------------------------ People who touched revisions under test: Andrei LUTAS Andrew Cooper Anthony PERARD Daniel De Graaf Daniel Kiper Dario Faggioli David Vrabel George Dunlap Ian Campbell Ian Jackson Jan Beulich Keir Fraser Kevin Tian Konrad Rzeszutek Wilk Lai Jiangshan Meng Xu Mukesh Rathor Olaf Hering Paul Durrant Roger Pau Monne Roger Pau Monn=C3=A9 Roy Franz Samuel Thibault Shriram Rajagopalan Sisu Xi Stefano Stabellini Suriyan Ramasami Tamas K Lengyel Tim Deegan Vijaya Kumar K Vitaly Kuznetsov Wei Liu Wen Congyang Yang Hongyang ------------------------------------------------------------ jobs: build-amd64 pass build-armhf pass build-i386 broken build-amd64-libvirt pass build-armhf-libvirt broken build-i386-libvirt blocked build-amd64-oldkern pass build-i386-oldkern pass build-amd64-pvops pass build-armhf-pvops broken build-i386-pvops broken build-amd64-rumpuserxen pass build-i386-rumpuserxen blocked test-amd64-amd64-xl broken test-armhf-armhf-xl blocked test-amd64-i386-xl blocked test-amd64-i386-rhel6hvm-amd blocked test-amd64-i386-qemut-rhel6hvm-amd blocked test-amd64-i386-qemuu-rhel6hvm-amd blocked test-amd64-amd64-xl-qemut-debianhvm-amd64 broken test-amd64-i386-xl-qemut-debianhvm-amd64 blocked test-amd64-amd64-xl-qemuu-debianhvm-amd64 broken test-amd64-i386-xl-qemuu-debianhvm-amd64 blocked test-amd64-i386-freebsd10-amd64 blocked test-amd64-amd64-xl-qemuu-ovmf-amd64 broken test-amd64-i386-xl-qemuu-ovmf-amd64 blocked test-amd64-amd64-rumpuserxen-amd64 broken test-amd64-amd64-xl-qemut-win7-amd64 fail test-amd64-i386-xl-qemut-win7-amd64 blocked test-amd64-amd64-xl-qemuu-win7-amd64 fail test-amd64-i386-xl-qemuu-win7-amd64 blocked test-amd64-amd64-xl-win7-amd64 broken test-amd64-i386-xl-win7-amd64 blocked test-amd64-i386-xl-credit2 blocked test-amd64-i386-freebsd10-i386 blocked test-amd64-i386-rumpuserxen-i386 blocked test-amd64-amd64-xl-pcipt-intel broken test-amd64-i386-rhel6hvm-intel blocked test-amd64-i386-qemut-rhel6hvm-intel blocked test-amd64-i386-qemuu-rhel6hvm-intel blocked test-amd64-amd64-libvirt broken test-armhf-armhf-libvirt blocked test-amd64-i386-libvirt blocked test-amd64-i386-xl-multivcpu blocked test-amd64-amd64-pair broken test-amd64-i386-pair blocked test-amd64-amd64-xl-sedf-pin broken test-amd64-amd64-xl-sedf broken test-amd64-i386-xl-qemut-winxpsp3-vcpus1 blocked test-amd64-i386-xl-qemuu-winxpsp3-vcpus1 blocked test-amd64-i386-xl-winxpsp3-vcpus1 blocked test-amd64-amd64-xl-qemut-winxpsp3 broken test-amd64-i386-xl-qemut-winxpsp3 blocked test-amd64-amd64-xl-qemuu-winxpsp3 fail test-amd64-i386-xl-qemuu-winxpsp3 blocked test-amd64-amd64-xl-winxpsp3 broken test-amd64-i386-xl-winxpsp3 blocked ------------------------------------------------------------ sg-report-flight on osstest.cam.xci-test.com logs: /home/xc_osstest/logs images: /home/xc_osstest/images Logs, config files, etc. are available at http://www.chiark.greenend.org.uk/~xensrcts/logs Test harness code can be found at http://xenbits.xensource.com/gitweb=3Fp=3Dosstest.git;a=3Dsummary Not pushing. (No revision log; it would be 1688 lines long.) --===============6755118714004281094== Content-Type: text/plain; charset="us-ascii" MIME-Version: 1.0 Content-Transfer-Encoding: 7bit Content-Disposition: inline _______________________________________________ Xen-devel mailing list Xen-devel@lists.xen.org http://lists.xen.org/xen-devel --===============6755118714004281094==--