* [xen-4.3-testing test] 30473: trouble: blocked/broken/fail/pass
@ 2014-09-28 16:19 xen.org
0 siblings, 0 replies; only message in thread
From: xen.org @ 2014-09-28 16:19 UTC (permalink / raw)
To: xen-devel; +Cc: ian.jackson
flight 30473 xen-4.3-testing real [real]
http://www.chiark.greenend.org.uk/~xensrcts/logs/30473/
Failures and problems with tests :-(
Tests which did not succeed and are blocking,
including tests which could not be run:
build-armhf 3 host-install(3) broken REGR. vs. 30095
build-i386-libvirt 3 host-install(3) broken REGR. vs. 30095
Tests which are failing intermittently (not blocking):
test-amd64-amd64-libvirt 3 host-install(3) broken pass in 30438
test-amd64-i386-pv 3 host-install(3) broken pass in 30438
test-amd64-amd64-xl-pcipt-intel 3 host-install(3) broken pass in 30438
test-amd64-i386-qemut-rhel6hvm-amd 3 host-install(3) broken pass in 30438
test-amd64-i386-xl-credit2 3 host-install(3) broken pass in 30438
test-amd64-i386-rhel6hvm-amd 3 host-install(3) broken pass in 30438
test-amd64-amd64-xl 3 host-install(3) broken pass in 30438
test-amd64-i386-rhel6hvm-intel 3 host-install(3) broken pass in 30438
test-amd64-i386-qemut-rhel6hvm-intel 3 host-install(3) broken pass in 30438
test-amd64-amd64-xl-sedf-pin 3 host-install(3) broken pass in 30438
test-amd64-i386-xl 3 host-install(3) broken pass in 30438
test-amd64-i386-xl-multivcpu 3 host-install(3) broken pass in 30438
test-amd64-i386-freebsd10-amd64 3 host-install(3) broken pass in 30438
test-amd64-amd64-pv 3 host-install(3) broken pass in 30438
test-amd64-i386-freebsd10-i386 3 host-install(3) broken pass in 30438
test-amd64-i386-xl-qemuu-debianhvm-amd64 3 host-install(3) broken pass in 30438
test-amd64-i386-qemuu-rhel6hvm-intel 3 host-install(3) broken pass in 30438
test-amd64-i386-xl-win7-amd64 3 host-install(3) broken pass in 30438
test-amd64-amd64-pair 3 host-install/src_host(3) broken pass in 30438
test-amd64-amd64-pair 4 host-install/dst_host(4) broken pass in 30438
test-amd64-i386-xl-qemut-debianhvm-amd64 3 host-install(3) broken pass in 30438
test-amd64-amd64-xl-sedf 3 host-install(3) broken pass in 30438
test-amd64-i386-xl-qemuu-ovmf-amd64 3 host-install(3) broken pass in 30438
test-amd64-amd64-xl-winxpsp3 3 host-install(3) broken pass in 30438
test-amd64-i386-pair 4 host-install/dst_host(4) broken pass in 30438
test-amd64-i386-pair 3 host-install/src_host(3) broken pass in 30438
test-amd64-amd64-xl-qemuu-debianhvm-amd64 3 host-install(3) broken pass in 30438
test-amd64-amd64-xl-qemut-debianhvm-amd64 3 host-install(3) broken pass in 30438
test-amd64-i386-xend-winxpsp3 10 guest-localmigrate fail in 30438 pass in 30473
Regressions which are regarded as allowable (not blocking):
test-amd64-i386-qemuu-rhel6hvm-amd 3 host-install(3) broken like 30089
Tests which did not succeed, but are not blocking:
test-amd64-amd64-rumpuserxen-amd64 1 build-check(1) blocked n/a
test-amd64-i386-rumpuserxen-i386 1 build-check(1) blocked n/a
build-armhf-libvirt 1 build-check(1) blocked n/a
test-amd64-amd64-xl-qemuu-ovmf-amd64 7 debian-hvm-install fail never pass
test-amd64-i386-libvirt 1 build-check(1) blocked n/a
test-armhf-armhf-libvirt 1 build-check(1) blocked n/a
test-armhf-armhf-xl 1 build-check(1) blocked n/a
build-amd64-rumpuserxen 6 xen-build fail never pass
test-amd64-i386-xl-qemut-winxpsp3-vcpus1 14 guest-stop fail never pass
test-amd64-amd64-xl-qemut-winxpsp3 14 guest-stop fail never pass
test-amd64-amd64-xl-qemuu-winxpsp3 14 guest-stop fail never pass
test-amd64-i386-xend-qemut-winxpsp3 17 leak-check/check fail never pass
test-amd64-i386-xend-winxpsp3 17 leak-check/check fail never pass
test-amd64-i386-xl-qemuu-winxpsp3-vcpus1 14 guest-stop fail never pass
test-amd64-i386-xl-qemuu-win7-amd64 14 guest-stop fail never pass
test-amd64-i386-xl-qemut-win7-amd64 14 guest-stop fail never pass
test-amd64-amd64-xl-qemut-win7-amd64 14 guest-stop fail never pass
test-amd64-amd64-xl-win7-amd64 14 guest-stop fail never pass
test-amd64-amd64-xl-qemuu-win7-amd64 14 guest-stop fail never pass
test-amd64-i386-xl-winxpsp3-vcpus1 14 guest-stop fail never pass
build-i386-rumpuserxen 6 xen-build fail never pass
test-amd64-amd64-libvirt 9 guest-start fail in 30438 never pass
test-amd64-i386-libvirt 9 guest-start fail in 30438 never pass
test-amd64-amd64-xl-pcipt-intel 9 guest-start fail in 30438 never pass
test-amd64-i386-xl-win7-amd64 14 guest-stop fail in 30438 never pass
test-amd64-i386-xl-qemuu-ovmf-amd64 7 debian-hvm-install fail in 30438 never pass
test-amd64-amd64-xl-winxpsp3 14 guest-stop fail in 30438 never pass
version targeted for testing:
xen da91ee426e63b0a76582dac24007379fb07c94d1
baseline version:
xen a153d8a97af7484269683955a9ce78dbd187a8d8
------------------------------------------------------------
People who touched revisions under test:
Andrei LUTAS <vlutas@bitdefender.com>
Andrew Cooper <andrew.cooper3@citrix.com>
Jan Beulich <jbeulich@suse.com>
Keir Fraser <keir@xen.org>
------------------------------------------------------------
jobs:
build-amd64 pass
build-armhf broken
build-i386 pass
build-amd64-libvirt pass
build-armhf-libvirt blocked
build-i386-libvirt broken
build-amd64-pvops pass
build-armhf-pvops pass
build-i386-pvops pass
build-amd64-rumpuserxen fail
build-i386-rumpuserxen fail
test-amd64-amd64-xl broken
test-armhf-armhf-xl blocked
test-amd64-i386-xl broken
test-amd64-i386-rhel6hvm-amd broken
test-amd64-i386-qemut-rhel6hvm-amd broken
test-amd64-i386-qemuu-rhel6hvm-amd broken
test-amd64-amd64-xl-qemut-debianhvm-amd64 broken
test-amd64-i386-xl-qemut-debianhvm-amd64 broken
test-amd64-amd64-xl-qemuu-debianhvm-amd64 broken
test-amd64-i386-xl-qemuu-debianhvm-amd64 broken
test-amd64-i386-freebsd10-amd64 broken
test-amd64-amd64-xl-qemuu-ovmf-amd64 fail
test-amd64-i386-xl-qemuu-ovmf-amd64 broken
test-amd64-amd64-rumpuserxen-amd64 blocked
test-amd64-amd64-xl-qemut-win7-amd64 fail
test-amd64-i386-xl-qemut-win7-amd64 fail
test-amd64-amd64-xl-qemuu-win7-amd64 fail
test-amd64-i386-xl-qemuu-win7-amd64 fail
test-amd64-amd64-xl-win7-amd64 fail
test-amd64-i386-xl-win7-amd64 broken
test-amd64-i386-xl-credit2 broken
test-amd64-i386-freebsd10-i386 broken
test-amd64-i386-rumpuserxen-i386 blocked
test-amd64-amd64-xl-pcipt-intel broken
test-amd64-i386-rhel6hvm-intel broken
test-amd64-i386-qemut-rhel6hvm-intel broken
test-amd64-i386-qemuu-rhel6hvm-intel broken
test-amd64-amd64-libvirt broken
test-armhf-armhf-libvirt blocked
test-amd64-i386-libvirt blocked
test-amd64-i386-xl-multivcpu broken
test-amd64-amd64-pair broken
test-amd64-i386-pair broken
test-amd64-amd64-xl-sedf-pin broken
test-amd64-amd64-pv broken
test-amd64-i386-pv broken
test-amd64-amd64-xl-sedf broken
test-amd64-i386-xl-qemut-winxpsp3-vcpus1 fail
test-amd64-i386-xl-qemuu-winxpsp3-vcpus1 fail
test-amd64-i386-xl-winxpsp3-vcpus1 fail
test-amd64-i386-xend-qemut-winxpsp3 fail
test-amd64-amd64-xl-qemut-winxpsp3 fail
test-amd64-amd64-xl-qemuu-winxpsp3 fail
test-amd64-i386-xend-winxpsp3 fail
test-amd64-amd64-xl-winxpsp3 broken
------------------------------------------------------------
sg-report-flight on osstest.cam.xci-test.com
logs: /home/xc_osstest/logs
images: /home/xc_osstest/images
Logs, config files, etc. are available at
http://www.chiark.greenend.org.uk/~xensrcts/logs
Test harness code can be found at
http://xenbits.xensource.com/gitweb?p=osstest.git;a=summary
Not pushing.
------------------------------------------------------------
commit da91ee426e63b0a76582dac24007379fb07c94d1
Author: Jan Beulich <jbeulich@suse.com>
Date: Tue Sep 23 14:47:46 2014 +0200
x86emul: only emulate software interrupt injection for real mode
Protected mode emulation currently lacks proper privilege checking of
the referenced IDT entry, and there's currently no legitimate way for
any of the respective instructions to reach the emulator when the guest
is in protected mode.
This is XSA-106.
Reported-by: Andrei LUTAS <vlutas@bitdefender.com>
Signed-off-by: Jan Beulich <jbeulich@suse.com>
Acked-by: Keir Fraser <keir@xen.org>
master commit: 346d4545569928b652c40c7815c1732676f8587c
master date: 2014-09-23 14:33:50 +0200
commit e66d14038c0ef4b0f35b7ecdb158a765d57d669c
Author: Andrew Cooper <andrew.cooper3@citrix.com>
Date: Tue Sep 23 14:47:04 2014 +0200
x86/emulate: check cpl for all privileged instructions
Without this, it is possible for userspace to load its own IDT or GDT.
This is XSA-105.
Reported-by: Andrei LUTAS <vlutas@bitdefender.com>
Signed-off-by: Andrew Cooper <andrew.cooper3@citrix.com>
Tested-by: Andrei LUTAS <vlutas@bitdefender.com>
Reviewed-by: Jan Beulich <jbeulich@suse.com>
master commit: 0e442727ceccfa32a7276cccd205b4722e68fdc1
master date: 2014-09-23 14:33:06 +0200
commit b2fe29bc7cbebcfe7c343cc25c70298442babbb4
Author: Andrew Cooper <andrew.cooper3@citrix.com>
Date: Tue Sep 23 14:45:56 2014 +0200
x86/shadow: fix race condition sampling the dirty vram state
d->arch.hvm_domain.dirty_vram must be read with the domain's paging lock held.
If not, two concurrent hypercalls could both end up attempting to free
dirty_vram (the second of which will free a wild pointer), or both end up
allocating a new dirty_vram structure (the first of which will be leaked).
This is XSA-104.
Signed-off-by: Andrew Cooper <andrew.cooper3@citrix.com>
Reviewed-by: Tim Deegan <tim@xen.org>
master commit: 46a49b91f1026f64430b84dd83e845a33f06415e
master date: 2014-09-23 14:31:47 +0200
commit d01ba5b39d25e12cff51591c00ca82fea6567a59
Author: Jan Beulich <jbeulich@suse.com>
Date: Tue Sep 23 14:45:06 2014 +0200
update Xen version to 4.3.4-pre
(qemu changes not included)
^ permalink raw reply [flat|nested] only message in thread
only message in thread, other threads:[~2014-09-28 16:19 UTC | newest]
Thread overview: (only message) (download: mbox.gz follow: Atom feed
-- links below jump to the message on this page --
2014-09-28 16:19 [xen-4.3-testing test] 30473: trouble: blocked/broken/fail/pass xen.org
This is a public inbox, see mirroring instructions
for how to clone and mirror all data and code used for this inbox;
as well as URLs for NNTP newsgroup(s).