xen-devel.lists.xenproject.org archive mirror
 help / color / mirror / Atom feed
* [linux-3.4 test] 30475: regressions - trouble: blocked/broken/fail/pass
@ 2014-09-28 16:54 xen.org
  0 siblings, 0 replies; only message in thread
From: xen.org @ 2014-09-28 16:54 UTC (permalink / raw)
  To: xen-devel; +Cc: ian.jackson

[-- Attachment #1: Type: text/plain, Size: 11979 bytes --]

flight 30475 linux-3.4 real [real]
http://www.chiark.greenend.org.uk/~xensrcts/logs/30475/

Regressions :-(

Tests which did not succeed and are blocking,
including tests which could not be run:
 build-i386                    3 host-install(3)         broken REGR. vs. 29727
 build-i386-pvops              3 host-install(3)         broken REGR. vs. 29727
 build-i386-rumpuserxen       5 rumpuserxen-build fail in 30440 REGR. vs. 29727
 build-i386-libvirt            5 libvirt-build    fail in 30440 REGR. vs. 29727

Tests which are failing intermittently (not blocking):
 test-amd64-amd64-rumpuserxen-amd64  3 host-install(3)     broken pass in 30440
 test-amd64-amd64-libvirt      3 host-install(3)           broken pass in 30440
 test-amd64-amd64-xl-pcipt-intel  3 host-install(3)        broken pass in 30440
 test-amd64-amd64-xl-sedf      3 host-install(3)           broken pass in 30469
 test-amd64-amd64-xl           3 host-install(3)           broken pass in 30440
 test-amd64-amd64-xl-sedf-pin  3 host-install(3)           broken pass in 30440
 test-amd64-amd64-pair         3 host-install/src_host(3)  broken pass in 30440
 test-amd64-amd64-pair         4 host-install/dst_host(4)  broken pass in 30440
 test-amd64-amd64-xl-qemut-win7-amd64  3 host-install(3)   broken pass in 30440
 test-amd64-amd64-xl-qemuu-debianhvm-amd64 3 host-install(3) broken pass in 30440
 test-amd64-amd64-xl-qemut-debianhvm-amd64 3 host-install(3) broken pass in 30469
 test-amd64-amd64-xl-qemuu-ovmf-amd64  3 host-install(3)   broken pass in 30440

Tests which did not succeed, but are not blocking:
 test-amd64-i386-rumpuserxen-i386  1 build-check(1)               blocked  n/a
 test-amd64-i386-libvirt       1 build-check(1)               blocked  n/a
 test-amd64-i386-xl-multivcpu  1 build-check(1)               blocked  n/a
 test-amd64-i386-qemut-rhel6hvm-amd  1 build-check(1)               blocked n/a
 test-amd64-i386-rhel6hvm-intel  1 build-check(1)               blocked  n/a
 test-amd64-i386-xl-credit2    1 build-check(1)               blocked  n/a
 test-amd64-i386-qemuu-rhel6hvm-amd  1 build-check(1)               blocked n/a
 test-amd64-i386-rhel6hvm-amd  1 build-check(1)               blocked  n/a
 test-amd64-i386-qemut-rhel6hvm-intel  1 build-check(1)             blocked n/a
 test-amd64-i386-freebsd10-i386  1 build-check(1)               blocked  n/a
 test-amd64-i386-xl            1 build-check(1)               blocked  n/a
 test-amd64-i386-xl-win7-amd64  1 build-check(1)               blocked  n/a
 test-amd64-i386-freebsd10-amd64  1 build-check(1)               blocked  n/a
 test-amd64-amd64-xl-qemut-winxpsp3 14 guest-stop               fail never pass
 test-amd64-i386-pair          1 build-check(1)               blocked  n/a
 test-amd64-i386-xl-qemuu-debianhvm-amd64  1 build-check(1)         blocked n/a
 test-amd64-i386-xl-winxpsp3   1 build-check(1)               blocked  n/a
 test-amd64-i386-xl-qemut-win7-amd64  1 build-check(1)              blocked n/a
 test-amd64-amd64-xl-win7-amd64 14 guest-stop                   fail never pass
 test-amd64-i386-xl-qemut-debianhvm-amd64  1 build-check(1)         blocked n/a
 test-amd64-i386-xl-qemuu-winxpsp3  1 build-check(1)               blocked  n/a
 test-amd64-i386-xl-qemuu-win7-amd64  1 build-check(1)              blocked n/a
 test-amd64-i386-xl-qemuu-ovmf-amd64  1 build-check(1)              blocked n/a
 test-amd64-amd64-xl-qemuu-win7-amd64 14 guest-stop             fail never pass
 test-amd64-i386-xl-winxpsp3-vcpus1  1 build-check(1)               blocked n/a
 test-amd64-amd64-xl-qemuu-winxpsp3 14 guest-stop               fail never pass
 build-i386-rumpuserxen        1 build-check(1)               blocked  n/a
 test-amd64-i386-xl-qemut-winxpsp3-vcpus1  1 build-check(1)         blocked n/a
 test-amd64-i386-qemuu-rhel6hvm-intel  1 build-check(1)             blocked n/a
 build-i386-libvirt            1 build-check(1)               blocked  n/a
 test-amd64-i386-xl-qemuu-winxpsp3-vcpus1  1 build-check(1)         blocked n/a
 test-amd64-i386-xl-qemut-winxpsp3  1 build-check(1)               blocked  n/a
 test-amd64-amd64-xl-winxpsp3 14 guest-stop                   fail   never pass
 test-amd64-amd64-libvirt      9 guest-start           fail in 30440 never pass
 test-amd64-amd64-xl-pcipt-intel  9 guest-start        fail in 30440 never pass
 test-amd64-i386-xl-win7-amd64 14 guest-stop           fail in 30440 never pass
 test-amd64-i386-xl-winxpsp3  14 guest-stop            fail in 30440 never pass
 test-amd64-i386-xl-qemut-win7-amd64 14 guest-stop     fail in 30440 never pass
 test-amd64-i386-xl-qemuu-winxpsp3 14 guest-stop       fail in 30440 never pass
 test-amd64-i386-xl-qemuu-win7-amd64 14 guest-stop     fail in 30440 never pass
 test-amd64-amd64-xl-qemut-win7-amd64 14 guest-stop    fail in 30440 never pass
 test-amd64-i386-xl-winxpsp3-vcpus1 14 guest-stop      fail in 30440 never pass
 test-amd64-i386-xl-qemut-winxpsp3-vcpus1 14 guest-stop fail in 30440 never pass
 test-amd64-i386-xl-qemuu-winxpsp3-vcpus1 14 guest-stop fail in 30440 never pass
 test-amd64-i386-xl-qemut-winxpsp3 14 guest-stop       fail in 30440 never pass

version targeted for testing:
 linux                bb4a05a0400ed6d2f1e13d1f82f289ff74300a70
baseline version:
 linux                9f089cfb4be27efe7c1cd1d6261da02496820441

------------------------------------------------------------
People who touched revisions under test:
  "Manibalan P" <pmanibalan@amiindia.co.in>
  Aaro Koskinen <aaro.koskinen@nsn.com>
  Alan Douglas <adouglas@cadence.com>
  Andi Kleen <ak@linux.intel.com>
  Andrew Morton <akpm@linux-foundation.org>
  Anton Blanchard <anton@samba.org>
  Arjun Sreedharan <arjun024@gmail.com>
  Benjamin Tissoires <benjamin.tissoires@redhat.com>
  Brennan Ashton <bashton@brennanashton.com>
  Christian Svensson <blue@cmd.nu>
  Christoph Lameter <cl@linux.com>
  Dan Williams <dan.j.williams@intel.com>
  Daniel Mack <zonque@gmail.com>
  Dave Chiluk <chiluk@canonical.com>
  David Mackey <tdmackey@twitter.com>
  David Rientjes <rientjes@google.com>
  David S. Miller <davem@davemloft.net>
  Fengguang Wu <fengguang.wu@intel.com>
  Florian Fainelli <florian@openwrt.org>
  Francesco Muzio <muziofg@gmail.com>
  Greg KH <gregkh@linuxfoundation.org>
  Greg Kroah-Hartman <gregkh@linuxfoundation.org>
  Guan Xuetao <gxt@mprc.pku.edu.cn>
  Hans de Goede <hdegoede@redhat.com>
  Huang Rui <ray.huang@amd.com>
  James Forshaw <forshaw@google.com>
  James Hogan <james.hogan@imgtec.com>
  Jan Kara <jack@suse.cz>
  Jaša Bartelj <jasa.bartelj@gmail.com>
  Jiri Kosina <jkosina@suse.cz>
  Joerg Roedel <jroedel@suse.de>
  Johan Hovold <johan@kernel.org>
  Jonas Bonn <jonas@southpole.se>
  KOSAKI Motohiro <kosaki.motohiro@jp.fujitsu.com>
  Linus Torvalds <torvalds@linux-foundation.org>
  Mark Brown <broonie@linaro.org>
  Mark Einon <mark.einon@gmail.com>
  Mark Rutland <mark.rutland@arm.com>
  Marti Raudsepp <marti@juffo.org>
  Mathias Nyman <mathias.nyman@linux.intel.com>
  Matt Turner <mattst88@gmail.com>
  Max Filippov <jcmvbkbc@gmail.com>
  Michael Cree <mcree@orcon.net.nz>
  Michael S. Tsirkin <mst@redhat.com>
  NeilBrown <neilb@suse.de>
  Nicolas Alt <n.alt@mytum.de>
  Paolo Bonzini <pbonzini@redhat.com>
  Paul Gortmaker <paul.gortmaker@windriver.com>
  Pavel Shilovsky <pshilovsky@samba.org>
  Pekka Enberg <penberg@kernel.org>
  Ralf Baechle <ralf@linux-mips.org>
  Raúl Porcel <armin76@gentoo.org>
  Russell King <rmk+kernel@arm.linux.org.uk>
  Shriraj-Rai P <shriraj-rai.p@amd.com>
  Stefan Kristiansson <stefan.kristiansson@saunalahti.fi>
  Stephen Hemminger <stephen@networkplumber.org>
  Steve French <smfrench@gmail.com>
  Takashi Iwai <tiwai@suse.de>
  Tejun Heo <tj@kernel.org>
  Trond Myklebust <trond.myklebust@primarydata.com>
  Will Deacon <will.deacon@arm.com>
  Zefan Li <lizefan@huawei.com>
------------------------------------------------------------

jobs:
 build-amd64                                                  pass
 build-i386                                                   broken
 build-amd64-libvirt                                          pass
 build-i386-libvirt                                           blocked
 build-amd64-pvops                                            pass
 build-i386-pvops                                             broken
 build-amd64-rumpuserxen                                      pass
 build-i386-rumpuserxen                                       blocked
 test-amd64-amd64-xl                                          broken
 test-amd64-i386-xl                                           blocked
 test-amd64-i386-rhel6hvm-amd                                 blocked
 test-amd64-i386-qemut-rhel6hvm-amd                           blocked
 test-amd64-i386-qemuu-rhel6hvm-amd                           blocked
 test-amd64-amd64-xl-qemut-debianhvm-amd64                    broken
 test-amd64-i386-xl-qemut-debianhvm-amd64                     blocked
 test-amd64-amd64-xl-qemuu-debianhvm-amd64                    broken
 test-amd64-i386-xl-qemuu-debianhvm-amd64                     blocked
 test-amd64-i386-freebsd10-amd64                              blocked
 test-amd64-amd64-xl-qemuu-ovmf-amd64                         broken
 test-amd64-i386-xl-qemuu-ovmf-amd64                          blocked
 test-amd64-amd64-rumpuserxen-amd64                           broken
 test-amd64-amd64-xl-qemut-win7-amd64                         broken
 test-amd64-i386-xl-qemut-win7-amd64                          blocked
 test-amd64-amd64-xl-qemuu-win7-amd64                         fail
 test-amd64-i386-xl-qemuu-win7-amd64                          blocked
 test-amd64-amd64-xl-win7-amd64                               fail
 test-amd64-i386-xl-win7-amd64                                blocked
 test-amd64-i386-xl-credit2                                   blocked
 test-amd64-i386-freebsd10-i386                               blocked
 test-amd64-i386-rumpuserxen-i386                             blocked
 test-amd64-amd64-xl-pcipt-intel                              broken
 test-amd64-i386-rhel6hvm-intel                               blocked
 test-amd64-i386-qemut-rhel6hvm-intel                         blocked
 test-amd64-i386-qemuu-rhel6hvm-intel                         blocked
 test-amd64-amd64-libvirt                                     broken
 test-amd64-i386-libvirt                                      blocked
 test-amd64-i386-xl-multivcpu                                 blocked
 test-amd64-amd64-pair                                        broken
 test-amd64-i386-pair                                         blocked
 test-amd64-amd64-xl-sedf-pin                                 broken
 test-amd64-amd64-xl-sedf                                     broken
 test-amd64-i386-xl-qemut-winxpsp3-vcpus1                     blocked
 test-amd64-i386-xl-qemuu-winxpsp3-vcpus1                     blocked
 test-amd64-i386-xl-winxpsp3-vcpus1                           blocked
 test-amd64-amd64-xl-qemut-winxpsp3                           fail
 test-amd64-i386-xl-qemut-winxpsp3                            blocked
 test-amd64-amd64-xl-qemuu-winxpsp3                           fail
 test-amd64-i386-xl-qemuu-winxpsp3                            blocked
 test-amd64-amd64-xl-winxpsp3                                 fail
 test-amd64-i386-xl-winxpsp3                                  blocked


------------------------------------------------------------
sg-report-flight on osstest.cam.xci-test.com
logs: /home/xc_osstest/logs
images: /home/xc_osstest/images

Logs, config files, etc. are available at
    http://www.chiark.greenend.org.uk/~xensrcts/logs

Test harness code can be found at
    http://xenbits.xensource.com/gitweb?p=osstest.git;a=summary


Not pushing.

(No revision log; it would be 1034 lines long.)


[-- Attachment #2: Type: text/plain, Size: 126 bytes --]

_______________________________________________
Xen-devel mailing list
Xen-devel@lists.xen.org
http://lists.xen.org/xen-devel

^ permalink raw reply	[flat|nested] only message in thread

only message in thread, other threads:[~2014-09-28 16:54 UTC | newest]

Thread overview: (only message) (download: mbox.gz follow: Atom feed
-- links below jump to the message on this page --
2014-09-28 16:54 [linux-3.4 test] 30475: regressions - trouble: blocked/broken/fail/pass xen.org

This is a public inbox, see mirroring instructions
for how to clone and mirror all data and code used for this inbox;
as well as URLs for NNTP newsgroup(s).