* [qemu-mainline test] 30494: trouble: blocked/broken/fail/pass
@ 2014-09-29 11:45 xen.org
0 siblings, 0 replies; only message in thread
From: xen.org @ 2014-09-29 11:45 UTC (permalink / raw)
To: xen-devel; +Cc: ian.jackson
[-- Attachment #1: Type: text/plain, Size: 9303 bytes --]
flight 30494 qemu-mainline real [real]
http://www.chiark.greenend.org.uk/~xensrcts/logs/30494/
Failures and problems with tests :-(
Tests which did not succeed and are blocking,
including tests which could not be run:
build-armhf 3 host-install(3) broken REGR. vs. 30403
test-amd64-i386-qemut-rhel6hvm-amd 3 host-install(3) broken REGR. vs. 30403
test-amd64-i386-rhel6hvm-amd 3 host-install(3) broken REGR. vs. 30403
test-amd64-i386-xl 3 host-install(3) broken REGR. vs. 30403
test-amd64-i386-qemuu-rhel6hvm-amd 3 host-install(3) broken REGR. vs. 30403
test-amd64-amd64-xl 3 host-install(3) broken REGR. vs. 30403
test-amd64-i386-xl-multivcpu 3 host-install(3) broken REGR. vs. 30403
test-amd64-i386-xl-credit2 3 host-install(3) broken REGR. vs. 30403
test-amd64-i386-qemuu-rhel6hvm-intel 3 host-install(3) broken REGR. vs. 30403
test-amd64-i386-qemut-rhel6hvm-intel 3 host-install(3) broken REGR. vs. 30403
test-amd64-i386-rhel6hvm-intel 3 host-install(3) broken REGR. vs. 30403
build-armhf-pvops 3 host-install(3) broken REGR. vs. 30403
test-amd64-i386-freebsd10-i386 3 host-install(3) broken REGR. vs. 30403
test-amd64-i386-freebsd10-amd64 3 host-install(3) broken REGR. vs. 30403
test-amd64-i386-pair 4 host-install/dst_host(4) broken REGR. vs. 30403
test-amd64-i386-pair 3 host-install/src_host(3) broken REGR. vs. 30403
test-amd64-i386-xl-qemut-winxpsp3 3 host-install(3) broken REGR. vs. 30403
test-amd64-i386-xl-qemuu-ovmf-amd64 3 host-install(3) broken REGR. vs. 30403
test-amd64-amd64-xl-qemut-debianhvm-amd64 3 host-install(3) broken REGR. vs. 30403
test-amd64-amd64-xl-qemuu-ovmf-amd64 3 host-install(3) broken REGR. vs. 30403
test-amd64-i386-xl-qemut-debianhvm-amd64 3 host-install(3) broken REGR. vs. 30403
test-amd64-amd64-xl-qemuu-winxpsp3 3 host-install(3) broken REGR. vs. 30403
test-amd64-amd64-xl-qemuu-win7-amd64 3 host-install(3) broken REGR. vs. 30403
test-amd64-i386-xl-qemuu-debianhvm-amd64 3 host-install(3) broken REGR. vs. 30403
test-amd64-amd64-xl-qemuu-debianhvm-amd64 3 host-install(3) broken REGR. vs. 30403
test-amd64-i386-xl-winxpsp3-vcpus1 3 host-install(3) broken REGR. vs. 30403
test-amd64-i386-xl-qemuu-win7-amd64 3 host-install(3) broken REGR. vs. 30403
Tests which are failing intermittently (not blocking):
test-amd64-amd64-pair 3 host-install/src_host(3) broken pass in 30458
test-amd64-amd64-pair 4 host-install/dst_host(4) broken pass in 30458
Regressions which are regarded as allowable (not blocking):
test-amd64-amd64-xl-pcipt-intel 3 host-install(3) broken REGR. vs. 30403
test-amd64-amd64-xl-sedf-pin 3 host-install(3) broken REGR. vs. 30403
test-amd64-amd64-xl-sedf 3 host-install(3) broken REGR. vs. 30403
Tests which did not succeed, but are not blocking:
test-armhf-armhf-libvirt 1 build-check(1) blocked n/a
test-amd64-i386-libvirt 9 guest-start fail never pass
build-armhf-libvirt 1 build-check(1) blocked n/a
test-armhf-armhf-xl 1 build-check(1) blocked n/a
test-amd64-amd64-libvirt 9 guest-start fail never pass
test-amd64-amd64-xl-win7-amd64 14 guest-stop fail never pass
test-amd64-i386-xl-win7-amd64 14 guest-stop fail never pass
test-amd64-amd64-xl-winxpsp3 14 guest-stop fail never pass
test-amd64-i386-xl-qemut-win7-amd64 14 guest-stop fail never pass
test-amd64-i386-xl-qemuu-winxpsp3-vcpus1 14 guest-stop fail never pass
test-amd64-i386-xl-qemut-winxpsp3-vcpus1 14 guest-stop fail never pass
test-amd64-amd64-xl-qemut-winxpsp3 14 guest-stop fail never pass
test-amd64-amd64-xl-qemut-win7-amd64 14 guest-stop fail never pass
test-amd64-i386-xl-qemuu-winxpsp3 14 guest-stop fail never pass
test-amd64-i386-xl-winxpsp3 14 guest-stop fail never pass
version targeted for testing:
qemuu 81ab11a7a524d12412a59ef49c6b270671e62ea0
baseline version:
qemuu 1ba50f4ea01b26abe9dac95ba531533e17109826
------------------------------------------------------------
People who touched revisions under test:
Alex Bennée <alex.bennee@linaro.org>
Alexander Graf <agraf@suse.de>
Alexey Kardashevskiy <aik@ozlabs.ru>
Chen Fan <chen.fan.fnst@cn.fujitsu.com>
ChenLiang <chenliang88@huawei.com>
Christian Borntraeger <borntraeger@de.ibm.com>
Gonglei <arei.gonglei@huawei.com>
Jia Liu <proljc@gmail.com>
Leon Alrae <leon.alrae@imgtec.com>
LluÃs Vilanova <vilanova@ac.upc.edu>
Marcelo Tosatti <mtosatti@redhat.com>
Markus Armbruster <armbru@redhat.com>
Michael Walle <michael@walle.cc>
Paolo Bonzini <pbonzini@redhat.com>
Pavel Dovgalyuk <Pavel.Dovgaluk@ispras.ru>
Peter Maydell <peter.maydell@linaro.org>
Philipp Hahn <hahn@univention.de>
Richard Henderson <rth@twiddle.net>
Stefan Hajnoczi <stefanha@redhat.com>
------------------------------------------------------------
jobs:
build-amd64 pass
build-armhf broken
build-i386 pass
build-amd64-libvirt pass
build-armhf-libvirt blocked
build-i386-libvirt pass
build-amd64-pvops pass
build-armhf-pvops broken
build-i386-pvops pass
test-amd64-amd64-xl broken
test-armhf-armhf-xl blocked
test-amd64-i386-xl broken
test-amd64-i386-rhel6hvm-amd broken
test-amd64-i386-qemut-rhel6hvm-amd broken
test-amd64-i386-qemuu-rhel6hvm-amd broken
test-amd64-amd64-xl-qemut-debianhvm-amd64 broken
test-amd64-i386-xl-qemut-debianhvm-amd64 broken
test-amd64-amd64-xl-qemuu-debianhvm-amd64 broken
test-amd64-i386-xl-qemuu-debianhvm-amd64 broken
test-amd64-i386-freebsd10-amd64 broken
test-amd64-amd64-xl-qemuu-ovmf-amd64 broken
test-amd64-i386-xl-qemuu-ovmf-amd64 broken
test-amd64-amd64-xl-qemut-win7-amd64 fail
test-amd64-i386-xl-qemut-win7-amd64 fail
test-amd64-amd64-xl-qemuu-win7-amd64 broken
test-amd64-i386-xl-qemuu-win7-amd64 broken
test-amd64-amd64-xl-win7-amd64 fail
test-amd64-i386-xl-win7-amd64 fail
test-amd64-i386-xl-credit2 broken
test-amd64-i386-freebsd10-i386 broken
test-amd64-amd64-xl-pcipt-intel broken
test-amd64-i386-rhel6hvm-intel broken
test-amd64-i386-qemut-rhel6hvm-intel broken
test-amd64-i386-qemuu-rhel6hvm-intel broken
test-amd64-amd64-libvirt fail
test-armhf-armhf-libvirt blocked
test-amd64-i386-libvirt fail
test-amd64-i386-xl-multivcpu broken
test-amd64-amd64-pair broken
test-amd64-i386-pair broken
test-amd64-amd64-xl-sedf-pin broken
test-amd64-amd64-xl-sedf broken
test-amd64-i386-xl-qemut-winxpsp3-vcpus1 fail
test-amd64-i386-xl-qemuu-winxpsp3-vcpus1 fail
test-amd64-i386-xl-winxpsp3-vcpus1 broken
test-amd64-amd64-xl-qemut-winxpsp3 fail
test-amd64-i386-xl-qemut-winxpsp3 broken
test-amd64-amd64-xl-qemuu-winxpsp3 broken
test-amd64-i386-xl-qemuu-winxpsp3 fail
test-amd64-amd64-xl-winxpsp3 fail
test-amd64-i386-xl-winxpsp3 fail
------------------------------------------------------------
sg-report-flight on osstest.cam.xci-test.com
logs: /home/xc_osstest/logs
images: /home/xc_osstest/images
Logs, config files, etc. are available at
http://www.chiark.greenend.org.uk/~xensrcts/logs
Test harness code can be found at
http://xenbits.xensource.com/gitweb?p=osstest.git;a=summary
Not pushing.
(No revision log; it would be 799 lines long.)
[-- Attachment #2: Type: text/plain, Size: 126 bytes --]
_______________________________________________
Xen-devel mailing list
Xen-devel@lists.xen.org
http://lists.xen.org/xen-devel
^ permalink raw reply [flat|nested] only message in thread
only message in thread, other threads:[~2014-09-29 11:45 UTC | newest]
Thread overview: (only message) (download: mbox.gz follow: Atom feed
-- links below jump to the message on this page --
2014-09-29 11:45 [qemu-mainline test] 30494: trouble: blocked/broken/fail/pass xen.org
This is a public inbox, see mirroring instructions
for how to clone and mirror all data and code used for this inbox;
as well as URLs for NNTP newsgroup(s).