From: xen.org <Ian.Jackson@eu.citrix.com>
To: xen-devel@lists.xensource.com
Cc: ian.jackson@eu.citrix.com
Subject: [linux-linus test] 30497: trouble: blocked/broken/fail/pass
Date: Mon, 29 Sep 2014 19:10:07 +0100 [thread overview]
Message-ID: <osstest-30497-mainreport@xen.org> (raw)
flight 30497 linux-linus real [real]
http://www.chiark.greenend.org.uk/~xensrcts/logs/30497/
Failures and problems with tests :-(
Tests which did not succeed and are blocking,
including tests which could not be run:
test-amd64-i386-libvirt 3 host-install(3) broken REGR. vs. 30019
test-amd64-amd64-rumpuserxen-amd64 3 host-install(3) broken REGR. vs. 30019
test-amd64-i386-rumpuserxen-i386 3 host-install(3) broken REGR. vs. 30019
build-armhf-libvirt 3 host-install(3) broken REGR. vs. 30019
test-amd64-i386-qemut-rhel6hvm-amd 3 host-install(3) broken REGR. vs. 30019
test-amd64-i386-qemuu-rhel6hvm-amd 3 host-install(3) broken REGR. vs. 30019
test-amd64-i386-rhel6hvm-amd 3 host-install(3) broken REGR. vs. 30019
test-amd64-i386-rhel6hvm-intel 3 host-install(3) broken REGR. vs. 30019
test-amd64-i386-xl 3 host-install(3) broken REGR. vs. 30019
test-amd64-i386-qemut-rhel6hvm-intel 3 host-install(3) broken REGR. vs. 30019
test-amd64-i386-xl-multivcpu 3 host-install(3) broken REGR. vs. 30019
test-amd64-i386-xl-credit2 3 host-install(3) broken REGR. vs. 30019
test-amd64-amd64-xl 3 host-install(3) broken REGR. vs. 30019
build-armhf-pvops 3 host-install(3) broken REGR. vs. 30019
test-amd64-i386-qemuu-rhel6hvm-intel 3 host-install(3) broken REGR. vs. 30019
test-amd64-i386-freebsd10-amd64 3 host-install(3) broken REGR. vs. 30019
test-amd64-i386-xl-qemuu-debianhvm-amd64 3 host-install(3) broken REGR. vs. 30019
test-amd64-amd64-pair 3 host-install/src_host(3) broken REGR. vs. 30019
test-amd64-amd64-pair 4 host-install/dst_host(4) broken REGR. vs. 30019
test-amd64-i386-xl-qemut-debianhvm-amd64 3 host-install(3) broken REGR. vs. 30019
test-amd64-i386-xl-qemuu-ovmf-amd64 3 host-install(3) broken REGR. vs. 30019
test-amd64-amd64-xl-qemut-debianhvm-amd64 3 host-install(3) broken REGR. vs. 30019
test-amd64-amd64-xl-qemuu-ovmf-amd64 3 host-install(3) broken REGR. vs. 30019
test-amd64-i386-xl-winxpsp3-vcpus1 3 host-install(3) broken REGR. vs. 30019
test-amd64-amd64-xl-win7-amd64 3 host-install(3) broken REGR. vs. 30019
test-amd64-amd64-xl-qemut-winxpsp3 3 host-install(3) broken REGR. vs. 30019
test-amd64-i386-pair 4 host-install/dst_host(4) broken REGR. vs. 30019
test-amd64-i386-pair 3 host-install/src_host(3) broken REGR. vs. 30019
test-amd64-i386-xl-winxpsp3 3 host-install(3) broken REGR. vs. 30019
test-amd64-amd64-xl-qemuu-win7-amd64 3 host-install(3) broken REGR. vs. 30019
Regressions which are regarded as allowable (not blocking):
test-amd64-amd64-xl-pcipt-intel 3 host-install(3) broken REGR. vs. 30019
test-amd64-amd64-xl-sedf 3 host-install(3) broken REGR. vs. 30019
test-amd64-amd64-xl-sedf-pin 3 host-install(3) broken REGR. vs. 30019
test-amd64-i386-freebsd10-i386 7 freebsd-install fail like 30019
test-amd64-amd64-xl-qemuu-winxpsp3 7 windows-install fail like 30019
Tests which did not succeed, but are not blocking:
test-armhf-armhf-libvirt 1 build-check(1) blocked n/a
test-amd64-amd64-libvirt 9 guest-start fail never pass
test-armhf-armhf-xl 1 build-check(1) blocked n/a
test-amd64-amd64-xl-winxpsp3 14 guest-stop fail never pass
test-amd64-i386-xl-qemuu-winxpsp3 14 guest-stop fail never pass
test-amd64-i386-xl-qemuu-winxpsp3-vcpus1 14 guest-stop fail never pass
test-amd64-i386-xl-qemut-win7-amd64 14 guest-stop fail never pass
test-amd64-i386-xl-qemuu-win7-amd64 14 guest-stop fail never pass
test-amd64-i386-xl-win7-amd64 14 guest-stop fail never pass
test-amd64-i386-xl-qemut-winxpsp3 14 guest-stop fail never pass
test-amd64-amd64-xl-qemut-win7-amd64 14 guest-stop fail never pass
test-amd64-i386-xl-qemut-winxpsp3-vcpus1 14 guest-stop fail never pass
version targeted for testing:
linux fe82dcec644244676d55a1384c958d5f67979adb
baseline version:
linux f1bd473f95e02bc382d4dae94d7f82e2a455e05d
------------------------------------------------------------
687 people touched revisions under test,
not listing them all
------------------------------------------------------------
jobs:
build-amd64 pass
build-armhf pass
build-i386 pass
build-amd64-libvirt pass
build-armhf-libvirt broken
build-i386-libvirt pass
build-amd64-pvops pass
build-armhf-pvops broken
build-i386-pvops pass
build-amd64-rumpuserxen pass
build-i386-rumpuserxen pass
test-amd64-amd64-xl broken
test-armhf-armhf-xl blocked
test-amd64-i386-xl broken
test-amd64-i386-rhel6hvm-amd broken
test-amd64-i386-qemut-rhel6hvm-amd broken
test-amd64-i386-qemuu-rhel6hvm-amd broken
test-amd64-amd64-xl-qemut-debianhvm-amd64 broken
test-amd64-i386-xl-qemut-debianhvm-amd64 broken
test-amd64-amd64-xl-qemuu-debianhvm-amd64 pass
test-amd64-i386-xl-qemuu-debianhvm-amd64 broken
test-amd64-i386-freebsd10-amd64 broken
test-amd64-amd64-xl-qemuu-ovmf-amd64 broken
test-amd64-i386-xl-qemuu-ovmf-amd64 broken
test-amd64-amd64-rumpuserxen-amd64 broken
test-amd64-amd64-xl-qemut-win7-amd64 fail
test-amd64-i386-xl-qemut-win7-amd64 fail
test-amd64-amd64-xl-qemuu-win7-amd64 broken
test-amd64-i386-xl-qemuu-win7-amd64 fail
test-amd64-amd64-xl-win7-amd64 broken
test-amd64-i386-xl-win7-amd64 fail
test-amd64-i386-xl-credit2 broken
test-amd64-i386-freebsd10-i386 fail
test-amd64-i386-rumpuserxen-i386 broken
test-amd64-amd64-xl-pcipt-intel broken
test-amd64-i386-rhel6hvm-intel broken
test-amd64-i386-qemut-rhel6hvm-intel broken
test-amd64-i386-qemuu-rhel6hvm-intel broken
test-amd64-amd64-libvirt fail
test-armhf-armhf-libvirt blocked
test-amd64-i386-libvirt broken
test-amd64-i386-xl-multivcpu broken
test-amd64-amd64-pair broken
test-amd64-i386-pair broken
test-amd64-amd64-xl-sedf-pin broken
test-amd64-amd64-xl-sedf broken
test-amd64-i386-xl-qemut-winxpsp3-vcpus1 fail
test-amd64-i386-xl-qemuu-winxpsp3-vcpus1 fail
test-amd64-i386-xl-winxpsp3-vcpus1 broken
test-amd64-amd64-xl-qemut-winxpsp3 broken
test-amd64-i386-xl-qemut-winxpsp3 fail
test-amd64-amd64-xl-qemuu-winxpsp3 fail
test-amd64-i386-xl-qemuu-winxpsp3 fail
test-amd64-amd64-xl-winxpsp3 fail
test-amd64-i386-xl-winxpsp3 broken
------------------------------------------------------------
sg-report-flight on osstest.cam.xci-test.com
logs: /home/xc_osstest/logs
images: /home/xc_osstest/images
Logs, config files, etc. are available at
http://www.chiark.greenend.org.uk/~xensrcts/logs
Test harness code can be found at
http://xenbits.xensource.com/gitweb?p=osstest.git;a=summary
Not pushing.
(No revision log; it would be 28697 lines long.)
reply other threads:[~2014-09-29 18:10 UTC|newest]
Thread overview: [no followups] expand[flat|nested] mbox.gz Atom feed
Reply instructions:
You may reply publicly to this message via plain-text email
using any one of the following methods:
* Save the following mbox file, import it into your mail client,
and reply-to-all from there: mbox
Avoid top-posting and favor interleaved quoting:
https://en.wikipedia.org/wiki/Posting_style#Interleaved_style
* Reply using the --to, --cc, and --in-reply-to
switches of git-send-email(1):
git send-email \
--in-reply-to=osstest-30497-mainreport@xen.org \
--to=ian.jackson@eu.citrix.com \
--cc=xen-devel@lists.xensource.com \
/path/to/YOUR_REPLY
https://kernel.org/pub/software/scm/git/docs/git-send-email.html
* If your mail client supports setting the In-Reply-To header
via mailto: links, try the mailto: link
Be sure your reply has a Subject: header at the top and a blank line
before the message body.
This is a public inbox, see mirroring instructions
for how to clone and mirror all data and code used for this inbox;
as well as URLs for NNTP newsgroup(s).