xen-devel.lists.xenproject.org archive mirror
 help / color / mirror / Atom feed
* [qemu-upstream-unstable test] 30510: regressions - FAIL
@ 2014-09-30  7:17 xen.org
  0 siblings, 0 replies; only message in thread
From: xen.org @ 2014-09-30  7:17 UTC (permalink / raw)
  To: xen-devel; +Cc: ian.jackson

[-- Attachment #1: Type: text/plain, Size: 8599 bytes --]

flight 30510 qemu-upstream-unstable real [real]
http://www.chiark.greenend.org.uk/~xensrcts/logs/30510/

Regressions :-(

Tests which did not succeed and are blocking,
including tests which could not be run:
 test-amd64-amd64-xl-qemut-winxpsp3  7 windows-install     fail REGR. vs. 30096

Tests which did not succeed, but are not blocking:
 test-amd64-amd64-libvirt      9 guest-start                  fail   never pass
 test-amd64-i386-libvirt       9 guest-start                  fail   never pass
 test-armhf-armhf-libvirt      9 guest-start                  fail   never pass
 test-amd64-amd64-xl-pcipt-intel  9 guest-start                 fail never pass
 test-armhf-armhf-xl          10 migrate-support-check        fail   never pass
 test-amd64-amd64-xl-win7-amd64 14 guest-stop                   fail never pass
 test-amd64-amd64-xl-qemuu-win7-amd64 14 guest-stop             fail never pass
 test-amd64-i386-xl-qemuu-win7-amd64 14 guest-stop              fail never pass
 test-amd64-i386-xl-qemuu-winxpsp3-vcpus1 14 guest-stop         fail never pass
 test-amd64-i386-xl-qemut-win7-amd64 14 guest-stop              fail never pass
 test-amd64-i386-xl-qemut-winxpsp3 14 guest-stop                fail never pass
 test-amd64-amd64-xl-qemut-win7-amd64 14 guest-stop             fail never pass
 test-amd64-i386-xl-winxpsp3  14 guest-stop                   fail   never pass
 test-amd64-i386-xl-qemut-winxpsp3-vcpus1 14 guest-stop         fail never pass
 test-amd64-i386-xl-win7-amd64 14 guest-stop                   fail  never pass
 test-amd64-amd64-xl-qemuu-winxpsp3 14 guest-stop               fail never pass
 test-amd64-i386-xl-winxpsp3-vcpus1 14 guest-stop               fail never pass
 test-amd64-i386-xl-qemuu-winxpsp3 14 guest-stop                fail never pass
 test-amd64-amd64-xl-winxpsp3 14 guest-stop                   fail   never pass

version targeted for testing:
 qemuu                c9d8f8b755e8960edf7725e05f3e6ac743a5e12e
baseline version:
 qemuu                ea772ca487e219e5d5b82d50da460c4145238038

------------------------------------------------------------
People who touched revisions under test:
  "Slutz, Donald Christopher" <dslutz@verizon.com>
  Alex Bennée <alex.bennee@linaro.org>
  Alex Williamson <alex.williamson@redhat.com>
  Alexander Graf <agraf@suse.de>
  Alexey Kardashevskiy <aik@ozlabs.ru>
  Amos Kong <akong@redhat.com>
  Andreas Färber <afaerber@suse.de>
  Andrew Oates <andrew@aoates.org>
  Anthony PERARD <anthony.perard@citrix.com>
  Benoit Canet <benoit.canet@gmail.com>
  Benoît Canet <benoit.canet@irqsave.net>
  Chen Gang <gang.chen.5i5j@gmail.com>
  ChenLiang <chenliang88@huawei.com>
  Christian Borntraeger <borntraeger@de.ibm.com>
  Christopher Covington <cov@codeaurora.org>
  Cornelia Huck <cornelia.huck@de.ibm.com>
  Cédric Le Goater <clg@fr.ibm.com>
  David Hildenbrand <dahi@linux.vnet.ibm.com>
  Don Slutz <dslutz@verizon.com>
  Dr. David Alan Gilbert <dgilbert@redhat.com>
  Edgar E. Iglesias <edgar.iglesias@xilinx.com>
  Eduardo Habkost <ehabkost@redhat.com>
  Eric Blake <eblake@redhat.com>
  Fam Zheng <famz@redhat.com>
  Gabriel L. Somlo <gsomlo@gmail.com>
  Gabriel Somlo <somlo@cmu.edu>
  Gerd Hoffmann <kraxel@redhat.com>
  Gonglei <arei.gonglei@huawei.com>
  Greg Kurz <gkurz@linux.vnet.ibm.com>
  Hani Benhabiles <hani@linux.com>
  Hani Benhabiles <kroosec@gmail.com>
  Hannes Reinecke <hare@suse.de>
  Jason J. Herne <jjherne@us.ibm.com>
  Jason Wang <jasowang@redhat.com>
  Jeff Cody <jcody@redhat.com>
  Jens Freimann <jfrei@linux.vnet.ibm.com>
  Juan Quintela <quintela@redhat.com>
  Kevin Wolf <kwolf@redhat.com>
  KONRAD Frederic <fred.konrad@greensocs.com>
  Laszlo Ersek <lersek@redhat.com>
  Le Tan <tamlokveer@gmail.com>
  Luiz Capitulino <lcapitulino@redhat.com>
  Markus Armbruster <armbru@redhat.com>
  Max Filippov <jcmvbkbc@gmail.com>
  Michael R. Hines <mrhines@us.ibm.com>
  Michael Roth <mdroth@linux.vnet.ibm.com>
  Michael S. Tsirkin <mst@redhat.com>
  Michael Tokarev <mjt@tls.msk.ru>
  Ming Lei <ming.lei@canonical.com>
  Paolo Bonzini <pbonzini@redhat.com>
  Peter Crosthwaite <peter.crosthwaite@xilinx.com>
  Peter Lieven <pl@kamp.de>
  Peter Maydell <peter.maydell@linaro.org>
  Richard Henderson <rth@twiddle.net>
  Riku Voipio <riku.voipio@linaro.org>
  Stefan Hajnoczi <stefanha@redhat.com>
  Stefan Priebe <s.priebe@profihost.ag>
  Stefan Weil <sw@weilnetz.de>
  Stefano Stabellini <stefano.stabellini@eu.citrix.com>
  Ulrich Obergfell <uobergfe@redhat.com>
  Wang Rui <moon.wangrui@huawei.com>
------------------------------------------------------------

jobs:
 build-amd64                                                  pass
 build-armhf                                                  pass
 build-i386                                                   pass
 build-amd64-libvirt                                          pass
 build-armhf-libvirt                                          pass
 build-i386-libvirt                                           pass
 build-amd64-pvops                                            pass
 build-armhf-pvops                                            pass
 build-i386-pvops                                             pass
 test-amd64-amd64-xl                                          pass
 test-armhf-armhf-xl                                          pass
 test-amd64-i386-xl                                           pass
 test-amd64-i386-rhel6hvm-amd                                 pass
 test-amd64-i386-qemut-rhel6hvm-amd                           pass
 test-amd64-i386-qemuu-rhel6hvm-amd                           pass
 test-amd64-amd64-xl-qemut-debianhvm-amd64                    pass
 test-amd64-i386-xl-qemut-debianhvm-amd64                     pass
 test-amd64-amd64-xl-qemuu-debianhvm-amd64                    pass
 test-amd64-i386-xl-qemuu-debianhvm-amd64                     pass
 test-amd64-i386-freebsd10-amd64                              pass
 test-amd64-amd64-xl-qemuu-ovmf-amd64                         pass
 test-amd64-i386-xl-qemuu-ovmf-amd64                          pass
 test-amd64-amd64-xl-qemut-win7-amd64                         fail
 test-amd64-i386-xl-qemut-win7-amd64                          fail
 test-amd64-amd64-xl-qemuu-win7-amd64                         fail
 test-amd64-i386-xl-qemuu-win7-amd64                          fail
 test-amd64-amd64-xl-win7-amd64                               fail
 test-amd64-i386-xl-win7-amd64                                fail
 test-amd64-i386-xl-credit2                                   pass
 test-amd64-i386-freebsd10-i386                               pass
 test-amd64-amd64-xl-pcipt-intel                              fail
 test-amd64-i386-rhel6hvm-intel                               pass
 test-amd64-i386-qemut-rhel6hvm-intel                         pass
 test-amd64-i386-qemuu-rhel6hvm-intel                         pass
 test-amd64-amd64-libvirt                                     fail
 test-armhf-armhf-libvirt                                     fail
 test-amd64-i386-libvirt                                      fail
 test-amd64-i386-xl-multivcpu                                 pass
 test-amd64-amd64-pair                                        pass
 test-amd64-i386-pair                                         pass
 test-amd64-amd64-xl-sedf-pin                                 pass
 test-amd64-amd64-xl-sedf                                     pass
 test-amd64-i386-xl-qemut-winxpsp3-vcpus1                     fail
 test-amd64-i386-xl-qemuu-winxpsp3-vcpus1                     fail
 test-amd64-i386-xl-winxpsp3-vcpus1                           fail
 test-amd64-amd64-xl-qemut-winxpsp3                           fail
 test-amd64-i386-xl-qemut-winxpsp3                            fail
 test-amd64-amd64-xl-qemuu-winxpsp3                           fail
 test-amd64-i386-xl-qemuu-winxpsp3                            fail
 test-amd64-amd64-xl-winxpsp3                                 fail
 test-amd64-i386-xl-winxpsp3                                  fail


------------------------------------------------------------
sg-report-flight on osstest.cam.xci-test.com
logs: /home/xc_osstest/logs
images: /home/xc_osstest/images

Logs, config files, etc. are available at
    http://www.chiark.greenend.org.uk/~xensrcts/logs

Test harness code can be found at
    http://xenbits.xensource.com/gitweb?p=osstest.git;a=summary


Not pushing.

(No revision log; it would be 2544 lines long.)


[-- Attachment #2: Type: text/plain, Size: 126 bytes --]

_______________________________________________
Xen-devel mailing list
Xen-devel@lists.xen.org
http://lists.xen.org/xen-devel

^ permalink raw reply	[flat|nested] only message in thread

only message in thread, other threads:[~2014-09-30  7:17 UTC | newest]

Thread overview: (only message) (download: mbox.gz follow: Atom feed
-- links below jump to the message on this page --
2014-09-30  7:17 [qemu-upstream-unstable test] 30510: regressions - FAIL xen.org

This is a public inbox, see mirroring instructions
for how to clone and mirror all data and code used for this inbox;
as well as URLs for NNTP newsgroup(s).