From mboxrd@z Thu Jan 1 00:00:00 1970 From: xen.org Subject: [qemu-upstream-unstable test] 30510: regressions - FAIL Date: Tue, 30 Sep 2014 08:17:44 +0100 Message-ID: Mime-Version: 1.0 Content-Type: multipart/mixed; boundary="===============8199368249867340901==" Return-path: List-Unsubscribe: , List-Post: List-Help: List-Subscribe: , Sender: xen-devel-bounces@lists.xen.org Errors-To: xen-devel-bounces@lists.xen.org To: xen-devel@lists.xensource.com Cc: ian.jackson@eu.citrix.com List-Id: xen-devel@lists.xenproject.org --===============8199368249867340901== Content-Type: text/plain Content-Length: 8826 Content-Transfer-Encoding: quoted-printable flight 30510 qemu-upstream-unstable real [real] http://www.chiark.greenend.org.uk/~xensrcts/logs/30510/ Regressions :-( Tests which did not succeed and are blocking, including tests which could not be run: test-amd64-amd64-xl-qemut-winxpsp3 7 windows-install fail REGR. vs. 30096 Tests which did not succeed, but are not blocking: test-amd64-amd64-libvirt 9 guest-start fail never pass test-amd64-i386-libvirt 9 guest-start fail never pass test-armhf-armhf-libvirt 9 guest-start fail never pass test-amd64-amd64-xl-pcipt-intel 9 guest-start fail never pass test-armhf-armhf-xl 10 migrate-support-check fail never pass test-amd64-amd64-xl-win7-amd64 14 guest-stop fail never pass test-amd64-amd64-xl-qemuu-win7-amd64 14 guest-stop fail never pass test-amd64-i386-xl-qemuu-win7-amd64 14 guest-stop fail never pass test-amd64-i386-xl-qemuu-winxpsp3-vcpus1 14 guest-stop fail never pass test-amd64-i386-xl-qemut-win7-amd64 14 guest-stop fail never pass test-amd64-i386-xl-qemut-winxpsp3 14 guest-stop fail never pass test-amd64-amd64-xl-qemut-win7-amd64 14 guest-stop fail never pass test-amd64-i386-xl-winxpsp3 14 guest-stop fail never pass test-amd64-i386-xl-qemut-winxpsp3-vcpus1 14 guest-stop fail never pass test-amd64-i386-xl-win7-amd64 14 guest-stop fail never pass test-amd64-amd64-xl-qemuu-winxpsp3 14 guest-stop fail never pass test-amd64-i386-xl-winxpsp3-vcpus1 14 guest-stop fail never pass test-amd64-i386-xl-qemuu-winxpsp3 14 guest-stop fail never pass test-amd64-amd64-xl-winxpsp3 14 guest-stop fail never pass version targeted for testing: qemuu c9d8f8b755e8960edf7725e05f3e6ac743a5e12e baseline version: qemuu ea772ca487e219e5d5b82d50da460c4145238038 ------------------------------------------------------------ People who touched revisions under test: "Slutz, Donald Christopher" Alex Benn=C3=A9e Alex Williamson Alexander Graf Alexey Kardashevskiy Amos Kong Andreas F=C3=A4rber Andrew Oates Anthony PERARD Benoit Canet Beno=C3=AEt Canet Chen Gang ChenLiang Christian Borntraeger Christopher Covington Cornelia Huck C=C3=A9dric Le Goater David Hildenbrand Don Slutz Dr. David Alan Gilbert Edgar E. Iglesias Eduardo Habkost Eric Blake Fam Zheng Gabriel L. Somlo Gabriel Somlo Gerd Hoffmann Gonglei Greg Kurz Hani Benhabiles Hani Benhabiles Hannes Reinecke Jason J. Herne Jason Wang Jeff Cody Jens Freimann Juan Quintela Kevin Wolf KONRAD Frederic Laszlo Ersek Le Tan Luiz Capitulino Markus Armbruster Max Filippov Michael R. Hines Michael Roth Michael S. Tsirkin Michael Tokarev Ming Lei Paolo Bonzini Peter Crosthwaite Peter Lieven Peter Maydell Richard Henderson Riku Voipio Stefan Hajnoczi Stefan Priebe Stefan Weil Stefano Stabellini Ulrich Obergfell Wang Rui ------------------------------------------------------------ jobs: build-amd64 pass build-armhf pass build-i386 pass build-amd64-libvirt pass build-armhf-libvirt pass build-i386-libvirt pass build-amd64-pvops pass build-armhf-pvops pass build-i386-pvops pass test-amd64-amd64-xl pass test-armhf-armhf-xl pass test-amd64-i386-xl pass test-amd64-i386-rhel6hvm-amd pass test-amd64-i386-qemut-rhel6hvm-amd pass test-amd64-i386-qemuu-rhel6hvm-amd pass test-amd64-amd64-xl-qemut-debianhvm-amd64 pass test-amd64-i386-xl-qemut-debianhvm-amd64 pass test-amd64-amd64-xl-qemuu-debianhvm-amd64 pass test-amd64-i386-xl-qemuu-debianhvm-amd64 pass test-amd64-i386-freebsd10-amd64 pass test-amd64-amd64-xl-qemuu-ovmf-amd64 pass test-amd64-i386-xl-qemuu-ovmf-amd64 pass test-amd64-amd64-xl-qemut-win7-amd64 fail test-amd64-i386-xl-qemut-win7-amd64 fail test-amd64-amd64-xl-qemuu-win7-amd64 fail test-amd64-i386-xl-qemuu-win7-amd64 fail test-amd64-amd64-xl-win7-amd64 fail test-amd64-i386-xl-win7-amd64 fail test-amd64-i386-xl-credit2 pass test-amd64-i386-freebsd10-i386 pass test-amd64-amd64-xl-pcipt-intel fail test-amd64-i386-rhel6hvm-intel pass test-amd64-i386-qemut-rhel6hvm-intel pass test-amd64-i386-qemuu-rhel6hvm-intel pass test-amd64-amd64-libvirt fail test-armhf-armhf-libvirt fail test-amd64-i386-libvirt fail test-amd64-i386-xl-multivcpu pass test-amd64-amd64-pair pass test-amd64-i386-pair pass test-amd64-amd64-xl-sedf-pin pass test-amd64-amd64-xl-sedf pass test-amd64-i386-xl-qemut-winxpsp3-vcpus1 fail test-amd64-i386-xl-qemuu-winxpsp3-vcpus1 fail test-amd64-i386-xl-winxpsp3-vcpus1 fail test-amd64-amd64-xl-qemut-winxpsp3 fail test-amd64-i386-xl-qemut-winxpsp3 fail test-amd64-amd64-xl-qemuu-winxpsp3 fail test-amd64-i386-xl-qemuu-winxpsp3 fail test-amd64-amd64-xl-winxpsp3 fail test-amd64-i386-xl-winxpsp3 fail ------------------------------------------------------------ sg-report-flight on osstest.cam.xci-test.com logs: /home/xc_osstest/logs images: /home/xc_osstest/images Logs, config files, etc. are available at http://www.chiark.greenend.org.uk/~xensrcts/logs Test harness code can be found at http://xenbits.xensource.com/gitweb=3Fp=3Dosstest.git;a=3Dsummary Not pushing. (No revision log; it would be 2544 lines long.) --===============8199368249867340901== Content-Type: text/plain; charset="us-ascii" MIME-Version: 1.0 Content-Transfer-Encoding: 7bit Content-Disposition: inline _______________________________________________ Xen-devel mailing list Xen-devel@lists.xen.org http://lists.xen.org/xen-devel --===============8199368249867340901==--