xen-devel.lists.xenproject.org archive mirror
 help / color / mirror / Atom feed
* [xen-unstable test] 30512: regressions - FAIL
@ 2014-09-30 19:13 xen.org
  2014-10-01  9:25 ` Jan Beulich
  0 siblings, 1 reply; 2+ messages in thread
From: xen.org @ 2014-09-30 19:13 UTC (permalink / raw)
  To: xen-devel; +Cc: ian.jackson

[-- Attachment #1: Type: text/plain, Size: 7963 bytes --]

flight 30512 xen-unstable real [real]
http://www.chiark.greenend.org.uk/~xensrcts/logs/30512/

Regressions :-(

Tests which did not succeed and are blocking,
including tests which could not be run:
 test-amd64-amd64-xl-qemut-win7-amd64  7 windows-install   fail REGR. vs. 30359
 test-amd64-i386-xl-qemuu-win7-amd64  7 windows-install    fail REGR. vs. 30359
 test-amd64-amd64-xl-win7-amd64  7 windows-install         fail REGR. vs. 30359
 test-amd64-amd64-xl-qemuu-win7-amd64  7 windows-install   fail REGR. vs. 30359
 test-amd64-i386-xl-qemut-win7-amd64  7 windows-install    fail REGR. vs. 30359
 test-amd64-i386-xl-win7-amd64  7 windows-install          fail REGR. vs. 30359

Tests which did not succeed, but are not blocking:
 test-amd64-amd64-libvirt      9 guest-start                  fail   never pass
 test-amd64-i386-libvirt       9 guest-start                  fail   never pass
 test-armhf-armhf-libvirt      9 guest-start                  fail   never pass
 test-amd64-amd64-xl-pcipt-intel  9 guest-start                 fail never pass
 test-armhf-armhf-xl          10 migrate-support-check        fail   never pass
 test-amd64-i386-xl-qemut-winxpsp3 14 guest-stop                fail never pass
 test-amd64-i386-xl-qemuu-winxpsp3 14 guest-stop                fail never pass
 test-amd64-i386-xl-qemuu-winxpsp3-vcpus1 14 guest-stop         fail never pass
 test-amd64-i386-xl-qemut-winxpsp3-vcpus1 14 guest-stop         fail never pass
 test-amd64-amd64-xl-qemut-winxpsp3 14 guest-stop               fail never pass
 test-amd64-amd64-xl-winxpsp3 14 guest-stop                   fail   never pass
 test-amd64-i386-xl-winxpsp3-vcpus1 14 guest-stop               fail never pass
 test-amd64-i386-xl-winxpsp3  14 guest-stop                   fail   never pass
 test-amd64-amd64-xl-qemuu-winxpsp3 14 guest-stop               fail never pass

version targeted for testing:
 xen                  2b2ef0c54459722943db6166da28e098af12a9e6
baseline version:
 xen                  e01fa4e223fc077e18936d890dbd4813c3e7c9b1

------------------------------------------------------------
People who touched revisions under test:
  Andrei LUTAS <vlutas@bitdefender.com>
  Andrew Cooper <andrew.cooper3@citrix.com>
  Anthony PERARD <anthony.perard@citrix.com>
  Daniel De Graaf <dgdegra@tycho.nsa.gov>
  Daniel Kiper <daniel.kiper@oracle.com>
  Dario Faggioli <dario.faggioli@citrix.com>
  David Vrabel <david.vrabel@citrix.com>
  George Dunlap <george.dunlap@eu.citrix.com>
  Ian Campbell <ian.campbell@citrix.com>
  Ian Jackson <ian.jackson@eu.citrix.com>
  Jan Beulich <jbeulich@suse.com>
  Keir Fraser <keir@xen.org>
  Kevin Tian <kevin.tian@intel.com>
  Konrad Rzeszutek Wilk <konrad.wilk@oracle.com>
  Lai Jiangshan <laijs@cn.fujitsu.com>
  Meng Xu <mengxu@cis.upenn.edu>
  Mukesh Rathor <mukesh.rathor@oracle.com>
  Olaf Hering <olaf@aepfle.de>
  Paul Durrant <paul.durrant@citrix.com>
  Roger Pau Monne <roger.pau@citrix.com>
  Roger Pau Monné <roger.pau@citrix.com>
  Roy Franz <roy.franz@linaro.org>
  Samuel Thibault <samuel.thibault@ens-lyon.org>
  Shriram Rajagopalan <rshriram@cs.ubc.ca>
  Sisu Xi <xisisu@gmail.com>
  Stefano Stabellini <stefano.stabellini@eu.citrix.com>
  Suriyan Ramasami <suriyan.r@gmail.com>
  Tamas K Lengyel <tklengyel@sec.in.tum.de>
  Tim Deegan <tim@xen.org>
  Vijaya Kumar K <Vijaya.Kumar@caviumnetworks.com>
  Vitaly Kuznetsov <vkuznets@redhat.com>
  Wei Liu <wei.liu2@citrix.com>
  Wen Congyang <wency@cn.fujitsu.com>
  Yang Hongyang <yanghy@cn.fujitsu.com>
------------------------------------------------------------

jobs:
 build-amd64                                                  pass
 build-armhf                                                  pass
 build-i386                                                   pass
 build-amd64-libvirt                                          pass
 build-armhf-libvirt                                          pass
 build-i386-libvirt                                           pass
 build-amd64-oldkern                                          pass
 build-i386-oldkern                                           pass
 build-amd64-pvops                                            pass
 build-armhf-pvops                                            pass
 build-i386-pvops                                             pass
 build-amd64-rumpuserxen                                      pass
 build-i386-rumpuserxen                                       pass
 test-amd64-amd64-xl                                          pass
 test-armhf-armhf-xl                                          pass
 test-amd64-i386-xl                                           pass
 test-amd64-i386-rhel6hvm-amd                                 pass
 test-amd64-i386-qemut-rhel6hvm-amd                           pass
 test-amd64-i386-qemuu-rhel6hvm-amd                           pass
 test-amd64-amd64-xl-qemut-debianhvm-amd64                    pass
 test-amd64-i386-xl-qemut-debianhvm-amd64                     pass
 test-amd64-amd64-xl-qemuu-debianhvm-amd64                    pass
 test-amd64-i386-xl-qemuu-debianhvm-amd64                     pass
 test-amd64-i386-freebsd10-amd64                              pass
 test-amd64-amd64-xl-qemuu-ovmf-amd64                         pass
 test-amd64-i386-xl-qemuu-ovmf-amd64                          pass
 test-amd64-amd64-rumpuserxen-amd64                           pass
 test-amd64-amd64-xl-qemut-win7-amd64                         fail
 test-amd64-i386-xl-qemut-win7-amd64                          fail
 test-amd64-amd64-xl-qemuu-win7-amd64                         fail
 test-amd64-i386-xl-qemuu-win7-amd64                          fail
 test-amd64-amd64-xl-win7-amd64                               fail
 test-amd64-i386-xl-win7-amd64                                fail
 test-amd64-i386-xl-credit2                                   pass
 test-amd64-i386-freebsd10-i386                               pass
 test-amd64-i386-rumpuserxen-i386                             pass
 test-amd64-amd64-xl-pcipt-intel                              fail
 test-amd64-i386-rhel6hvm-intel                               pass
 test-amd64-i386-qemut-rhel6hvm-intel                         pass
 test-amd64-i386-qemuu-rhel6hvm-intel                         pass
 test-amd64-amd64-libvirt                                     fail
 test-armhf-armhf-libvirt                                     fail
 test-amd64-i386-libvirt                                      fail
 test-amd64-i386-xl-multivcpu                                 pass
 test-amd64-amd64-pair                                        pass
 test-amd64-i386-pair                                         pass
 test-amd64-amd64-xl-sedf-pin                                 pass
 test-amd64-amd64-xl-sedf                                     pass
 test-amd64-i386-xl-qemut-winxpsp3-vcpus1                     fail
 test-amd64-i386-xl-qemuu-winxpsp3-vcpus1                     fail
 test-amd64-i386-xl-winxpsp3-vcpus1                           fail
 test-amd64-amd64-xl-qemut-winxpsp3                           fail
 test-amd64-i386-xl-qemut-winxpsp3                            fail
 test-amd64-amd64-xl-qemuu-winxpsp3                           fail
 test-amd64-i386-xl-qemuu-winxpsp3                            fail
 test-amd64-amd64-xl-winxpsp3                                 fail
 test-amd64-i386-xl-winxpsp3                                  fail


------------------------------------------------------------
sg-report-flight on osstest.cam.xci-test.com
logs: /home/xc_osstest/logs
images: /home/xc_osstest/images

Logs, config files, etc. are available at
    http://www.chiark.greenend.org.uk/~xensrcts/logs

Test harness code can be found at
    http://xenbits.xensource.com/gitweb?p=osstest.git;a=summary


Not pushing.

(No revision log; it would be 1812 lines long.)


[-- Attachment #2: Type: text/plain, Size: 126 bytes --]

_______________________________________________
Xen-devel mailing list
Xen-devel@lists.xen.org
http://lists.xen.org/xen-devel

^ permalink raw reply	[flat|nested] 2+ messages in thread

* Re: [xen-unstable test] 30512: regressions - FAIL
  2014-09-30 19:13 [xen-unstable test] 30512: regressions - FAIL xen.org
@ 2014-10-01  9:25 ` Jan Beulich
  0 siblings, 0 replies; 2+ messages in thread
From: Jan Beulich @ 2014-10-01  9:25 UTC (permalink / raw)
  To: xen-devel; +Cc: ian.jackson

>>> On 30.09.14 at 21:13, <Ian.Jackson@eu.citrix.com> wrote:
> flight 30512 xen-unstable real [real]
> http://www.chiark.greenend.org.uk/~xensrcts/logs/30512/ 
> 
> Regressions :-(
> 
> Tests which did not succeed and are blocking,
> including tests which could not be run:
>  test-amd64-amd64-xl-qemut-win7-amd64  7 windows-install   fail REGR. vs. 30359
>  test-amd64-i386-xl-qemuu-win7-amd64  7 windows-install    fail REGR. vs. 30359
>  test-amd64-amd64-xl-win7-amd64  7 windows-install         fail REGR. vs. 30359
>  test-amd64-amd64-xl-qemuu-win7-amd64  7 windows-install   fail REGR. vs. 30359
>  test-amd64-i386-xl-qemut-win7-amd64  7 windows-install    fail REGR. vs. 30359
>  test-amd64-i386-xl-win7-amd64  7 windows-install          fail REGR. vs. 30359

Going through the serial logs, only two seem to have useful
information (the others are again all filled with bit rate
determination log messages). The two useful ones don't show
anything that provide some kind of hint as to what the issue
is. But with the guest hangs seen on various different hosts I'm
pretty certain there is a real problem. Unless I find a way to see
such myself or someone else finds a way to debug this, I guess
we will need to wait for the bisector to point out the bad commit.

Jan

^ permalink raw reply	[flat|nested] 2+ messages in thread

end of thread, other threads:[~2014-10-01  9:25 UTC | newest]

Thread overview: 2+ messages (download: mbox.gz follow: Atom feed
-- links below jump to the message on this page --
2014-09-30 19:13 [xen-unstable test] 30512: regressions - FAIL xen.org
2014-10-01  9:25 ` Jan Beulich

This is a public inbox, see mirroring instructions
for how to clone and mirror all data and code used for this inbox;
as well as URLs for NNTP newsgroup(s).