From mboxrd@z Thu Jan 1 00:00:00 1970 From: xen.org Subject: [qemu-upstream-unstable test] 30521: tolerable FAIL - PUSHED Date: Thu, 2 Oct 2014 00:52:21 +0100 Message-ID: Mime-Version: 1.0 Content-Type: multipart/mixed; boundary="===============1477273975976864115==" Return-path: List-Unsubscribe: , List-Post: List-Help: List-Subscribe: , Sender: xen-devel-bounces@lists.xen.org Errors-To: xen-devel-bounces@lists.xen.org To: xen-devel@lists.xensource.com Cc: ian.jackson@eu.citrix.com List-Id: xen-devel@lists.xenproject.org --===============1477273975976864115== Content-Type: text/plain Content-Length: 14716 Content-Transfer-Encoding: quoted-printable flight 30521 qemu-upstream-unstable real [real] http://www.chiark.greenend.org.uk/~xensrcts/logs/30521/ Failures :-/ but no regressions. Regressions which are regarded as allowable (not blocking): test-amd64-amd64-xl-qemut-winxpsp3 7 windows-install fail like 30530-bisect Tests which did not succeed, but are not blocking: test-amd64-i386-libvirt 9 guest-start fail never pass test-armhf-armhf-libvirt 9 guest-start fail never pass test-amd64-amd64-libvirt 9 guest-start fail never pass test-amd64-amd64-xl-pcipt-intel 9 guest-start fail never pass test-armhf-armhf-xl 10 migrate-support-check fail never pass test-amd64-amd64-xl-qemuu-win7-amd64 14 guest-stop fail never pass test-amd64-amd64-xl-win7-amd64 14 guest-stop fail never pass test-amd64-i386-xl-qemuu-win7-amd64 14 guest-stop fail never pass test-amd64-i386-xl-qemuu-winxpsp3-vcpus1 14 guest-stop fail never pass test-amd64-i386-xl-qemut-win7-amd64 14 guest-stop fail never pass test-amd64-i386-xl-qemut-winxpsp3 14 guest-stop fail never pass test-amd64-amd64-xl-qemut-win7-amd64 14 guest-stop fail never pass test-amd64-i386-xl-winxpsp3 14 guest-stop fail never pass test-amd64-i386-xl-qemut-winxpsp3-vcpus1 14 guest-stop fail never pass test-amd64-i386-xl-win7-amd64 14 guest-stop fail never pass test-amd64-amd64-xl-qemuu-winxpsp3 14 guest-stop fail never pass test-amd64-i386-xl-winxpsp3-vcpus1 14 guest-stop fail never pass test-amd64-i386-xl-qemuu-winxpsp3 14 guest-stop fail never pass test-amd64-amd64-xl-winxpsp3 14 guest-stop fail never pass version targeted for testing: qemuu c9d8f8b755e8960edf7725e05f3e6ac743a5e12e baseline version: qemuu ea772ca487e219e5d5b82d50da460c4145238038 ------------------------------------------------------------ People who touched revisions under test: "Slutz, Donald Christopher" Alex Benn=C3=A9e Alex Williamson Alexander Graf Alexey Kardashevskiy Amos Kong Andreas F=C3=A4rber Andrew Oates Anthony PERARD Benoit Canet Beno=C3=AEt Canet Chen Gang ChenLiang Christian Borntraeger Christopher Covington Cornelia Huck C=C3=A9dric Le Goater David Hildenbrand Don Slutz Dr. David Alan Gilbert Edgar E. Iglesias Eduardo Habkost Eric Blake Fam Zheng Gabriel L. Somlo Gabriel Somlo Gerd Hoffmann Gonglei Greg Kurz Hani Benhabiles Hani Benhabiles Hannes Reinecke Jason J. Herne Jason Wang Jeff Cody Jens Freimann Juan Quintela Kevin Wolf KONRAD Frederic Laszlo Ersek Le Tan Luiz Capitulino Markus Armbruster Max Filippov Michael R. Hines Michael Roth Michael S. Tsirkin Michael Tokarev Ming Lei Paolo Bonzini Peter Crosthwaite Peter Lieven Peter Maydell Richard Henderson Riku Voipio Stefan Hajnoczi Stefan Priebe Stefan Weil Stefano Stabellini Ulrich Obergfell Wang Rui ------------------------------------------------------------ jobs: build-amd64 pass build-armhf pass build-i386 pass build-amd64-libvirt pass build-armhf-libvirt pass build-i386-libvirt pass build-amd64-pvops pass build-armhf-pvops pass build-i386-pvops pass test-amd64-amd64-xl pass test-armhf-armhf-xl pass test-amd64-i386-xl pass test-amd64-i386-rhel6hvm-amd pass test-amd64-i386-qemut-rhel6hvm-amd pass test-amd64-i386-qemuu-rhel6hvm-amd pass test-amd64-amd64-xl-qemut-debianhvm-amd64 pass test-amd64-i386-xl-qemut-debianhvm-amd64 pass test-amd64-amd64-xl-qemuu-debianhvm-amd64 pass test-amd64-i386-xl-qemuu-debianhvm-amd64 pass test-amd64-i386-freebsd10-amd64 pass test-amd64-amd64-xl-qemuu-ovmf-amd64 pass test-amd64-i386-xl-qemuu-ovmf-amd64 pass test-amd64-amd64-xl-qemut-win7-amd64 fail test-amd64-i386-xl-qemut-win7-amd64 fail test-amd64-amd64-xl-qemuu-win7-amd64 fail test-amd64-i386-xl-qemuu-win7-amd64 fail test-amd64-amd64-xl-win7-amd64 fail test-amd64-i386-xl-win7-amd64 fail test-amd64-i386-xl-credit2 pass test-amd64-i386-freebsd10-i386 pass test-amd64-amd64-xl-pcipt-intel fail test-amd64-i386-rhel6hvm-intel pass test-amd64-i386-qemut-rhel6hvm-intel pass test-amd64-i386-qemuu-rhel6hvm-intel pass test-amd64-amd64-libvirt fail test-armhf-armhf-libvirt fail test-amd64-i386-libvirt fail test-amd64-i386-xl-multivcpu pass test-amd64-amd64-pair pass test-amd64-i386-pair pass test-amd64-amd64-xl-sedf-pin pass test-amd64-amd64-xl-sedf pass test-amd64-i386-xl-qemut-winxpsp3-vcpus1 fail test-amd64-i386-xl-qemuu-winxpsp3-vcpus1 fail test-amd64-i386-xl-winxpsp3-vcpus1 fail test-amd64-amd64-xl-qemut-winxpsp3 fail test-amd64-i386-xl-qemut-winxpsp3 fail test-amd64-amd64-xl-qemuu-winxpsp3 fail test-amd64-i386-xl-qemuu-winxpsp3 fail test-amd64-amd64-xl-winxpsp3 fail test-amd64-i386-xl-winxpsp3 fail ------------------------------------------------------------ sg-report-flight on osstest.cam.xci-test.com logs: /home/xc_osstest/logs images: /home/xc_osstest/images Logs, config files, etc. are available at http://www.chiark.greenend.org.uk/~xensrcts/logs Test harness code can be found at http://xenbits.xensource.com/gitweb=3Fp=3Dosstest.git;a=3Dsummary Pushing revision : + branch=3Dqemu-upstream-unstable + revision=3Dc9d8f8b755e8960edf7725e05f3e6ac743a5e12e + . cri-lock-repos ++ . cri-common +++ . cri-getconfig +++ umask 002 +++ getconfig Repos +++ perl -e ' use Osstest; readglobalconfig(); print $c{"Repos"} or die $!; ' ++ repos=3D/export/home/osstest/repos ++ repos_lock=3D/export/home/osstest/repos/lock ++ '[' x '!=3D' x/export/home/osstest/repos/lock ']' ++ OSSTEST_REPOS_LOCK_LOCKED=3D/export/home/osstest/repos/lock ++ exec with-lock-ex -w /export/home/osstest/repos/lock ./ap-push qemu-upstream-unstable c9d8f8b755e8960edf7725e05f3e6ac743a5e12e + branch=3Dqemu-upstream-unstable + revision=3Dc9d8f8b755e8960edf7725e05f3e6ac743a5e12e + . cri-lock-repos ++ . cri-common +++ . cri-getconfig +++ umask 002 +++ getconfig Repos +++ perl -e ' use Osstest; readglobalconfig(); print $c{"Repos"} or die $!; ' ++ repos=3D/export/home/osstest/repos ++ repos_lock=3D/export/home/osstest/repos/lock ++ '[' x/export/home/osstest/repos/lock '!=3D' x/export/home/osstest/repos/lock ']' + . cri-common ++ . cri-getconfig ++ umask 002 + select_xenbranch + case "$branch" in + tree=3Dqemuu + xenbranch=3Dxen-unstable + '[' xqemuu =3D xlinux ']' + linuxbranch=3D + '[' x =3D x ']' + qemuubranch=3Dqemu-upstream-unstable + : tested/2.6.39.x + . ap-common ++ : osstest@xenbits.xensource.com ++ : git://xenbits.xen.org/xen.git ++ : osstest@xenbits.xensource.com:/home/xen/git/xen.git ++ : git://xenbits.xen.org/staging/qemu-xen-unstable.git ++ : git://git.kernel.org ++ : git://git.kernel.org/pub/scm/linux/kernel/git ++ : git ++ : git://xenbits.xen.org/libvirt.git ++ : osstest@xenbits.xensource.com:/home/xen/git/libvirt.git ++ : git://xenbits.xen.org/libvirt.git +++ besteffort_repo git://git.sv.gnu.org/gnulib.git +++ local repo=3Dgit://git.sv.gnu.org/gnulib.git +++ cached_repo git://git.sv.gnu.org/gnulib.git '[fetch=3Dtry]' +++ local repo=3Dgit://git.sv.gnu.org/gnulib.git +++ local 'options=3D[fetch=3Dtry]' ++++ getconfig GitCacheProxy ++++ perl -e ' use Osstest; readglobalconfig(); print $c{"GitCacheProxy"} or die $!; ' +++ local cache=3Dgit://drall.uk.xensource.com:9419/ +++ '[' xgit://drall.uk.xensource.com:9419/ '!=3D' x ']' +++ echo 'git://drall.uk.xensource.com:9419/git://git.sv.gnu.org/gnulib.git%20[fetch=3Dtry]' ++ : 'git://drall.uk.xensource.com:9419/git://git.sv.gnu.org/gnulib.git%20[fetch=3Dtry]' ++ : git://xenbits.xen.org/rumpuser-xen.git ++ : git ++ : git://xenbits.xen.org/rumpuser-xen.git ++ : osstest@xenbits.xensource.com:/home/xen/git/rumpuser-xen.git +++ besteffort_repo https://github.com/rumpkernel/rumpkernel-netbsd-src +++ local repo=3Dhttps://github.com/rumpkernel/rumpkernel-netbsd-src +++ cached_repo https://github.com/rumpkernel/rumpkernel-netbsd-src '[fetch=3Dtry]' +++ local repo=3Dhttps://github.com/rumpkernel/rumpkernel-netbsd-src +++ local 'options=3D[fetch=3Dtry]' ++++ getconfig GitCacheProxy ++++ perl -e ' use Osstest; readglobalconfig(); print $c{"GitCacheProxy"} or die $!; ' +++ local cache=3Dgit://drall.uk.xensource.com:9419/ +++ '[' xgit://drall.uk.xensource.com:9419/ '!=3D' x ']' +++ echo 'git://drall.uk.xensource.com:9419/https://github.com/rumpkernel/rumpkernel-netbsd-src%20[fetch=3Dtry]' ++ : 'git://drall.uk.xensource.com:9419/https://github.com/rumpkernel/rumpkernel-netbsd-src%20[fetch=3Dtry]' ++ : git ++ : git://git.seabios.org/seabios.git ++ : osstest@xenbits.xensource.com:/home/xen/git/osstest/seabios.git ++ : git://xenbits.xen.org/osstest/seabios.git ++ : git://xenbits.xen.org/osstest/linux-firmware.git ++ : osstest@xenbits.xensource.com:/home/osstest/ext/linux-firmware.git ++ : git://git.kernel.org/pub/scm/linux/kernel/git/firmware/linux-firmware.git ++ : osstest@xenbits.xensource.com:/home/xen/git/linux-pvops.git ++ : git://xenbits.xen.org/linux-pvops.git ++ : tested/linux-3.4 ++ : tested/linux-arm-xen ++ '[' xgit://xenbits.xen.org/linux-pvops.git =3D x ']' ++ '[' x =3D x ']' ++ : git://xenbits.xen.org/linux-pvops.git ++ : tested/linux-arm-xen ++ : git://git.kernel.org/pub/scm/linux/kernel/git/konrad/xen.git ++ : tested/2.6.39.x ++ : daily-cron.qemu-upstream-unstable ++ : daily-cron.qemu-upstream-unstable ++ : daily-cron.qemu-upstream-unstable ++ : daily-cron.qemu-upstream-unstable ++ : daily-cron.qemu-upstream-unstable ++ : daily-cron.qemu-upstream-unstable ++ : http://hg.uk.xensource.com/carbon/trunk/linux-2.6.27 ++ : git://xenbits.xen.org/staging/qemu-upstream-unstable.git ++ : daily-cron.qemu-upstream-unstable ++ : git://git.qemu.org/qemu.git ++ : git://xenbits.xen.org/osstest/qemu.git ++ : osstest@xenbits.xensource.com:/home/xen/git/osstest/qemu.git ++ : daily-cron.qemu-upstream-unstable + TREE_LINUX=3Dosstest@xenbits.xensource.com:/home/xen/git/linux-pvops.git + TREE_QEMU_MAINLINE=3Dosstest@xenbits.xensource.com:/home/xen/git/osstest/qemu.git + TREE_QEMU_UPSTREAM=3Dosstest@xenbits.xensource.com:/home/xen/git/qemu-upstream-unstable.git + TREE_XEN=3Dosstest@xenbits.xensource.com:/home/xen/git/xen.git + TREE_LIBVIRT=3Dosstest@xenbits.xensource.com:/home/xen/git/libvirt.git + TREE_RUMPUSERXEN=3Dosstest@xenbits.xensource.com:/home/xen/git/rumpuser-xen.git + TREE_SEABIOS=3Dosstest@xenbits.xensource.com:/home/xen/git/osstest/seabios.git + info_linux_tree qemu-upstream-unstable + case $1 in + return 1 + case "$branch" in + cd /export/home/osstest/repos/qemu-upstream-unstable + git push osstest@xenbits.xensource.com:/home/xen/git/qemu-upstream-unstable.git c9d8f8b755e8960edf7725e05f3e6ac743a5e12e:master To osstest@xenbits.xensource.com:/home/xen/git/qemu-upstream-unstable.git ea772ca..c9d8f8b c9d8f8b755e8960edf7725e05f3e6ac743a5e12e -> master --===============1477273975976864115== Content-Type: text/plain; charset="us-ascii" MIME-Version: 1.0 Content-Transfer-Encoding: 7bit Content-Disposition: inline _______________________________________________ Xen-devel mailing list Xen-devel@lists.xen.org http://lists.xen.org/xen-devel --===============1477273975976864115==--