From mboxrd@z Thu Jan 1 00:00:00 1970 From: xen.org Subject: [xen-unstable test] 30525: regressions - FAIL Date: Wed, 1 Oct 2014 21:03:50 +0100 Message-ID: Mime-Version: 1.0 Content-Type: multipart/mixed; boundary="===============6522620645029380418==" Return-path: List-Unsubscribe: , List-Post: List-Help: List-Subscribe: , Sender: xen-devel-bounces@lists.xen.org Errors-To: xen-devel-bounces@lists.xen.org To: xen-devel@lists.xensource.com Cc: ian.jackson@eu.citrix.com List-Id: xen-devel@lists.xenproject.org --===============6522620645029380418== Content-Type: text/plain Content-Length: 8746 Content-Transfer-Encoding: quoted-printable flight 30525 xen-unstable real [real] http://www.chiark.greenend.org.uk/~xensrcts/logs/30525/ Regressions :-( Tests which did not succeed and are blocking, including tests which could not be run: test-amd64-amd64-xl-qemut-win7-amd64 7 windows-install fail REGR. vs. 30359 test-amd64-i386-xl-qemuu-win7-amd64 7 windows-install fail REGR. vs. 30359 test-amd64-amd64-xl-win7-amd64 7 windows-install fail REGR. vs. 30359 test-amd64-amd64-xl-qemuu-win7-amd64 7 windows-install fail REGR. vs. 30359 test-amd64-i386-xl-qemut-win7-amd64 7 windows-install fail REGR. vs. 30359 test-amd64-i386-xl-win7-amd64 7 windows-install fail REGR. vs. 30359 Tests which are failing intermittently (not blocking): test-amd64-amd64-xl-sedf 16 guest-stop fail pass in 30512 test-amd64-i386-freebsd10-amd64 11 guest-localmigrate fail pass in 30512 test-amd64-i386-freebsd10-i386 8 guest-start fail pass in 30512 test-amd64-amd64-xl-qemuu-debianhvm-amd64 14 guest-stop fail pass in 30512 test-amd64-i386-xl-winxpsp3-vcpus1 10 guest-localmigrate fail pass in 30512 test-amd64-i386-xl-winxpsp3 13 guest-localmigrate/x10 fail pass in 30512 Tests which did not succeed, but are not blocking: test-amd64-amd64-libvirt 9 guest-start fail never pass test-amd64-i386-libvirt 9 guest-start fail never pass test-armhf-armhf-libvirt 9 guest-start fail never pass test-amd64-amd64-xl-pcipt-intel 9 guest-start fail never pass test-armhf-armhf-xl 10 migrate-support-check fail never pass test-amd64-i386-xl-qemut-winxpsp3 14 guest-stop fail never pass test-amd64-i386-xl-qemuu-winxpsp3 14 guest-stop fail never pass test-amd64-i386-xl-qemuu-winxpsp3-vcpus1 14 guest-stop fail never pass test-amd64-i386-xl-qemut-winxpsp3-vcpus1 14 guest-stop fail never pass test-amd64-amd64-xl-qemut-winxpsp3 14 guest-stop fail never pass test-amd64-amd64-xl-winxpsp3 14 guest-stop fail never pass test-amd64-amd64-xl-qemuu-winxpsp3 14 guest-stop fail never pass test-amd64-i386-xl-winxpsp3-vcpus1 14 guest-stop fail in 30512 never pass test-amd64-i386-xl-winxpsp3 14 guest-stop fail in 30512 never pass version targeted for testing: xen 2b2ef0c54459722943db6166da28e098af12a9e6 baseline version: xen e01fa4e223fc077e18936d890dbd4813c3e7c9b1 ------------------------------------------------------------ People who touched revisions under test: Andrei LUTAS Andrew Cooper Anthony PERARD Daniel De Graaf Daniel Kiper Dario Faggioli David Vrabel George Dunlap Ian Campbell Ian Jackson Jan Beulich Keir Fraser Kevin Tian Konrad Rzeszutek Wilk Lai Jiangshan Meng Xu Mukesh Rathor Olaf Hering Paul Durrant Roger Pau Monne Roger Pau Monn=C3=A9 Roy Franz Samuel Thibault Shriram Rajagopalan Sisu Xi Stefano Stabellini Suriyan Ramasami Tamas K Lengyel Tim Deegan Vijaya Kumar K Vitaly Kuznetsov Wei Liu Wen Congyang Yang Hongyang ------------------------------------------------------------ jobs: build-amd64 pass build-armhf pass build-i386 pass build-amd64-libvirt pass build-armhf-libvirt pass build-i386-libvirt pass build-amd64-oldkern pass build-i386-oldkern pass build-amd64-pvops pass build-armhf-pvops pass build-i386-pvops pass build-amd64-rumpuserxen pass build-i386-rumpuserxen pass test-amd64-amd64-xl pass test-armhf-armhf-xl pass test-amd64-i386-xl pass test-amd64-i386-rhel6hvm-amd pass test-amd64-i386-qemut-rhel6hvm-amd pass test-amd64-i386-qemuu-rhel6hvm-amd pass test-amd64-amd64-xl-qemut-debianhvm-amd64 pass test-amd64-i386-xl-qemut-debianhvm-amd64 pass test-amd64-amd64-xl-qemuu-debianhvm-amd64 fail test-amd64-i386-xl-qemuu-debianhvm-amd64 pass test-amd64-i386-freebsd10-amd64 fail test-amd64-amd64-xl-qemuu-ovmf-amd64 pass test-amd64-i386-xl-qemuu-ovmf-amd64 pass test-amd64-amd64-rumpuserxen-amd64 pass test-amd64-amd64-xl-qemut-win7-amd64 fail test-amd64-i386-xl-qemut-win7-amd64 fail test-amd64-amd64-xl-qemuu-win7-amd64 fail test-amd64-i386-xl-qemuu-win7-amd64 fail test-amd64-amd64-xl-win7-amd64 fail test-amd64-i386-xl-win7-amd64 fail test-amd64-i386-xl-credit2 pass test-amd64-i386-freebsd10-i386 fail test-amd64-i386-rumpuserxen-i386 pass test-amd64-amd64-xl-pcipt-intel fail test-amd64-i386-rhel6hvm-intel pass test-amd64-i386-qemut-rhel6hvm-intel pass test-amd64-i386-qemuu-rhel6hvm-intel pass test-amd64-amd64-libvirt fail test-armhf-armhf-libvirt fail test-amd64-i386-libvirt fail test-amd64-i386-xl-multivcpu pass test-amd64-amd64-pair pass test-amd64-i386-pair pass test-amd64-amd64-xl-sedf-pin pass test-amd64-amd64-xl-sedf fail test-amd64-i386-xl-qemut-winxpsp3-vcpus1 fail test-amd64-i386-xl-qemuu-winxpsp3-vcpus1 fail test-amd64-i386-xl-winxpsp3-vcpus1 fail test-amd64-amd64-xl-qemut-winxpsp3 fail test-amd64-i386-xl-qemut-winxpsp3 fail test-amd64-amd64-xl-qemuu-winxpsp3 fail test-amd64-i386-xl-qemuu-winxpsp3 fail test-amd64-amd64-xl-winxpsp3 fail test-amd64-i386-xl-winxpsp3 fail ------------------------------------------------------------ sg-report-flight on osstest.cam.xci-test.com logs: /home/xc_osstest/logs images: /home/xc_osstest/images Logs, config files, etc. are available at http://www.chiark.greenend.org.uk/~xensrcts/logs Test harness code can be found at http://xenbits.xensource.com/gitweb=3Fp=3Dosstest.git;a=3Dsummary Not pushing. (No revision log; it would be 1812 lines long.) --===============6522620645029380418== Content-Type: text/plain; charset="us-ascii" MIME-Version: 1.0 Content-Transfer-Encoding: 7bit Content-Disposition: inline _______________________________________________ Xen-devel mailing list Xen-devel@lists.xen.org http://lists.xen.org/xen-devel --===============6522620645029380418==--