* [xen-4.1-testing baseline-only test] 37935: tolerable FAIL
@ 2015-09-16 6:01 Platform Team regression test user
0 siblings, 0 replies; only message in thread
From: Platform Team regression test user @ 2015-09-16 6:01 UTC (permalink / raw)
To: xen-devel, osstest-admin
This run is configured for baseline tests only.
flight 37935 xen-4.1-testing real [real]
http://osstest.xs.citrite.net/~osstest/testlogs/logs/37935/
Failures :-/ but no regressions.
Tests which did not succeed, but are not blocking:
test-amd64-amd64-migrupgrade 1 build-check(1) blocked n/a
test-amd64-i386-rumpuserxen-i386 1 build-check(1) blocked n/a
test-amd64-i386-migrupgrade 1 build-check(1) blocked n/a
test-i386-i386-rumpuserxen-i386 1 build-check(1) blocked n/a
test-amd64-amd64-rumpuserxen-amd64 1 build-check(1) blocked n/a
build-amd64-prev 5 xen-build fail never pass
build-i386-prev 5 xen-build fail never pass
build-i386-rumpuserxen 5 rumpuserxen-build fail never pass
build-amd64-libvirt 5 libvirt-build fail never pass
build-i386-libvirt 5 libvirt-build fail never pass
test-i386-i386-libvirt 5 xen-install fail never pass
test-i386-i386-libvirt-vhd 5 xen-install fail never pass
test-amd64-i386-libvirt 5 xen-install fail never pass
test-amd64-i386-libvirt-qcow2 5 xen-install fail never pass
test-amd64-amd64-xl-vhd 9 debian-di-install fail never pass
test-amd64-i386-libvirt-raw 5 xen-install fail never pass
test-amd64-amd64-libvirt-vhd 5 xen-install fail never pass
test-i386-i386-libvirt-raw 5 xen-install fail never pass
test-amd64-amd64-libvirt-raw 5 xen-install fail never pass
test-amd64-amd64-xl-raw 9 debian-di-install fail never pass
test-amd64-amd64-libvirt-qcow2 5 xen-install fail never pass
test-i386-i386-xl-qcow2 9 debian-di-install fail never pass
test-i386-i386-xl-vhd 9 debian-di-install fail never pass
test-amd64-amd64-libvirt 5 xen-install fail never pass
test-amd64-i386-xl-raw 9 debian-di-install fail never pass
test-i386-i386-xl-raw 9 debian-di-install fail never pass
test-amd64-i386-libvirt-vhd 5 xen-install fail never pass
test-i386-i386-libvirt-qcow2 5 xen-install fail never pass
test-amd64-i386-xl-qcow2 9 debian-di-install fail never pass
test-amd64-i386-xl-vhd 9 debian-di-install fail never pass
build-amd64-rumpuserxen 5 rumpuserxen-build fail never pass
test-amd64-amd64-amd64-pvgrub 10 guest-start fail never pass
test-amd64-amd64-i386-pvgrub 10 guest-start fail never pass
test-amd64-amd64-xl-qcow2 6 xen-boot fail never pass
test-amd64-amd64-pygrub 10 guest-start fail never pass
test-amd64-i386-qemuu-freebsd10-amd64 22 leak-check/check fail never pass
test-amd64-i386-xl-winxpsp3-vcpus1 17 guest-stop fail never pass
test-amd64-i386-xl-win7-amd64 17 guest-stop fail never pass
test-amd64-i386-xl-qemut-winxpsp3-vcpus1 17 guest-stop fail never pass
test-i386-i386-xl-winxpsp3 17 guest-stop fail never pass
test-i386-i386-xl-qemut-winxpsp3 17 guest-stop fail never pass
test-amd64-i386-qemuu-freebsd10-i386 22 leak-check/check fail never pass
test-amd64-i386-xl-qemut-debianhvm-amd64 21 leak-check/check fail never pass
test-amd64-amd64-xl-qemut-win7-amd64 17 guest-stop fail never pass
test-amd64-amd64-xl-winxpsp3 17 guest-stop fail never pass
test-amd64-i386-xend-qemut-winxpsp3 21 leak-check/check fail never pass
test-amd64-i386-xl-qemut-win7-amd64 17 guest-stop fail never pass
test-amd64-amd64-xl-qemut-debianhvm-amd64 21 leak-check/check fail never pass
test-amd64-amd64-xl-win7-amd64 17 guest-stop fail never pass
test-amd64-i386-xend-winxpsp3 21 leak-check/check fail never pass
test-amd64-amd64-xl-qemut-winxpsp3 17 guest-stop fail never pass
version targeted for testing:
xen 40feff8733e2ac27561a27e7c009a61ba3b320fe
baseline version:
xen 8995a94f8f88b174dabd1289d1d54c1dcfe7c78d
Last test of basis 27420 2014-06-21 01:11:33 Z 452 days
Testing same since 37935 2015-09-15 16:26:36 Z 0 days 1 attempts
------------------------------------------------------------
People who touched revisions under test:
Gonglei <arei.gonglei@huawei.com>
Ian Jackson <ian.jackson@eu.citrix.com>
Paolo Bonzini <pbonzini@redhat.com>
Petr Matousek <pmatouse@redhat.com>
Stefan Hajnoczi <stefanha@redhat.com>
jobs:
build-amd64 pass
build-i386 pass
build-amd64-libvirt fail
build-i386-libvirt fail
build-amd64-prev fail
build-i386-prev fail
build-amd64-pvops pass
build-i386-pvops pass
build-amd64-rumpuserxen fail
build-i386-rumpuserxen fail
test-amd64-amd64-xl pass
test-amd64-i386-xl pass
test-i386-i386-xl pass
test-amd64-i386-rhel6hvm-amd pass
test-amd64-i386-qemut-rhel6hvm-amd pass
test-amd64-amd64-xl-qemut-debianhvm-amd64 fail
test-amd64-i386-xl-qemut-debianhvm-amd64 fail
test-amd64-i386-qemuu-freebsd10-amd64 fail
test-amd64-amd64-rumpuserxen-amd64 blocked
test-amd64-amd64-xl-qemut-win7-amd64 fail
test-amd64-i386-xl-qemut-win7-amd64 fail
test-amd64-amd64-xl-win7-amd64 fail
test-amd64-i386-xl-win7-amd64 fail
test-amd64-amd64-xl-credit2 pass
test-i386-i386-xl-credit2 pass
test-amd64-i386-qemuu-freebsd10-i386 fail
test-amd64-i386-rumpuserxen-i386 blocked
test-i386-i386-rumpuserxen-i386 blocked
test-amd64-i386-rhel6hvm-intel pass
test-amd64-i386-qemut-rhel6hvm-intel pass
test-amd64-amd64-libvirt fail
test-amd64-i386-libvirt fail
test-i386-i386-libvirt fail
test-amd64-amd64-migrupgrade blocked
test-amd64-i386-migrupgrade blocked
test-amd64-amd64-xl-multivcpu pass
test-i386-i386-xl-multivcpu pass
test-amd64-amd64-pair pass
test-amd64-i386-pair pass
test-i386-i386-pair pass
test-amd64-amd64-pv pass
test-amd64-i386-pv pass
test-i386-i386-pv pass
test-amd64-amd64-amd64-pvgrub fail
test-amd64-amd64-i386-pvgrub fail
test-amd64-amd64-pygrub fail
test-amd64-amd64-libvirt-qcow2 fail
test-amd64-i386-libvirt-qcow2 fail
test-i386-i386-libvirt-qcow2 fail
test-amd64-amd64-xl-qcow2 fail
test-amd64-i386-xl-qcow2 fail
test-i386-i386-xl-qcow2 fail
test-amd64-amd64-libvirt-raw fail
test-amd64-i386-libvirt-raw fail
test-i386-i386-libvirt-raw fail
test-amd64-amd64-xl-raw fail
test-amd64-i386-xl-raw fail
test-i386-i386-xl-raw fail
test-amd64-i386-xl-qemut-winxpsp3-vcpus1 fail
test-amd64-i386-xl-winxpsp3-vcpus1 fail
test-amd64-amd64-libvirt-vhd fail
test-amd64-i386-libvirt-vhd fail
test-i386-i386-libvirt-vhd fail
test-amd64-amd64-xl-vhd fail
test-amd64-i386-xl-vhd fail
test-i386-i386-xl-vhd fail
test-amd64-i386-xend-qemut-winxpsp3 fail
test-amd64-amd64-xl-qemut-winxpsp3 fail
test-i386-i386-xl-qemut-winxpsp3 fail
test-amd64-i386-xend-winxpsp3 fail
test-amd64-amd64-xl-winxpsp3 fail
test-i386-i386-xl-winxpsp3 fail
------------------------------------------------------------
sg-report-flight on osstest.xs.citrite.net
logs: /home/osstest/logs
images: /home/osstest/images
Logs, config files, etc. are available at
http://osstest.xs.citrite.net/~osstest/testlogs/logs
Test harness code can be found at
http://xenbits.xensource.com/gitweb?p=osstest.git;a=summary
Push not applicable.
------------------------------------------------------------
commit 40feff8733e2ac27561a27e7c009a61ba3b320fe
Author: Ian Jackson <ian.jackson@eu.citrix.com>
Date: Tue Jun 23 11:44:43 2015 +0100
QEMU_TAG update
========================================
commit 77d9bdb27c4237a007ba93a6f159791eed317abc
Author: Petr Matousek <pmatouse@redhat.com>
Date: Sun May 24 10:53:44 2015 +0200
pcnet: force the buffer access to be in bounds during tx
4096 is the maximum length per TMD and it is also currently the size of
the relay buffer pcnet driver uses for sending the packet data to QEMU
for further processing. With packet spanning multiple TMDs it can
happen that the overall packet size will be bigger than sizeof(buffer),
which results in memory corruption.
Fix this by only allowing to queue maximum sizeof(buffer) bytes.
This is CVE-2015-3209.
Signed-off-by: Petr Matousek <pmatouse@redhat.com>
Reported-by: Matt Tait <matttait@google.com>
Reviewed-by: Peter Maydell <peter.maydell@linaro.org>
Reviewed-by: Stefan Hajnoczi <stefanha@redhat.com>
commit bbf2cd02b3d199ae16608fc3fcf53543b4771a10
Author: Gonglei <arei.gonglei@huawei.com>
Date: Tue Jun 23 11:44:28 2015 +0100
pcnet: fix Negative array index read
s->xmit_pos maybe assigned to a negative value (-1),
but in this branch variable s->xmit_pos as an index to
array s->buffer. Let's add a check for s->xmit_pos.
upstream-commit-id: 7b50d00911ddd6d56a766ac5671e47304c20a21b
Signed-off-by: Gonglei <arei.gonglei@huawei.com>
Signed-off-by: Paolo Bonzini <pbonzini@redhat.com>
Reviewed-by: Jason Wang <jasowang@redhat.com>
Reviewed-by: Jason Wang <jasowang@redhat.com>
Signed-off-by: Stefan Hajnoczi <stefanha@redhat.com>
^ permalink raw reply [flat|nested] only message in thread
only message in thread, other threads:[~2015-09-16 6:01 UTC | newest]
Thread overview: (only message) (download: mbox.gz follow: Atom feed
-- links below jump to the message on this page --
2015-09-16 6:01 [xen-4.1-testing baseline-only test] 37935: tolerable FAIL Platform Team regression test user
This is a public inbox, see mirroring instructions
for how to clone and mirror all data and code used for this inbox;
as well as URLs for NNTP newsgroup(s).