From: Platform Team regression test user <osstest@osstest.xs.citrite.net>
To: xen-devel@lists.xensource.com, osstest-admin@xenproject.org
Subject: [xen-4.2-testing baseline-only test] 37936: regressions - FAIL
Date: Wed, 16 Sep 2015 15:12:59 +0100 [thread overview]
Message-ID: <osstest-37936-mainreport@xen.org> (raw)
This run is configured for baseline tests only.
flight 37936 xen-4.2-testing real [real]
http://osstest.xs.citrite.net/~osstest/testlogs/logs/37936/
Regressions :-(
Tests which did not succeed and are blocking,
including tests which could not be run:
test-amd64-amd64-xl-qemut-winxpsp3 6 xen-boot fail REGR. vs. 36512
Tests which did not succeed, but are not blocking:
test-amd64-amd64-rumpuserxen-amd64 1 build-check(1) blocked n/a
test-amd64-amd64-migrupgrade 1 build-check(1) blocked n/a
test-amd64-i386-migrupgrade 1 build-check(1) blocked n/a
test-amd64-i386-rumpuserxen-i386 1 build-check(1) blocked n/a
test-i386-i386-rumpuserxen-i386 1 build-check(1) blocked n/a
build-amd64-prev 5 xen-build fail never pass
build-i386-prev 5 xen-build fail never pass
build-amd64-rumpuserxen 5 rumpuserxen-build fail never pass
build-i386-rumpuserxen 5 rumpuserxen-build fail never pass
test-i386-i386-libvirt-qcow2 9 debian-di-install fail never pass
test-amd64-i386-xl-qcow2 9 debian-di-install fail never pass
test-amd64-i386-libvirt-qcow2 9 debian-di-install fail never pass
test-amd64-i386-xl-qemuu-ovmf-amd64 9 debian-hvm-install fail never pass
test-i386-i386-xl-qcow2 9 debian-di-install fail never pass
test-amd64-amd64-xl-qcow2 9 debian-di-install fail never pass
test-amd64-amd64-libvirt-qcow2 9 debian-di-install fail never pass
test-amd64-amd64-xl-qemuu-ovmf-amd64 9 debian-hvm-install fail never pass
test-amd64-amd64-i386-pvgrub 10 guest-start fail never pass
test-amd64-amd64-amd64-pvgrub 10 guest-start fail never pass
test-amd64-i386-libvirt 12 migrate-support-check fail never pass
test-i386-i386-libvirt 12 migrate-support-check fail never pass
test-amd64-amd64-libvirt 12 migrate-support-check fail never pass
test-amd64-i386-libvirt-vhd 11 migrate-support-check fail never pass
test-i386-i386-libvirt-vhd 11 migrate-support-check fail never pass
test-amd64-i386-libvirt-raw 11 migrate-support-check fail never pass
test-amd64-i386-xl-qemuu-win7-amd64 17 guest-stop fail never pass
test-amd64-i386-xl-qemut-win7-amd64 17 guest-stop fail never pass
test-amd64-amd64-libvirt-raw 11 migrate-support-check fail never pass
test-i386-i386-libvirt-raw 11 migrate-support-check fail never pass
test-amd64-amd64-libvirt-vhd 11 migrate-support-check fail never pass
test-amd64-i386-xl-qemut-winxpsp3-vcpus1 21 leak-check/check fail never pass
test-amd64-amd64-xl-winxpsp3 21 leak-check/check fail never pass
test-i386-i386-xl-qemut-winxpsp3 21 leak-check/check fail never pass
test-amd64-i386-xl-win7-amd64 17 guest-stop fail never pass
test-amd64-amd64-xl-qemut-win7-amd64 17 guest-stop fail never pass
test-amd64-i386-xend-winxpsp3 21 leak-check/check fail never pass
test-amd64-amd64-xl-qemuu-win7-amd64 17 guest-stop fail never pass
test-amd64-i386-xend-qemut-winxpsp3 21 leak-check/check fail never pass
test-amd64-amd64-xl-win7-amd64 17 guest-stop fail never pass
test-amd64-i386-xl-winxpsp3-vcpus1 21 leak-check/check fail never pass
test-i386-i386-xl-winxpsp3 21 leak-check/check fail never pass
version targeted for testing:
xen 32894093072c6ac5e680541669b0d1db263745fa
baseline version:
xen 5bec01c19839e150e489dd04376c65f961830c86
Last test of basis 36512 2015-03-18 07:10:32 Z 182 days
Testing same since 37936 2015-09-15 16:27:47 Z 0 days 1 attempts
------------------------------------------------------------
People who touched revisions under test:
Andrew Cooper <andrew.cooper3@citrix.com>
David Scott <dave.scott@citrix.com>
Ian Campbell <ian,campbell@citrix.com>
Ian Campbell <ian.campbell@citrix.com>
Ian Jackson <ian.jackson@eu.citrix.com>
Jan Beulich <jbeulich@suse.com>
Jim Fehlig <jfehlig@suse.com>
Konrad Rzeszutek Wilk <konrad.wilk@oracle.com>
Matthew Daley <mattjd@gmail.com>
Wei Liu <wei.liu2@citrix.com>
jobs:
build-amd64 pass
build-i386 pass
build-amd64-libvirt pass
build-i386-libvirt pass
build-amd64-prev fail
build-i386-prev fail
build-amd64-pvops pass
build-i386-pvops pass
build-amd64-rumpuserxen fail
build-i386-rumpuserxen fail
test-amd64-amd64-xl pass
test-amd64-i386-xl pass
test-i386-i386-xl pass
test-amd64-i386-rhel6hvm-amd pass
test-amd64-i386-qemut-rhel6hvm-amd pass
test-amd64-i386-qemuu-rhel6hvm-amd pass
test-amd64-amd64-xl-qemut-debianhvm-amd64 pass
test-amd64-i386-xl-qemut-debianhvm-amd64 pass
test-amd64-amd64-xl-qemuu-debianhvm-amd64 pass
test-amd64-i386-xl-qemuu-debianhvm-amd64 pass
test-amd64-i386-qemuu-freebsd10-amd64 pass
test-amd64-amd64-xl-qemuu-ovmf-amd64 fail
test-amd64-i386-xl-qemuu-ovmf-amd64 fail
test-amd64-amd64-rumpuserxen-amd64 blocked
test-amd64-amd64-xl-qemut-win7-amd64 fail
test-amd64-i386-xl-qemut-win7-amd64 fail
test-amd64-amd64-xl-qemuu-win7-amd64 fail
test-amd64-i386-xl-qemuu-win7-amd64 fail
test-amd64-amd64-xl-win7-amd64 fail
test-amd64-i386-xl-win7-amd64 fail
test-amd64-amd64-xl-credit2 pass
test-i386-i386-xl-credit2 pass
test-amd64-i386-qemuu-freebsd10-i386 pass
test-amd64-i386-rumpuserxen-i386 blocked
test-i386-i386-rumpuserxen-i386 blocked
test-amd64-i386-rhel6hvm-intel pass
test-amd64-i386-qemut-rhel6hvm-intel pass
test-amd64-i386-qemuu-rhel6hvm-intel pass
test-amd64-amd64-libvirt pass
test-amd64-i386-libvirt pass
test-i386-i386-libvirt pass
test-amd64-amd64-migrupgrade blocked
test-amd64-i386-migrupgrade blocked
test-amd64-amd64-xl-multivcpu pass
test-i386-i386-xl-multivcpu pass
test-amd64-amd64-pair pass
test-amd64-i386-pair pass
test-i386-i386-pair pass
test-amd64-amd64-pv pass
test-amd64-i386-pv pass
test-i386-i386-pv pass
test-amd64-amd64-amd64-pvgrub fail
test-amd64-amd64-i386-pvgrub fail
test-amd64-amd64-pygrub pass
test-amd64-amd64-libvirt-qcow2 fail
test-amd64-i386-libvirt-qcow2 fail
test-i386-i386-libvirt-qcow2 fail
test-amd64-amd64-xl-qcow2 fail
test-amd64-i386-xl-qcow2 fail
test-i386-i386-xl-qcow2 fail
test-amd64-amd64-libvirt-raw pass
test-amd64-i386-libvirt-raw pass
test-i386-i386-libvirt-raw pass
test-amd64-amd64-xl-raw pass
test-amd64-i386-xl-raw pass
test-i386-i386-xl-raw pass
test-amd64-i386-xl-qemut-winxpsp3-vcpus1 fail
test-amd64-i386-xl-qemuu-winxpsp3-vcpus1 pass
test-amd64-i386-xl-winxpsp3-vcpus1 fail
test-amd64-amd64-libvirt-vhd pass
test-amd64-i386-libvirt-vhd pass
test-i386-i386-libvirt-vhd pass
test-amd64-amd64-xl-vhd pass
test-amd64-i386-xl-vhd pass
test-i386-i386-xl-vhd pass
test-amd64-i386-xend-qemut-winxpsp3 fail
test-amd64-amd64-xl-qemut-winxpsp3 fail
test-i386-i386-xl-qemut-winxpsp3 fail
test-amd64-amd64-xl-qemuu-winxpsp3 pass
test-i386-i386-xl-qemuu-winxpsp3 pass
test-amd64-i386-xend-winxpsp3 fail
test-amd64-amd64-xl-winxpsp3 fail
test-i386-i386-xl-winxpsp3 fail
------------------------------------------------------------
sg-report-flight on osstest.xs.citrite.net
logs: /home/osstest/logs
images: /home/osstest/images
Logs, config files, etc. are available at
http://osstest.xs.citrite.net/~osstest/testlogs/logs
Test harness code can be found at
http://xenbits.xensource.com/gitweb?p=osstest.git;a=summary
Push not applicable.
(No revision log; it would be 576 lines long.)
reply other threads:[~2015-09-16 14:12 UTC|newest]
Thread overview: [no followups] expand[flat|nested] mbox.gz Atom feed
Reply instructions:
You may reply publicly to this message via plain-text email
using any one of the following methods:
* Save the following mbox file, import it into your mail client,
and reply-to-all from there: mbox
Avoid top-posting and favor interleaved quoting:
https://en.wikipedia.org/wiki/Posting_style#Interleaved_style
* Reply using the --to, --cc, and --in-reply-to
switches of git-send-email(1):
git send-email \
--in-reply-to=osstest-37936-mainreport@xen.org \
--to=osstest@osstest.xs.citrite.net \
--cc=osstest-admin@xenproject.org \
--cc=xen-devel@lists.xensource.com \
/path/to/YOUR_REPLY
https://kernel.org/pub/software/scm/git/docs/git-send-email.html
* If your mail client supports setting the In-Reply-To header
via mailto: links, try the mailto: link
Be sure your reply has a Subject: header at the top and a blank line
before the message body.
This is a public inbox, see mirroring instructions
for how to clone and mirror all data and code used for this inbox;
as well as URLs for NNTP newsgroup(s).