xen-devel.lists.xenproject.org archive mirror
 help / color / mirror / Atom feed
* [xen-unstable baseline-only test] 37938: tolerable FAIL
@ 2015-09-17 12:33 Platform Team regression test user
  0 siblings, 0 replies; only message in thread
From: Platform Team regression test user @ 2015-09-17 12:33 UTC (permalink / raw)
  To: xen-devel, osstest-admin

[-- Attachment #1: Type: text/plain, Size: 15037 bytes --]

This run is configured for baseline tests only.

flight 37938 xen-unstable real [real]
http://osstest.xs.citrite.net/~osstest/testlogs/logs/37938/

Failures :-/ but no regressions.

Regressions which are regarded as allowable (not blocking):
 test-amd64-i386-xl-qemuu-win7-amd64 17 guest-stop         fail REGR. vs. 37590

Tests which did not succeed, but are not blocking:
 test-armhf-armhf-xl-qcow2     9 debian-di-install            fail   never pass
 test-armhf-armhf-xl-vhd       9 debian-di-install            fail   never pass
 test-armhf-armhf-libvirt-vhd  9 debian-di-install            fail   never pass
 test-armhf-armhf-libvirt-qcow2  9 debian-di-install            fail never pass
 test-armhf-armhf-xl-raw       9 debian-di-install            fail   never pass
 test-armhf-armhf-libvirt-raw  9 debian-di-install            fail   never pass
 test-armhf-armhf-libvirt     14 guest-saverestore            fail   never pass
 test-armhf-armhf-libvirt     12 migrate-support-check        fail   never pass
 test-amd64-amd64-rumpuserxen-amd64 15 rumpuserxen-demo-xenstorels/xenstorels.repeat fail never pass
 test-armhf-armhf-libvirt-xsm 12 migrate-support-check        fail   never pass
 test-armhf-armhf-libvirt-xsm 14 guest-saverestore            fail   never pass
 test-amd64-amd64-xl-pvh-amd  11 guest-start                  fail   never pass
 test-amd64-amd64-xl-pvh-intel 11 guest-start                  fail  never pass
 test-amd64-i386-xl-qemut-stubdom-debianhvm-amd64-xsm 9 debian-hvm-install fail never pass
 test-armhf-armhf-xl          12 migrate-support-check        fail   never pass
 test-armhf-armhf-xl          13 saverestore-support-check    fail   never pass
 test-armhf-armhf-xl-xsm      13 saverestore-support-check    fail   never pass
 test-armhf-armhf-xl-xsm      12 migrate-support-check        fail   never pass
 test-armhf-armhf-xl-multivcpu 13 saverestore-support-check    fail  never pass
 test-armhf-armhf-xl-multivcpu 12 migrate-support-check        fail  never pass
 test-armhf-armhf-xl-midway   13 saverestore-support-check    fail   never pass
 test-armhf-armhf-xl-midway   12 migrate-support-check        fail   never pass
 test-armhf-armhf-xl-credit2  13 saverestore-support-check    fail   never pass
 test-armhf-armhf-xl-credit2  12 migrate-support-check        fail   never pass
 test-armhf-armhf-xl-rtds     13 saverestore-support-check    fail   never pass
 test-armhf-armhf-xl-rtds     12 migrate-support-check        fail   never pass
 test-amd64-i386-libvirt      12 migrate-support-check        fail   never pass
 test-amd64-i386-libvirt-xsm  12 migrate-support-check        fail   never pass
 test-amd64-amd64-libvirt-xsm 12 migrate-support-check        fail   never pass
 test-amd64-i386-libvirt-raw  11 migrate-support-check        fail   never pass
 test-amd64-amd64-libvirt     12 migrate-support-check        fail   never pass
 test-amd64-amd64-libvirt-pair 21 guest-migrate/src_host/dst_host fail never pass
 test-amd64-i386-libvirt-pair 21 guest-migrate/src_host/dst_host fail never pass
 test-amd64-amd64-libvirt-vhd 11 migrate-support-check        fail   never pass
 test-amd64-amd64-libvirt-qcow2 11 migrate-support-check        fail never pass
 test-amd64-i386-libvirt-qcow2 11 migrate-support-check        fail  never pass
 test-amd64-amd64-libvirt-raw 11 migrate-support-check        fail   never pass
 test-amd64-i386-libvirt-vhd  11 migrate-support-check        fail   never pass
 test-amd64-i386-libvirt-qemuu-debianhvm-amd64-xsm 10 migrate-support-check fail never pass
 test-amd64-amd64-libvirt-qemuu-debianhvm-amd64-xsm 10 migrate-support-check fail never pass
 test-amd64-amd64-xl-qemuu-win7-amd64 17 guest-stop             fail never pass
 test-amd64-amd64-xl-qemut-win7-amd64 17 guest-stop             fail never pass
 test-amd64-i386-xl-qemut-win7-amd64 17 guest-stop              fail never pass

version targeted for testing:
 xen                  a7b39c8bd6cba3fe1c8012987b9e28bdbac7e92d
baseline version:
 xen                  e13013dbf1d5997915548a3b5f1c39594d8c1d7b

Last test of basis    37590  2015-05-26 15:29:41 Z  113 days
Testing same since    37938  2015-09-15 16:29:30 Z    1 days    1 attempts

------------------------------------------------------------
People who touched revisions under test:
  Alan Robinson <Alan.Robinson@ts.fujitsu.com>
  Andres Lagar-Cavilla <andres@lagarcavilla.org>
  Andrew Cooper <andrew.cooper3@citrix.com>
  Andrew Cooper <andrew.cooper3@citrix.com> for the x86 bits.
  Anshul Makkar <anshul.makkar@citrix.com>
  Anthony PERARD <anthony.perard@citrix.com>
  Aravind Gopalakrishnan <aravind.gopalakrishnan@amd.com>
  Ard Biesheuvel <ard@linaro.org>
  Ben Catterall <Ben.Catterall@citrix.com>
  Boris Ostrovsky <boris.ostrovsky@oracle.com>
  Chao Peng <chao.p.peng@linux.intel.com>
  Charles Arnold <carnold@suse.com>
  Chen Baozi <baozich@gmail.com>
  Chris (Christopher) Brand <chris.brand@broadcom.com>
  Chris Brand <chris.brand@broadcom.com>
  Daniel De Graaf <dgdegra@tycho.nsa.gov>
  Daniel Kiper <daniel.kiper@oracle.com>
  Dario Faggioli <dario.faggioli@citrix.com>
  Dave Scott <dave.scott@eu.citrix.com>
  David Scott <dave.scott@citrix.com>
  David Scott <dave.scott@eu.citrix.com>
  David Scott <dave@recoil.org>
  David Vrabel <david.vrabel@citrix.com>
  Dietmar Hahn <Dietmar.Hahn@ts.fujitsu.com>
  Don Dugger <donald.d.dugger@intel.com>
  Don Slutz <dslutz@verizon.com>
  Doug Goldstein <cardoe@cardoe.com>
  Ed White <edmund.h.white@intel.com>
  Elena Ufimtseva <elena.ufimtseva@oracle.com>
  Eric Shelton <eshelton@pobox.com>
  Euan Harris <euan.harris@citrix.com>
  Fabio Fantoni <fabio.fantoni@m2r.biz>
  Feng Wu <feng.wu@intel.com>
  George Dunlap <george.dunlap@citrix.com>
  George Dunlap <george.dunlap@eu.citrix.com>
  Huaitong Han <huaitong.han@intel.com>
  Ian Campbell <ian,campbell@citrix.com>
  Ian Campbell <ian.campbell@citrix.com>
  Ian Jackson <ian.jackson@eu.citrix.com>
  Jan Beulich <jbeulich@suse.com>
  Jean Delvare <jdelvare@suse.de>
  Jen Beulich <jbeulich@suse.com>
  Jennifer Herbert <jennifer.herbert@citrix.com>
  Jim Fehlig <jfehlig@suse.com>
  Jonathan Creekmore <jonathan.creekmore@gmail.com>
  Juergen Gross <jgross@suse.com>
  Julien Grall <julien.grall@citrix.com>
  Julien Grall <julien.grall@citrix.com> (ARM)
  Julien Grall <julien.grall@linaro.org>
  Jun Nakajima <jun.nakajima@intel.com>
  Kevin Tian <kevin.tian@intel.com>
  Konrad Rzeszutek Wilk <konrad.wilk@oracle.com>
  Len Brown <len.brown@intel.com>
  Liang Li <liang.z.li@intel.com>
  Malcolm Crossley <malcolm.crossley@citrix.com>
  Martin Lucina <martin@lucina.net>
  Olaf Hering <olaf@aepfle.de>
  Paul Durrant <paul.durrant@citrix.com>
  Pranavkumar Sawargaonkar <pranavkumar@linaro.org>
  Ravi Sahita <ravi.sahita@intel.com>
  Razvan Cojocaru <rcojocaru@bitdefender.com>
  Rob Hoes <rob.hoes@citrix.com>
  Roger Pau Monne <roger.pau@citrix.com>
  Roger Pau Monné <roger.pau@citrix.com>
  Ross Lagerwall <ross.lagerwall@citrix.com>
  Samuel Thibault <samuel.thibault@ens-lyon.org>
  Sander Eikelenboom <linux@eikelenboom.it>
  Shameerali Kolothum Thodi <shameerali.kolothum.thodi@huawei.com>
  Tamas K Lengyel <tamas@tklengyel.com>
  Tamas K Lengyel <tklengyel@sec.in.tum.de>
  Tamas K Lengyel <tlengyel@novetta.com>
  Thomas Leonard <talex5@gmail.com>
  Tiejun Chen <tiejun.chen@intel.com>
  Tim Deegan <tim@xen.org>
  Ting-Wei Lan <lantw44@gmail.com>
  Vijaya Kumar K <Vijaya.Kumar@caviumnetworks.com>
  Vitaly Kuznetsov <vkuznets@redhat.com>
  Wei Liu <wei.liu2@citrix.com>
  Wei Liu <wei.liu2@citrix.com> [release + toolstack]
  Wei Wang <wei.w.wang@intel.com>
  Wen Congyang <wency@cn.fujitsu.com>
  Yang Hongyang <yanghy@cn.fujitsu.com>
  Yang Zhang <yang.z.zhang@intel.com>
  Zhigang Wang <zhigang.x.wang@oracle.com>

jobs:
 build-amd64-xsm                                              pass
 build-armhf-xsm                                              pass
 build-i386-xsm                                               pass
 build-amd64                                                  pass
 build-armhf                                                  pass
 build-i386                                                   pass
 build-amd64-libvirt                                          pass
 build-armhf-libvirt                                          pass
 build-i386-libvirt                                           pass
 build-amd64-oldkern                                          pass
 build-i386-oldkern                                           pass
 build-amd64-prev                                             pass
 build-i386-prev                                              pass
 build-amd64-pvops                                            pass
 build-armhf-pvops                                            pass
 build-i386-pvops                                             pass
 build-amd64-rumpuserxen                                      pass
 build-i386-rumpuserxen                                       pass
 test-amd64-amd64-xl                                          pass
 test-armhf-armhf-xl                                          pass
 test-amd64-i386-xl                                           pass
 test-amd64-amd64-xl-qemut-debianhvm-amd64-xsm                pass
 test-amd64-i386-xl-qemut-debianhvm-amd64-xsm                 pass
 test-amd64-amd64-libvirt-qemuu-debianhvm-amd64-xsm           pass
 test-amd64-i386-libvirt-qemuu-debianhvm-amd64-xsm            pass
 test-amd64-amd64-xl-qemuu-debianhvm-amd64-xsm                pass
 test-amd64-i386-xl-qemuu-debianhvm-amd64-xsm                 pass
 test-amd64-amd64-xl-qemut-stubdom-debianhvm-amd64-xsm        pass
 test-amd64-i386-xl-qemut-stubdom-debianhvm-amd64-xsm         fail
 test-amd64-amd64-libvirt-xsm                                 pass
 test-armhf-armhf-libvirt-xsm                                 fail
 test-amd64-i386-libvirt-xsm                                  pass
 test-amd64-amd64-xl-xsm                                      pass
 test-armhf-armhf-xl-xsm                                      pass
 test-amd64-i386-xl-xsm                                       pass
 test-amd64-amd64-xl-pvh-amd                                  fail
 test-amd64-i386-qemut-rhel6hvm-amd                           pass
 test-amd64-i386-qemuu-rhel6hvm-amd                           pass
 test-amd64-amd64-xl-qemut-debianhvm-amd64                    pass
 test-amd64-i386-xl-qemut-debianhvm-amd64                     pass
 test-amd64-amd64-xl-qemuu-debianhvm-amd64                    pass
 test-amd64-i386-xl-qemuu-debianhvm-amd64                     pass
 test-amd64-i386-freebsd10-amd64                              pass
 test-amd64-amd64-xl-qemuu-ovmf-amd64                         pass
 test-amd64-i386-xl-qemuu-ovmf-amd64                          pass
 test-amd64-amd64-rumpuserxen-amd64                           fail
 test-amd64-amd64-xl-qemut-win7-amd64                         fail
 test-amd64-i386-xl-qemut-win7-amd64                          fail
 test-amd64-amd64-xl-qemuu-win7-amd64                         fail
 test-amd64-i386-xl-qemuu-win7-amd64                          fail
 test-amd64-amd64-xl-credit2                                  pass
 test-armhf-armhf-xl-credit2                                  pass
 test-amd64-i386-freebsd10-i386                               pass
 test-amd64-i386-rumpuserxen-i386                             pass
 test-amd64-amd64-xl-pvh-intel                                fail
 test-amd64-i386-qemut-rhel6hvm-intel                         pass
 test-amd64-i386-qemuu-rhel6hvm-intel                         pass
 test-amd64-amd64-libvirt                                     pass
 test-armhf-armhf-libvirt                                     fail
 test-amd64-i386-libvirt                                      pass
 test-armhf-armhf-xl-midway                                   pass
 test-amd64-amd64-migrupgrade                                 pass
 test-amd64-i386-migrupgrade                                  pass
 test-amd64-amd64-xl-multivcpu                                pass
 test-armhf-armhf-xl-multivcpu                                pass
 test-amd64-amd64-pair                                        pass
 test-amd64-i386-pair                                         pass
 test-amd64-amd64-libvirt-pair                                fail
 test-amd64-i386-libvirt-pair                                 fail
 test-amd64-amd64-amd64-pvgrub                                pass
 test-amd64-amd64-i386-pvgrub                                 pass
 test-amd64-amd64-pygrub                                      pass
 test-amd64-amd64-libvirt-qcow2                               pass
 test-armhf-armhf-libvirt-qcow2                               fail
 test-amd64-i386-libvirt-qcow2                                pass
 test-amd64-amd64-xl-qcow2                                    pass
 test-armhf-armhf-xl-qcow2                                    fail
 test-amd64-i386-xl-qcow2                                     pass
 test-amd64-amd64-libvirt-raw                                 pass
 test-armhf-armhf-libvirt-raw                                 fail
 test-amd64-i386-libvirt-raw                                  pass
 test-amd64-amd64-xl-raw                                      pass
 test-armhf-armhf-xl-raw                                      fail
 test-amd64-i386-xl-raw                                       pass
 test-amd64-amd64-xl-rtds                                     pass
 test-armhf-armhf-xl-rtds                                     pass
 test-amd64-i386-xl-qemut-winxpsp3-vcpus1                     pass
 test-amd64-i386-xl-qemuu-winxpsp3-vcpus1                     pass
 test-amd64-amd64-libvirt-vhd                                 pass
 test-armhf-armhf-libvirt-vhd                                 fail
 test-amd64-i386-libvirt-vhd                                  pass
 test-amd64-amd64-xl-vhd                                      pass
 test-armhf-armhf-xl-vhd                                      fail
 test-amd64-i386-xl-vhd                                       pass
 test-amd64-amd64-xl-qemut-winxpsp3                           pass
 test-amd64-i386-xl-qemut-winxpsp3                            pass
 test-amd64-amd64-xl-qemuu-winxpsp3                           pass
 test-amd64-i386-xl-qemuu-winxpsp3                            pass


------------------------------------------------------------
sg-report-flight on osstest.xs.citrite.net
logs: /home/osstest/logs
images: /home/osstest/images

Logs, config files, etc. are available at
    http://osstest.xs.citrite.net/~osstest/testlogs/logs

Test harness code can be found at
    http://xenbits.xensource.com/gitweb?p=osstest.git;a=summary


Push not applicable.

(No revision log; it would be 12849 lines long.)


[-- Attachment #2: Type: text/plain, Size: 126 bytes --]

_______________________________________________
Xen-devel mailing list
Xen-devel@lists.xen.org
http://lists.xen.org/xen-devel

^ permalink raw reply	[flat|nested] only message in thread

only message in thread, other threads:[~2015-09-17 12:33 UTC | newest]

Thread overview: (only message) (download: mbox.gz follow: Atom feed
-- links below jump to the message on this page --
2015-09-17 12:33 [xen-unstable baseline-only test] 37938: tolerable FAIL Platform Team regression test user

This is a public inbox, see mirroring instructions
for how to clone and mirror all data and code used for this inbox;
as well as URLs for NNTP newsgroup(s).