xen-devel.lists.xenproject.org archive mirror
 help / color / mirror / Atom feed
* [qemu-mainline baseline-only test] 37964: tolerable FAIL
@ 2015-09-18 16:47 Platform Team regression test user
  0 siblings, 0 replies; only message in thread
From: Platform Team regression test user @ 2015-09-18 16:47 UTC (permalink / raw)
  To: xen-devel, osstest-admin

[-- Attachment #1: Type: text/plain, Size: 19886 bytes --]

This run is configured for baseline tests only.

flight 37964 qemu-mainline real [real]
http://osstest.xs.citrite.net/~osstest/testlogs/logs/37964/

Failures :-/ but no regressions.

Tests which did not succeed, but are not blocking:
 test-armhf-armhf-xl-vhd       9 debian-di-install            fail   never pass
 test-armhf-armhf-libvirt-vhd  9 debian-di-install            fail   never pass
 test-armhf-armhf-libvirt-qcow2  9 debian-di-install            fail never pass
 test-armhf-armhf-xl-qcow2     9 debian-di-install            fail   never pass
 test-armhf-armhf-libvirt-raw  9 debian-di-install            fail   never pass
 test-armhf-armhf-xl-raw       9 debian-di-install            fail   never pass
 test-amd64-amd64-xl-pvh-intel 11 guest-start                  fail  never pass
 test-armhf-armhf-libvirt-xsm 12 migrate-support-check        fail   never pass
 test-armhf-armhf-libvirt-xsm 14 guest-saverestore            fail   never pass
 test-armhf-armhf-libvirt     14 guest-saverestore            fail   never pass
 test-armhf-armhf-libvirt     12 migrate-support-check        fail   never pass
 test-amd64-amd64-xl-pvh-amd  11 guest-start                  fail   never pass
 test-armhf-armhf-xl          12 migrate-support-check        fail   never pass
 test-armhf-armhf-xl          13 saverestore-support-check    fail   never pass
 test-armhf-armhf-xl-multivcpu 13 saverestore-support-check    fail  never pass
 test-armhf-armhf-xl-multivcpu 12 migrate-support-check        fail  never pass
 test-armhf-armhf-xl-midway   13 saverestore-support-check    fail   never pass
 test-armhf-armhf-xl-midway   16 guest-start/debian.repeat    fail   never pass
 test-armhf-armhf-xl-midway   12 migrate-support-check        fail   never pass
 test-armhf-armhf-xl-credit2  13 saverestore-support-check    fail   never pass
 test-armhf-armhf-xl-credit2  12 migrate-support-check        fail   never pass
 test-armhf-armhf-xl-xsm      13 saverestore-support-check    fail   never pass
 test-armhf-armhf-xl-xsm      12 migrate-support-check        fail   never pass
 test-amd64-i386-libvirt      12 migrate-support-check        fail   never pass
 test-armhf-armhf-xl-rtds     13 saverestore-support-check    fail   never pass
 test-armhf-armhf-xl-rtds     12 migrate-support-check        fail   never pass
 test-amd64-amd64-libvirt-xsm 12 migrate-support-check        fail   never pass
 test-amd64-i386-libvirt-xsm  12 migrate-support-check        fail   never pass
 test-amd64-amd64-libvirt     12 migrate-support-check        fail   never pass
 test-amd64-i386-libvirt-pair 21 guest-migrate/src_host/dst_host fail never pass
 test-amd64-i386-libvirt-raw  11 migrate-support-check        fail   never pass
 test-amd64-amd64-libvirt-pair 21 guest-migrate/src_host/dst_host fail never pass
 test-amd64-i386-libvirt-qemuu-debianhvm-amd64-xsm 10 migrate-support-check fail never pass
 test-amd64-amd64-libvirt-raw 11 migrate-support-check        fail   never pass
 test-amd64-amd64-libvirt-qcow2 11 migrate-support-check        fail never pass
 test-amd64-i386-libvirt-qcow2 11 migrate-support-check        fail  never pass
 test-amd64-amd64-libvirt-qemuu-debianhvm-amd64-xsm 10 migrate-support-check fail never pass
 test-amd64-i386-libvirt-vhd   9 debian-di-install            fail   never pass
 test-amd64-amd64-libvirt-vhd  9 debian-di-install            fail   never pass
 test-amd64-i386-xl-qemuu-win7-amd64 17 guest-stop              fail never pass
 test-amd64-i386-xl-vhd        9 debian-di-install            fail   never pass
 test-amd64-amd64-xl-vhd       9 debian-di-install            fail   never pass
 test-amd64-amd64-xl-qemuu-win7-amd64 17 guest-stop             fail never pass

version targeted for testing:
 qemuu                fc04a730b7e60f4a62d6260d4eb9c537d1d3643f
baseline version:
 qemuu                054903a832b865eb5432d79b5c9d1e1ff31b58d7

Last test of basis    36760  2015-03-25 12:23:33 Z  177 days
Testing same since    37964  2015-09-18 06:49:30 Z    0 days    1 attempts

------------------------------------------------------------
People who touched revisions under test:
  Adrian Huang <adrianhuang0701@gmail.com>
  Alberto Garcia <berto@igalia.com>
  Alex Bennée <alex.bennee@linaro.org>
  Alex Williamson <alex.williamson@redhat.com>
  Alexander Graf <agraf@suse.de>
  Alexander Yarygin <yarygin@linux.vnet.ibm.com>
  Alexey Kardashevskiy <aik@ozlabs.ru>
  Alistair Francis <alistair.francis@xilinx.com>
  Alvise Rigo <a.rigo@virtualopensystems.com>
  Amit Shah <amit.shah@redhat.com>
  Andreas Färber <afaerber@suse.de>
  Andrew Bennett <andrew.bennett@imgtec.com>
  Andrew Jones <drjones@redhat.com>
  Aneesh Kumar K.V <aneesh.kumar@linux.vnet.ibm.com>
  Anthony PERARD <anthony.perard@citrix.com>
  Artyom Tarasenko <atar4qemu@gmail.com>
  Aurelien Jarno <aurelien@aurel32.net>
  Aurelio C. Remonda <aurelioremonda@gmail.com>
  Bandan Das <bsd@redhat.com>
  Bastian Koppelmann <kbastian@mail.uni-paderborn.de>
  Benjamin Herrenschmidt <benh@kernel.crashing.org>
  Benoit Canet <benoit.canet@nodalink.com>
  Benoît Canet <benoit.canet@nodalink.com>
  Bharata B Rao <bharata@linux.vnet.com>
  Bharata B Rao <bharata@linux.vnet.ibm.com>
  Bo Tu <tubo@linux.vnet.ibm.com>
  Bogdan Purcareata <bogdan.purcareata@freescale.com>
  Brian Kress <kressb@moose.net>
  Bruce Rogers <brogers@suse.com>
  Changchun Ouyang <changchun.ouyang@intel.com>
  Chen Hanxiao <chenhanxiao@cn.fujitsu.com>
  Chih-Min Chao <cmchao@gmail.com>
  Christian Borntraeger <borntraeger@de.ibm.com>
  Christoffer Dall <christoffer.dall@linaro.org>
  Christoph Hellwig <hch@lst.de>
  Christophe Fergeau <cfergeau@redhat.com>
  Christopher Covington <christopher.covington@linaro.org>
  Christopher Covington <cov@codeaurora.org>
  Claudio Fontana <claudio.fontana@huawei.com>
  Cole Robinson <crobinso@redhat.com>
  Cormac O'Brien <i.am.cormac.obrien@gmail.com>
  Cornelia Huck <cornelia.huck@de.ibm.com>
  Cédric Le Goater <clg@fr.ibm.com>
  Dana Rubin <dana.rubin@ravellosystems.com>
  Daniel P. Berrange <berrange@redhat.com>
  Daniel Stekloff <dan@wendan.org>
  Dave Airlie <airlied@redhat.com>
  David Ahern <dsahern@gmail.com>
  David Gibson <david@gibson.dropbear.id.au>
  David Hildenbrand <dahi@linux.vnet.ibm.com>
  Denis V. Lunev <den@openvz.org>
  Dimitris Aragiorgis <dimara@arrikto.com>
  Dirk Mueller <dmueller@suse.com>
  Dirk Müller <dirk@dmllr.de>
  Dmitry Osipenko <digetx@gmail.com>
  Dmitry Poletaev <poletaev-qemu@yandex.ru>
  Don Slutz <dslutz@verizon.com>
  Dr. David Alan Gilbert <dgilbert@redhat.com>
  Ed Maste <emaste@freebsd.org>
  Edgar E. Iglesias <edgar.iglesias@gmail.com>
  Edgar E. Iglesias <edgar.iglesias@xilinx.com>
  Eduardo Habkost <ehabkost@redhat.com>
  Eduardo Otubo <eduardo.otubo@profitbricks.com>
  Ekaterina Tumanova <tumanova@linux.vnet.ibm.com>
  Emilio G. Cota <cota@braap.org>
  Eric Auger <eric.auger@linaro.org>
  Eric Blake <eblake@redhat.com>
  Eric Farman <farman@linux.vnet.ibm.com>
  Fabian Aggeler <aggelerf@ethz.ch>
  Fabien Chouteau <chouteau@adacore.com>
  Fabio Fantoni <fabio.fantoni@m2r.biz>
  Fam Zheng <famz@redhat.com>
  Frediano Ziglio <fziglio@redhat.com>
  G 3 <programmingkidx@gmail.com>
  Gabriel L. Somlo <somlo@cmu.edu>
  Gabriel Laupre <glaupre@chelsio.com>
  Gabriel Somlo <somlo@cmu.edu>
  Gal Hammer <ghammer@redhat.com>
  Gavin Shan <gwshan@linux.vnet.ibm.com>
  George Dunlap <george.dunlap@eu.citrix.com>
  Gerd Hoffmann <kraxel@redhat.com>
  Gonglei <arei.gonglei@huawei.com>
  Greg Bellows <greg.bellows@linaro.org>
  Greg Kurz <gkurz@linux.vnet.ibm.com>
  Greg Ungerer <gerg@uclinux.org>
  Hannes Reinecke <hare@suse.com>
  Hannes Reinecke <hare@suse.de>
  Hervé Poussineau <hpoussin@reactos.org>
  Hitoshi Mitake <mitake.hitoshi@lab.ntt.co.jp>
  Ian Campbell <ian.campbell@citrix.com>
  Igor Mammedov <imammedo@redhat.com>
  Ikey Doherty <michael.i.doherty@intel.com>
  James Bottomley <JBottomley@Odin.com>
  James Hogan <james.hogan@imgtec.com>
  Jan Beulich <jbeulich@suse.com>
  Jan Kiszka <jan.kiszka@siemens.com>
  Jason J. Herne <jjherne@linux.vnet.ibm.com>
  Jason Wang <jasowang@redhat.com>
  Jean-Christophe Dubois <jcd@tribudubois.net>
  Jeff Cody <jcody@redhat.com>
  Jens Freimann <jfrei@linux.vnet.ibm.com>
  Jindřich Makovička <makovick@gmail.com>
  Jiri Pirko <jiri@resnulli.us>
  Johan Karlsson <johan.karlsson@enea.com>
  Johannes Schlatow <schlatow@ida.ing.tu-bs.de>
  John Arbuckle <programmingkidx@gmail.com>
  John Snow <jsnow@redhat.com>
  Jordan Justen <jordan.l.justen@intel.com>
  Joseph Hindin <jhindin@daynix.com>
  Josh Durgin <jdurgin@redhat.com>
  Juan Quintela <quintela@redhat.com>
  Justin Ossevoort <justin@quarantainenet.nl>
  Ján Tomko <jtomko@redhat.com>
  Kamalesh Babulal <kamalesh@linux.vnet.ibm.com>
  Kashyap Chamarthy <kchamart@redhat.com>
  Keith Busch <keith.busch@intel.com>
  Kevin Wolf <kwolf@redhat.com>
  Kim Phillips <kim.phillips@linaro.org>
  Kirk Allan <kallan@suse.com>
  Kővágó, Zoltán <DirtY.iCE.hu@gmail.com>
  Laszlo Ersek <lersek@redhat.com>
  Laurent Desnogues <laurent.desnogues@gmail.com>
  Laurent Vivier <laurent@vivier.eu>
  Laurent Vivier <lvivier@redhat.com>
  Leif Lindholm <leif.lindholm@linaro.org>
  Leon Alrae <leon.alrae@imgtec.com>
  Leonid Bloch <leonid@daynix.com>
  Li Zhijian <lizhijian@cn.fujitsu.com>
  Liang Li <liang.z.li@intel.com>
  Lin Ma <lma@suse.com>
  Liviu Ionescu <ilg@livius.net>
  Lu Lina <lina.lulina@huawei.com>
  Luiz Capitulino <lcapitulino@redhat.com>
  Luke Gorrie <luke@snabb.co>
  Maciej W. Rozycki <macro@codesourcery.com>
  Mao Chuan Li <maochuan@linux.vnet.ibm.com>
  Marc-André Lureau <marcandre.lureau@gmail.com>
  Marc-André Lureau <marcandre.lureau@redhat.com>
  Marcel Apfelbaum <marcel.a@redhat.com>
  Marcel Apfelbaum <marcel@redhat.com>
  Mark Cave-Ayland <mark.cave-ayland@ailande.co.uk>
  Mark Cave-Ayland <mark.cave-ayland@ilande.co.uk>
  Markus Armbruster <armbru@redhat.com>
  Martin Cerveny <M.Cerveny@computer.org>
  Martin Kletzander <mkletzan@redhat.com>
  Matthew Fortune <matthew.fortune@imgtec.com>
  Matthew Rosato <mjrosato@linux.vnet.ibm.com>
  Max Filippov <jcmvbkbc@gmail.com>
  Max Reitz <mreitz@redhat.com>
  Meghana Cheripady <meghana.cheripady@avagotech.com>
  Meghana Cheripady <meghana.cheripady@emulex.com>
  Michael Chapman <mike@very.puzzling.org>
  Michael Mueller <mimu@linux.vnet.ibm.com>
  Michael Roth <mdroth@linux.vnet.ibm.com>
  Michael S. Tsirkin <mst@redhat.com>
  Michael Tokarev <mjt@tls.msk.ru>
  Michael Walle <michael@walle.cc>
  Michal Kazior <michal.kazior@tieto.com>
  Michal Privoznik <mprivozn@redhat.com>
  Mike Day <ncmike@ncultra.org>
  Miroslav Rezanina <mrezanin@redhat.com>
  Nadav Amit <namit@cs.technion.ac.il>
  Nathan Fontenot <nfont@linux.vnet.ibm.com>
  Nikolay Nikolaev <n.nikolaev@virtualopensystems.com>
  Nikunj A Dadhania <nikunj@linux.vnet.ibm.com>
  Nils Carlson <pyssling@ludd.ltu.se>
  Olga Krishtal <okrishtal@parallels.com>
  Olga Krishtal <okrishtal@virtuozzo.com>
  Ouyang Changchun <changchun.ouyang@intel.com>
  Padmanabh Ratnakar <padmanabh.ratnakar@avagotech.com>
  Padmanabh Ratnakar <padmanabh.ratnakar@emulex.com>
  Pankaj Gupta <pagupta@redhat.com>
  Paolo Bonzini <pbonzini@redhat.com>
  Paul Burton <paul.burton@imgtec.com>
  Paul Donohue <qemu-devel@PaulSD.com>
  Paul Donohue <qemu-git@PaulSD.com>
  Paul Durrant <paul.durrant@citrix.com>
  Paulo Alcantara <pcacjr@gmail.com>
  Paulo Alcantara <pcacjr@zytor.com>
  Pavel Fedin <p.fedin@samsung.com>
  Peter Crosthwaite <crosthwaite.peter@gmail.com>
  Peter Crosthwaite <crosthwaitepeter@gmail.com>
  Peter Crosthwaite <peter.crosthwaite@xilinx.com>
  Peter Krempa <pkrempa@redhat.com>
  Peter Lieven <pl@kamp.de>
  Peter Maydell <peter.maydell@linaro.org>
  Petr Matousek <pmatouse@redhat.com>
  Pierre Morel <pmorel@linux.vnet.ibm.com>
  Pranith Kumar <bobby.prani@gmail.com>
  Programmingkid <programmingkidx@gmail.com>
  Radim Krčmář <rkrcmar@redhat.com>
  Richard Henderson <rth@twiddle.net>
  Richard W.M. Jones <rjones@redhat.com>
  Riku Voipio <riku.voipio@linaro.org>
  Roman Kagan <rkagan@parallels.com>
  Sai Pavan Boddu <sai.pavan.boddu@xilinx.com>
  Sai Pavan Boddu <saipava@xilinx.com>
  Salva Peiró <speirofr@gmail.com>
  Sascha Silbe <silbe@linux.vnet.ibm.com>
  Scott Feldman <sfeldma@gmail.com>
  Sergey Fedorov <serge.fdrv@gmail.com>
  Sergey Sorokin <afarallax@yandex.ru>
  Shannon Zhao <shannon.zhao@linaro.org>
  Shannon Zhao <zhaoshenglong@huawei.com
  Shannon Zhao <zhaoshenglong@huawei.com>
  Shlomo Pongratz <shlomo.pongratz@huawei.com>
  Shmulik Ladkani <shmulik.ladkani@ravellosystems.com>
  Soren Brinkmann <soren.brinkmann@xilinx.com>
  Stefan Berger <stefanb@linux.vnet.ibm.com>
  Stefan Fritsch <sf@sfritsch.de>
  Stefan Hajnoczi <stefanha@redhat.com>
  Stefan Weil <sw@weilnetz.de>
  Stefano Stabellini <stefano.stabellini@eu.citrix.com>
  Tang Chen <tangchen@cn.fujitsu.com>
  Thierry Bultel <thierry.bultel@basystemes.fr>
  Thomas Huth <huth@tuxfamily.org>
  Thomas Huth <thuth@linux.vnet.ibm.com>
  Thomas Huth <thuth@redhat.com>
  Timothy Baldwin <T.E.Baldwin99@members.leeds.ac.uk>
  Timothy Edward Baldwin <T.E.Baldwin99@members.leeds.ac.uk>
  Ting Wang <kathy.wangting@huawei.com>
  Tyrel Datwyler <tyreld@linux.vnet.ibm.com>
  Vasiliy Tolstov <v.tolstov@selfip.ru>
  Victor CLEMENT <victor.clement@openwide.fr>
  Victor Kaplansky <victork@redhat.com>
  Vikram Sethi <vikrams@codeaurora.org>
  Vladislav Yasevich <vyasevic@redhat.com>
  Wei Huang <wei@redhat.com>
  Wei Liu <wei.liu2@citrix.com>
  Wen Congyang <wency@cn.fujitsu.com>
  Wenshuang Ma <kevinnma@tencent.com>
  Wolfgang Bumiller <w.bumiller@proxmox.com>
  Xiao Guang Chen <chenxg@linux.vnet.ibm.com>
  Xu Wang <gesaint@linux.vnet.ibm.com>
  Yang Zhang <yang.z.zhang@intel.com>
  Yi Wang <up2wing@gmail.com>
  Ying-Shiuan Pan <yingshiuan.pan@gmail.com>
  Yongbok Kim <yongbok.kim@imgtec.com>
  Yossi Hindin <yhindin@redhat.com>
  zhanghailiang <zhang.zhanghailiang@huawei.com>
  Zhu Guihua <zhugh.fnst@cn.fujitsu.com>
  马文霜 <kevinnma@tencent.com>

jobs:
 build-amd64-xsm                                              pass
 build-armhf-xsm                                              pass
 build-i386-xsm                                               pass
 build-amd64                                                  pass
 build-armhf                                                  pass
 build-i386                                                   pass
 build-amd64-libvirt                                          pass
 build-armhf-libvirt                                          pass
 build-i386-libvirt                                           pass
 build-amd64-pvops                                            pass
 build-armhf-pvops                                            pass
 build-i386-pvops                                             pass
 test-amd64-amd64-xl                                          pass
 test-armhf-armhf-xl                                          pass
 test-amd64-i386-xl                                           pass
 test-amd64-amd64-libvirt-qemuu-debianhvm-amd64-xsm           pass
 test-amd64-i386-libvirt-qemuu-debianhvm-amd64-xsm            pass
 test-amd64-amd64-xl-qemuu-debianhvm-amd64-xsm                pass
 test-amd64-i386-xl-qemuu-debianhvm-amd64-xsm                 pass
 test-amd64-amd64-libvirt-xsm                                 pass
 test-armhf-armhf-libvirt-xsm                                 fail
 test-amd64-i386-libvirt-xsm                                  pass
 test-amd64-amd64-xl-xsm                                      pass
 test-armhf-armhf-xl-xsm                                      pass
 test-amd64-i386-xl-xsm                                       pass
 test-amd64-amd64-xl-pvh-amd                                  fail
 test-amd64-i386-qemuu-rhel6hvm-amd                           pass
 test-amd64-amd64-xl-qemuu-debianhvm-amd64                    pass
 test-amd64-i386-xl-qemuu-debianhvm-amd64                     pass
 test-amd64-i386-freebsd10-amd64                              pass
 test-amd64-amd64-xl-qemuu-ovmf-amd64                         pass
 test-amd64-i386-xl-qemuu-ovmf-amd64                          pass
 test-amd64-amd64-xl-qemuu-win7-amd64                         fail
 test-amd64-i386-xl-qemuu-win7-amd64                          fail
 test-amd64-amd64-xl-credit2                                  pass
 test-armhf-armhf-xl-credit2                                  pass
 test-amd64-i386-freebsd10-i386                               pass
 test-amd64-amd64-xl-pvh-intel                                fail
 test-amd64-i386-qemuu-rhel6hvm-intel                         pass
 test-amd64-amd64-libvirt                                     pass
 test-armhf-armhf-libvirt                                     fail
 test-amd64-i386-libvirt                                      pass
 test-armhf-armhf-xl-midway                                   fail
 test-amd64-amd64-xl-multivcpu                                pass
 test-armhf-armhf-xl-multivcpu                                pass
 test-amd64-amd64-pair                                        pass
 test-amd64-i386-pair                                         pass
 test-amd64-amd64-libvirt-pair                                fail
 test-amd64-i386-libvirt-pair                                 fail
 test-amd64-amd64-amd64-pvgrub                                pass
 test-amd64-amd64-i386-pvgrub                                 pass
 test-amd64-amd64-pygrub                                      pass
 test-amd64-amd64-libvirt-qcow2                               pass
 test-armhf-armhf-libvirt-qcow2                               fail
 test-amd64-i386-libvirt-qcow2                                pass
 test-amd64-amd64-xl-qcow2                                    pass
 test-armhf-armhf-xl-qcow2                                    fail
 test-amd64-i386-xl-qcow2                                     pass
 test-amd64-amd64-libvirt-raw                                 pass
 test-armhf-armhf-libvirt-raw                                 fail
 test-amd64-i386-libvirt-raw                                  pass
 test-amd64-amd64-xl-raw                                      pass
 test-armhf-armhf-xl-raw                                      fail
 test-amd64-i386-xl-raw                                       pass
 test-amd64-amd64-xl-rtds                                     pass
 test-armhf-armhf-xl-rtds                                     pass
 test-amd64-i386-xl-qemuu-winxpsp3-vcpus1                     pass
 test-amd64-amd64-libvirt-vhd                                 fail
 test-armhf-armhf-libvirt-vhd                                 fail
 test-amd64-i386-libvirt-vhd                                  fail
 test-amd64-amd64-xl-vhd                                      fail
 test-armhf-armhf-xl-vhd                                      fail
 test-amd64-i386-xl-vhd                                       fail
 test-amd64-amd64-xl-qemuu-winxpsp3                           pass
 test-amd64-i386-xl-qemuu-winxpsp3                            pass


------------------------------------------------------------
sg-report-flight on osstest.xs.citrite.net
logs: /home/osstest/logs
images: /home/osstest/images

Logs, config files, etc. are available at
    http://osstest.xs.citrite.net/~osstest/testlogs/logs

Test harness code can be found at
    http://xenbits.xensource.com/gitweb?p=osstest.git;a=summary


Push not applicable.

(No revision log; it would be 46769 lines long.)


[-- Attachment #2: Type: text/plain, Size: 126 bytes --]

_______________________________________________
Xen-devel mailing list
Xen-devel@lists.xen.org
http://lists.xen.org/xen-devel

^ permalink raw reply	[flat|nested] only message in thread

only message in thread, other threads:[~2015-09-18 16:47 UTC | newest]

Thread overview: (only message) (download: mbox.gz follow: Atom feed
-- links below jump to the message on this page --
2015-09-18 16:47 [qemu-mainline baseline-only test] 37964: tolerable FAIL Platform Team regression test user

This is a public inbox, see mirroring instructions
for how to clone and mirror all data and code used for this inbox;
as well as URLs for NNTP newsgroup(s).