xen-devel.lists.xenproject.org archive mirror
 help / color / mirror / Atom feed
* [qemu-upstream-4.2-testing baseline-only test] 37966: tolerable FAIL
@ 2015-09-18 13:02 Platform Team regression test user
  0 siblings, 0 replies; only message in thread
From: Platform Team regression test user @ 2015-09-18 13:02 UTC (permalink / raw)
  To: xen-devel, osstest-admin

This run is configured for baseline tests only.

flight 37966 qemu-upstream-4.2-testing real [real]
http://osstest.xs.citrite.net/~osstest/testlogs/logs/37966/

Failures :-/ but no regressions.

Regressions which are regarded as allowable (not blocking):
 test-amd64-i386-xl-qemuu-win7-amd64 16 guest-localmigrate/x10 fail blocked in 36332
 test-amd64-amd64-xl-qemuu-winxpsp3 15 guest-localmigrate.2 fail blocked in 36332

Tests which did not succeed, but are not blocking:
 test-amd64-amd64-xl-qemuu-ovmf-amd64  9 debian-hvm-install     fail never pass
 test-amd64-i386-xl-qemuu-ovmf-amd64  9 debian-hvm-install      fail never pass
 test-amd64-i386-xl-qemuu-winxpsp3-vcpus1 21 leak-check/check   fail never pass
 test-amd64-amd64-xl-qemuu-win7-amd64 17 guest-stop             fail never pass
 test-amd64-i386-xend-qemuu-winxpsp3 21 leak-check/check        fail never pass

version targeted for testing:
 qemuu                c17e602ae64fb24405ebd256679ba9a6f5819086
baseline version:
 qemuu                e49807b61c8152b0730a310a3d771ac253e750aa

Last test of basis    36332  2015-03-13 15:48:48 Z  188 days
Testing same since    37966  2015-09-18 06:48:00 Z    0 days    1 attempts

------------------------------------------------------------
People who touched revisions under test:
  Gerd Hoffmann <kraxel@redhat.com>
  Gonglei <arei.gonglei@huawei.com>
  James Harper <james.harper@ejbdigital.com.au>
  James Harper <james@ejbdigital.com.au>
  Kevin Wolf <kwolf@redhat.com>
  P J P <pjp@fedoraproject.org>
  Paolo Bonzini <pbonzini@redhat.com>
  Peter Lieven <pl@kamp.de>
  Petr Matousek <pmatouse@redhat.com>
  Stefan Hajnoczi <stefanha@redhat.com>
  Stefano Stabellini <stefano.stabellini@eu.citrix.com>

jobs:
 build-amd64                                                  pass    
 build-i386                                                   pass    
 build-amd64-libvirt                                          pass    
 build-i386-libvirt                                           pass    
 build-amd64-pvops                                            pass    
 build-i386-pvops                                             pass    
 test-amd64-i386-qemuu-rhel6hvm-amd                           pass    
 test-amd64-amd64-xl-qemuu-debianhvm-amd64                    pass    
 test-amd64-i386-xl-qemuu-debianhvm-amd64                     pass    
 test-amd64-amd64-xl-qemuu-ovmf-amd64                         fail    
 test-amd64-i386-xl-qemuu-ovmf-amd64                          fail    
 test-amd64-amd64-xl-qemuu-win7-amd64                         fail    
 test-amd64-i386-xl-qemuu-win7-amd64                          fail    
 test-amd64-i386-qemuu-rhel6hvm-intel                         pass    
 test-amd64-i386-xl-qemuu-winxpsp3-vcpus1                     fail    
 test-amd64-i386-xend-qemuu-winxpsp3                          fail    
 test-amd64-amd64-xl-qemuu-winxpsp3                           fail    
 test-i386-i386-xl-qemuu-winxpsp3                             pass    


------------------------------------------------------------
sg-report-flight on osstest.xs.citrite.net
logs: /home/osstest/logs
images: /home/osstest/images

Logs, config files, etc. are available at
    http://osstest.xs.citrite.net/~osstest/testlogs/logs

Test harness code can be found at
    http://xenbits.xensource.com/gitweb?p=osstest.git;a=summary


Push not applicable.

(No revision log; it would be 301 lines long.)

^ permalink raw reply	[flat|nested] only message in thread

only message in thread, other threads:[~2015-09-18 13:02 UTC | newest]

Thread overview: (only message) (download: mbox.gz follow: Atom feed
-- links below jump to the message on this page --
2015-09-18 13:02 [qemu-upstream-4.2-testing baseline-only test] 37966: tolerable FAIL Platform Team regression test user

This is a public inbox, see mirroring instructions
for how to clone and mirror all data and code used for this inbox;
as well as URLs for NNTP newsgroup(s).