From mboxrd@z Thu Jan 1 00:00:00 1970 From: Platform Team regression test user Subject: [qemu-upstream-4.2-testing baseline-only test] 37966: tolerable FAIL Date: Fri, 18 Sep 2015 14:02:31 +0100 Message-ID: Mime-Version: 1.0 Content-Type: text/plain; charset="us-ascii" Content-Transfer-Encoding: 7bit Return-path: List-Unsubscribe: , List-Post: List-Help: List-Subscribe: , Sender: xen-devel-bounces@lists.xen.org Errors-To: xen-devel-bounces@lists.xen.org To: xen-devel@lists.xensource.com, osstest-admin@xenproject.org List-Id: xen-devel@lists.xenproject.org This run is configured for baseline tests only. flight 37966 qemu-upstream-4.2-testing real [real] http://osstest.xs.citrite.net/~osstest/testlogs/logs/37966/ Failures :-/ but no regressions. Regressions which are regarded as allowable (not blocking): test-amd64-i386-xl-qemuu-win7-amd64 16 guest-localmigrate/x10 fail blocked in 36332 test-amd64-amd64-xl-qemuu-winxpsp3 15 guest-localmigrate.2 fail blocked in 36332 Tests which did not succeed, but are not blocking: test-amd64-amd64-xl-qemuu-ovmf-amd64 9 debian-hvm-install fail never pass test-amd64-i386-xl-qemuu-ovmf-amd64 9 debian-hvm-install fail never pass test-amd64-i386-xl-qemuu-winxpsp3-vcpus1 21 leak-check/check fail never pass test-amd64-amd64-xl-qemuu-win7-amd64 17 guest-stop fail never pass test-amd64-i386-xend-qemuu-winxpsp3 21 leak-check/check fail never pass version targeted for testing: qemuu c17e602ae64fb24405ebd256679ba9a6f5819086 baseline version: qemuu e49807b61c8152b0730a310a3d771ac253e750aa Last test of basis 36332 2015-03-13 15:48:48 Z 188 days Testing same since 37966 2015-09-18 06:48:00 Z 0 days 1 attempts ------------------------------------------------------------ People who touched revisions under test: Gerd Hoffmann Gonglei James Harper James Harper Kevin Wolf P J P Paolo Bonzini Peter Lieven Petr Matousek Stefan Hajnoczi Stefano Stabellini jobs: build-amd64 pass build-i386 pass build-amd64-libvirt pass build-i386-libvirt pass build-amd64-pvops pass build-i386-pvops pass test-amd64-i386-qemuu-rhel6hvm-amd pass test-amd64-amd64-xl-qemuu-debianhvm-amd64 pass test-amd64-i386-xl-qemuu-debianhvm-amd64 pass test-amd64-amd64-xl-qemuu-ovmf-amd64 fail test-amd64-i386-xl-qemuu-ovmf-amd64 fail test-amd64-amd64-xl-qemuu-win7-amd64 fail test-amd64-i386-xl-qemuu-win7-amd64 fail test-amd64-i386-qemuu-rhel6hvm-intel pass test-amd64-i386-xl-qemuu-winxpsp3-vcpus1 fail test-amd64-i386-xend-qemuu-winxpsp3 fail test-amd64-amd64-xl-qemuu-winxpsp3 fail test-i386-i386-xl-qemuu-winxpsp3 pass ------------------------------------------------------------ sg-report-flight on osstest.xs.citrite.net logs: /home/osstest/logs images: /home/osstest/images Logs, config files, etc. are available at http://osstest.xs.citrite.net/~osstest/testlogs/logs Test harness code can be found at http://xenbits.xensource.com/gitweb?p=osstest.git;a=summary Push not applicable. (No revision log; it would be 301 lines long.)