* [qemu-upstream-4.3-testing baseline-only test] 37996: regressions - FAIL
@ 2015-09-21 21:06 Platform Team regression test user
0 siblings, 0 replies; only message in thread
From: Platform Team regression test user @ 2015-09-21 21:06 UTC (permalink / raw)
To: xen-devel, osstest-admin
This run is configured for baseline tests only.
flight 37996 qemu-upstream-4.3-testing real [real]
http://osstest.xs.citrite.net/~osstest/testlogs/logs/37996/
Regressions :-(
Tests which did not succeed and are blocking,
including tests which could not be run:
test-amd64-amd64-xl-qemuu-win7-amd64 16 guest-localmigrate/x10 fail REGR. vs. 37967
test-amd64-i386-xl-qemuu-winxpsp3-vcpus1 16 guest-localmigrate/x10 fail REGR. vs. 37967
Regressions which are regarded as allowable (not blocking):
test-amd64-amd64-libvirt-raw 6 xen-boot fail REGR. vs. 37967
Tests which did not succeed, but are not blocking:
test-amd64-i386-xl-qemuu-ovmf-amd64 9 debian-hvm-install fail never pass
test-amd64-amd64-xl-qemuu-ovmf-amd64 9 debian-hvm-install fail never pass
test-amd64-i386-libvirt 12 migrate-support-check fail never pass
test-amd64-amd64-libvirt 12 migrate-support-check fail never pass
test-amd64-i386-libvirt-raw 11 migrate-support-check fail never pass
test-amd64-i386-libvirt-qcow2 11 migrate-support-check fail never pass
test-amd64-i386-xl-qemuu-win7-amd64 17 guest-stop fail never pass
test-amd64-i386-libvirt-vhd 11 migrate-support-check fail never pass
test-amd64-amd64-libvirt-vhd 11 migrate-support-check fail never pass
test-amd64-amd64-libvirt-qcow2 11 migrate-support-check fail never pass
version targeted for testing:
qemuu b188780861662e8cf1847ec562799b32bb44f05e
baseline version:
qemuu 92dae02ba02166cfcce020cb71021a73903ada2f
Last test of basis 37967 2015-09-18 06:50:23 Z 3 days
Testing same since 37996 2015-09-20 12:27:10 Z 1 days 1 attempts
------------------------------------------------------------
People who touched revisions under test:
P J P <pjp@fedoraproject.org>
Stefan Hajnoczi <stefanha@redhat.com>
Stefano Stabellini <stefano.stabellini@eu.citrix.com>
jobs:
build-amd64 pass
build-i386 pass
build-amd64-libvirt pass
build-i386-libvirt pass
build-amd64-pvops pass
build-i386-pvops pass
test-amd64-amd64-xl pass
test-amd64-i386-xl pass
test-amd64-i386-qemuu-rhel6hvm-amd pass
test-amd64-amd64-xl-qemuu-debianhvm-amd64 pass
test-amd64-i386-xl-qemuu-debianhvm-amd64 pass
test-amd64-i386-freebsd10-amd64 pass
test-amd64-amd64-xl-qemuu-ovmf-amd64 fail
test-amd64-i386-xl-qemuu-ovmf-amd64 fail
test-amd64-amd64-xl-qemuu-win7-amd64 fail
test-amd64-i386-xl-qemuu-win7-amd64 fail
test-amd64-amd64-xl-credit2 pass
test-amd64-i386-freebsd10-i386 pass
test-amd64-i386-qemuu-rhel6hvm-intel pass
test-amd64-amd64-libvirt pass
test-amd64-i386-libvirt pass
test-amd64-amd64-xl-multivcpu pass
test-amd64-amd64-pair pass
test-amd64-i386-pair pass
test-amd64-amd64-pv pass
test-amd64-i386-pv pass
test-amd64-amd64-amd64-pvgrub pass
test-amd64-amd64-i386-pvgrub pass
test-amd64-amd64-pygrub pass
test-amd64-amd64-libvirt-qcow2 pass
test-amd64-i386-libvirt-qcow2 pass
test-amd64-amd64-xl-qcow2 pass
test-amd64-i386-xl-qcow2 pass
test-amd64-amd64-libvirt-raw fail
test-amd64-i386-libvirt-raw pass
test-amd64-amd64-xl-raw pass
test-amd64-i386-xl-raw pass
test-amd64-i386-xl-qemuu-winxpsp3-vcpus1 fail
test-amd64-amd64-libvirt-vhd pass
test-amd64-i386-libvirt-vhd pass
test-amd64-amd64-xl-vhd pass
test-amd64-i386-xl-vhd pass
test-amd64-amd64-xl-qemuu-winxpsp3 pass
------------------------------------------------------------
sg-report-flight on osstest.xs.citrite.net
logs: /home/osstest/logs
images: /home/osstest/images
Logs, config files, etc. are available at
http://osstest.xs.citrite.net/~osstest/testlogs/logs
Test harness code can be found at
http://xenbits.xensource.com/gitweb?p=osstest.git;a=summary
Push not applicable.
------------------------------------------------------------
commit b188780861662e8cf1847ec562799b32bb44f05e
Author: P J P <pjp@fedoraproject.org>
Date: Tue Sep 15 14:29:21 2015 +0000
net: avoid infinite loop when receiving packets(CVE-2015-5278)
Ne2000 NIC uses ring buffer of NE2000_MEM_SIZE(49152)
bytes to process network packets. While receiving packets
via ne2000_receive() routine, a local 'index' variable
could exceed the ring buffer size, leading to an infinite
loop situation.
upstream-commit-id: 737d2b3c41d59eb8f94ab7eb419b957938f24943
Reported-by: Qinghao Tang <luodalongde@gmail.com>
Signed-off-by: P J P <pjp@fedoraproject.org>
Signed-off-by: Stefan Hajnoczi <stefanha@redhat.com>
Signed-off-by: Stefano Stabellini <stefano.stabellini@eu.citrix.com>
commit a222654ebc3b2292d57e1b48aea2d57340983a6d
Author: P J P <pjp@fedoraproject.org>
Date: Tue Sep 15 14:29:00 2015 +0000
net: add checks to validate ring buffer pointers(CVE-2015-5279)
Ne2000 NIC uses ring buffer of NE2000_MEM_SIZE(49152)
bytes to process network packets. While receiving packets
via ne2000_receive() routine, a local 'index' variable
could exceed the ring buffer size, which could lead to a
memory buffer overflow. Added other checks at initialisation.
upstream-commit-id: 9bbdbc66e5765068dce76e9269dce4547afd8ad4
Reported-by: Qinghao Tang <luodalongde@gmail.com>
Signed-off-by: P J P <pjp@fedoraproject.org>
Signed-off-by: Stefan Hajnoczi <stefanha@redhat.com>
Signed-off-by: Stefano Stabellini <stefano.stabellini@eu.citrix.com>
commit ea582e3a9e00ff0ab158f9b75df717cea0f5debb
Author: P J P <pjp@fedoraproject.org>
Date: Tue Sep 15 14:28:25 2015 +0000
e1000: Avoid infinite loop in processing transmit descriptor (CVE-2015-6815)
While processing transmit descriptors, it could lead to an infinite
loop if 'bytes' was to become zero; Add a check to avoid it.
[The guest can force 'bytes' to 0 by setting the hdr_len and mss
descriptor fields to 0.
--Stefan]
upstream-commit-id: b947ac2bf26479e710489739c465c8af336599e7
Signed-off-by: P J P <pjp@fedoraproject.org>
Signed-off-by: Stefan Hajnoczi <stefanha@redhat.com>
Reviewed-by: Thomas Huth <thuth@redhat.com>
Message-id: 1441383666-6590-1-git-send-email-stefanha@redhat.com
Signed-off-by: Stefano Stabellini <stefano.stabellini@eu.citrix.com>
^ permalink raw reply [flat|nested] only message in thread
only message in thread, other threads:[~2015-09-21 21:06 UTC | newest]
Thread overview: (only message) (download: mbox.gz follow: Atom feed
-- links below jump to the message on this page --
2015-09-21 21:06 [qemu-upstream-4.3-testing baseline-only test] 37996: regressions - FAIL Platform Team regression test user
This is a public inbox, see mirroring instructions
for how to clone and mirror all data and code used for this inbox;
as well as URLs for NNTP newsgroup(s).