* [xen-4.2-testing baseline-only test] 37998: trouble: blocked/broken/fail/pass
@ 2015-09-22 14:43 Platform Team regression test user
0 siblings, 0 replies; only message in thread
From: Platform Team regression test user @ 2015-09-22 14:43 UTC (permalink / raw)
To: xen-devel, osstest-admin
This run is configured for baseline tests only.
flight 37998 xen-4.2-testing real [real]
http://osstest.xs.citrite.net/~osstest/testlogs/logs/37998/
Failures and problems with tests :-(
Tests which did not succeed and are blocking,
including tests which could not be run:
test-i386-i386-xl-vhd 3 host-install(3) broken REGR. vs. 37942
test-amd64-i386-xl-qcow2 3 host-install(3) broken REGR. vs. 37942
test-amd64-amd64-xl-qemuu-ovmf-amd64 3 host-install(3) broken REGR. vs. 37942
test-amd64-amd64-pv 3 host-install(3) broken REGR. vs. 37942
test-i386-i386-xl-credit2 3 host-install(3) broken REGR. vs. 37942
test-i386-i386-xl-raw 3 host-install(3) broken REGR. vs. 37942
test-amd64-i386-xl-raw 3 host-install(3) broken REGR. vs. 37942
test-i386-i386-xl-multivcpu 3 host-install(3) broken REGR. vs. 37942
test-amd64-i386-xl 3 host-install(3) broken REGR. vs. 37942
test-amd64-amd64-xl-winxpsp3 3 host-install(3) broken REGR. vs. 37942
test-amd64-amd64-xl-qemut-win7-amd64 3 host-install(3) broken REGR. vs. 37942
test-amd64-i386-rhel6hvm-amd 3 host-install(3) broken REGR. vs. 37942
test-amd64-i386-qemut-rhel6hvm-amd 3 host-install(3) broken REGR. vs. 37942
test-amd64-amd64-xl-multivcpu 3 host-install(3) broken REGR. vs. 37942
test-amd64-i386-qemuu-rhel6hvm-amd 3 host-install(3) broken REGR. vs. 37942
test-i386-i386-pv 3 host-install(3) broken REGR. vs. 37942
test-i386-i386-xl 3 host-install(3) broken REGR. vs. 37942
test-amd64-i386-xl-qemut-winxpsp3-vcpus1 3 host-install(3) broken REGR. vs. 37942
test-amd64-i386-xl-vhd 3 host-install(3) broken REGR. vs. 37942
test-amd64-i386-xl-qemut-debianhvm-amd64 3 host-install(3) broken REGR. vs. 37942
test-amd64-i386-xl-qemuu-ovmf-amd64 3 host-install(3) broken REGR. vs. 37942
test-amd64-i386-xl-win7-amd64 3 host-install(3) broken REGR. vs. 37942
test-amd64-i386-xl-qemut-win7-amd64 3 host-install(3) broken REGR. vs. 37942
test-amd64-i386-qemuu-freebsd10-amd64 3 host-install(3) broken REGR. vs. 37942
test-amd64-i386-pv 3 host-install(3) broken REGR. vs. 37942
test-amd64-i386-xl-qemuu-debianhvm-amd64 3 host-install(3) broken REGR. vs. 37942
test-amd64-i386-qemuu-freebsd10-i386 3 host-install(3) broken REGR. vs. 37942
test-amd64-i386-qemuu-rhel6hvm-intel 3 host-install(3) broken REGR. vs. 37942
test-amd64-i386-xl-qemuu-win7-amd64 3 host-install(3) broken REGR. vs. 37942
test-amd64-amd64-xl-qemut-debianhvm-amd64 3 host-install(3) broken REGR. vs. 37942
test-amd64-amd64-xl-credit2 3 host-install(3) broken REGR. vs. 37942
test-amd64-amd64-xl 3 host-install(3) broken REGR. vs. 37942
test-amd64-amd64-xl-raw 3 host-install(3) broken REGR. vs. 37942
test-amd64-amd64-xl-qemuu-win7-amd64 3 host-install(3) broken REGR. vs. 37942
test-amd64-amd64-xl-qcow2 3 host-install(3) broken REGR. vs. 37942
test-amd64-i386-xend-winxpsp3 3 host-install(3) broken REGR. vs. 37942
test-amd64-amd64-pygrub 3 host-install(3) broken REGR. vs. 37942
test-amd64-amd64-xl-vhd 3 host-install(3) broken REGR. vs. 37942
test-amd64-i386-rhel6hvm-intel 3 host-install(3) broken REGR. vs. 37942
test-amd64-i386-qemut-rhel6hvm-intel 3 host-install(3) broken REGR. vs. 37942
test-amd64-amd64-xl-qemuu-debianhvm-amd64 3 host-install(3) broken REGR. vs. 37942
test-amd64-amd64-xl-win7-amd64 3 host-install(3) broken REGR. vs. 37942
test-amd64-i386-xend-qemut-winxpsp3 3 host-install(3) broken REGR. vs. 37942
test-amd64-i386-xl-qemuu-winxpsp3-vcpus1 3 host-install(3) broken REGR. vs. 37942
test-amd64-i386-xl-winxpsp3-vcpus1 3 host-install(3) broken REGR. vs. 37942
test-i386-i386-pair 4 host-install/dst_host(4) broken REGR. vs. 37942
test-i386-i386-pair 3 host-install/src_host(3) broken REGR. vs. 37942
test-amd64-amd64-pair 3 host-install/src_host(3) broken REGR. vs. 37942
test-amd64-amd64-pair 4 host-install/dst_host(4) broken REGR. vs. 37942
test-amd64-i386-pair 3 host-install/src_host(3) broken REGR. vs. 37942
test-amd64-i386-pair 4 host-install/dst_host(4) broken REGR. vs. 37942
test-amd64-amd64-xl-qemuu-winxpsp3 3 host-install(3) broken REGR. vs. 37942
test-amd64-amd64-xl-qemut-winxpsp3 3 host-install(3) broken REGR. vs. 37942
Regressions which are regarded as allowable (not blocking):
test-amd64-i386-libvirt 3 host-install(3) broken REGR. vs. 37942
test-amd64-i386-libvirt-raw 3 host-install(3) broken REGR. vs. 37942
test-amd64-amd64-libvirt-vhd 3 host-install(3) broken REGR. vs. 37942
test-amd64-i386-libvirt-vhd 3 host-install(3) broken REGR. vs. 37942
test-amd64-amd64-libvirt-raw 3 host-install(3) broken REGR. vs. 37942
test-amd64-i386-libvirt-qcow2 3 host-install(3) broken REGR. vs. 37942
test-amd64-amd64-libvirt 3 host-install(3) broken REGR. vs. 37942
test-i386-i386-libvirt-vhd 3 host-install(3) broken REGR. vs. 37942
test-i386-i386-xl-qemuu-winxpsp3 15 guest-localmigrate.2 fail like 37942
Tests which did not succeed, but are not blocking:
test-amd64-amd64-rumpuserxen-amd64 1 build-check(1) blocked n/a
test-amd64-amd64-migrupgrade 1 build-check(1) blocked n/a
test-amd64-i386-migrupgrade 1 build-check(1) blocked n/a
test-i386-i386-rumpuserxen-i386 1 build-check(1) blocked n/a
test-amd64-i386-rumpuserxen-i386 1 build-check(1) blocked n/a
build-amd64-prev 5 xen-build fail never pass
test-i386-i386-libvirt-qcow2 9 debian-di-install fail never pass
build-amd64-rumpuserxen 5 rumpuserxen-build fail never pass
build-i386-rumpuserxen 5 rumpuserxen-build fail never pass
build-i386-prev 5 xen-build fail never pass
test-amd64-amd64-libvirt-qcow2 9 debian-di-install fail never pass
test-amd64-amd64-amd64-pvgrub 10 guest-start fail never pass
test-i386-i386-libvirt 12 migrate-support-check fail never pass
test-i386-i386-xl-qcow2 9 debian-di-install fail never pass
test-i386-i386-libvirt-raw 11 migrate-support-check fail never pass
test-amd64-amd64-i386-pvgrub 10 guest-start fail never pass
test-i386-i386-xl-qemut-winxpsp3 21 leak-check/check fail never pass
test-i386-i386-xl-winxpsp3 21 leak-check/check fail never pass
version targeted for testing:
xen ba7d8144fd004cc1431d53b3a95d1755158f2444
baseline version:
xen 9725546765b586548bd0a6bdb567f1813e61c663
Last test of basis 37942 2015-09-16 14:50:41 Z 5 days
Testing same since 37998 2015-09-21 01:25:26 Z 1 days 1 attempts
------------------------------------------------------------
People who touched revisions under test:
Anthony PERARD <anthony.perard@citrix.com>
Ian Jackson <ian.jackson@eu.citrix.com>
jobs:
build-amd64 pass
build-i386 pass
build-amd64-libvirt pass
build-i386-libvirt pass
build-amd64-prev fail
build-i386-prev fail
build-amd64-pvops pass
build-i386-pvops pass
build-amd64-rumpuserxen fail
build-i386-rumpuserxen fail
test-amd64-amd64-xl broken
test-amd64-i386-xl broken
test-i386-i386-xl broken
test-amd64-i386-rhel6hvm-amd broken
test-amd64-i386-qemut-rhel6hvm-amd broken
test-amd64-i386-qemuu-rhel6hvm-amd broken
test-amd64-amd64-xl-qemut-debianhvm-amd64 broken
test-amd64-i386-xl-qemut-debianhvm-amd64 broken
test-amd64-amd64-xl-qemuu-debianhvm-amd64 broken
test-amd64-i386-xl-qemuu-debianhvm-amd64 broken
test-amd64-i386-qemuu-freebsd10-amd64 broken
test-amd64-amd64-xl-qemuu-ovmf-amd64 broken
test-amd64-i386-xl-qemuu-ovmf-amd64 broken
test-amd64-amd64-rumpuserxen-amd64 blocked
test-amd64-amd64-xl-qemut-win7-amd64 broken
test-amd64-i386-xl-qemut-win7-amd64 broken
test-amd64-amd64-xl-qemuu-win7-amd64 broken
test-amd64-i386-xl-qemuu-win7-amd64 broken
test-amd64-amd64-xl-win7-amd64 broken
test-amd64-i386-xl-win7-amd64 broken
test-amd64-amd64-xl-credit2 broken
test-i386-i386-xl-credit2 broken
test-amd64-i386-qemuu-freebsd10-i386 broken
test-amd64-i386-rumpuserxen-i386 blocked
test-i386-i386-rumpuserxen-i386 blocked
test-amd64-i386-rhel6hvm-intel broken
test-amd64-i386-qemut-rhel6hvm-intel broken
test-amd64-i386-qemuu-rhel6hvm-intel broken
test-amd64-amd64-libvirt broken
test-amd64-i386-libvirt broken
test-i386-i386-libvirt pass
test-amd64-amd64-migrupgrade blocked
test-amd64-i386-migrupgrade blocked
test-amd64-amd64-xl-multivcpu broken
test-i386-i386-xl-multivcpu broken
test-amd64-amd64-pair broken
test-amd64-i386-pair broken
test-i386-i386-pair broken
test-amd64-amd64-pv broken
test-amd64-i386-pv broken
test-i386-i386-pv broken
test-amd64-amd64-amd64-pvgrub fail
test-amd64-amd64-i386-pvgrub fail
test-amd64-amd64-pygrub broken
test-amd64-amd64-libvirt-qcow2 fail
test-amd64-i386-libvirt-qcow2 broken
test-i386-i386-libvirt-qcow2 fail
test-amd64-amd64-xl-qcow2 broken
test-amd64-i386-xl-qcow2 broken
test-i386-i386-xl-qcow2 fail
test-amd64-amd64-libvirt-raw broken
test-amd64-i386-libvirt-raw broken
test-i386-i386-libvirt-raw pass
test-amd64-amd64-xl-raw broken
test-amd64-i386-xl-raw broken
test-i386-i386-xl-raw broken
test-amd64-i386-xl-qemut-winxpsp3-vcpus1 broken
test-amd64-i386-xl-qemuu-winxpsp3-vcpus1 broken
test-amd64-i386-xl-winxpsp3-vcpus1 broken
test-amd64-amd64-libvirt-vhd broken
test-amd64-i386-libvirt-vhd broken
test-i386-i386-libvirt-vhd broken
test-amd64-amd64-xl-vhd broken
test-amd64-i386-xl-vhd broken
test-i386-i386-xl-vhd broken
test-amd64-i386-xend-qemut-winxpsp3 broken
test-amd64-amd64-xl-qemut-winxpsp3 broken
test-i386-i386-xl-qemut-winxpsp3 fail
test-amd64-amd64-xl-qemuu-winxpsp3 broken
test-i386-i386-xl-qemuu-winxpsp3 fail
test-amd64-i386-xend-winxpsp3 broken
test-amd64-amd64-xl-winxpsp3 broken
test-i386-i386-xl-winxpsp3 fail
------------------------------------------------------------
sg-report-flight on osstest.xs.citrite.net
logs: /home/osstest/logs
images: /home/osstest/images
Logs, config files, etc. are available at
http://osstest.xs.citrite.net/~osstest/testlogs/logs
Test harness code can be found at
http://xenbits.xensource.com/gitweb?p=osstest.git;a=summary
broken-step test-amd64-i386-libvirt host-install(3)
broken-step test-i386-i386-xl-vhd host-install(3)
broken-step test-amd64-i386-xl-qcow2 host-install(3)
broken-step test-amd64-i386-libvirt-raw host-install(3)
broken-step test-amd64-amd64-libvirt-vhd host-install(3)
broken-step test-amd64-amd64-xl-qemuu-ovmf-amd64 host-install(3)
broken-step test-amd64-amd64-pv host-install(3)
broken-step test-i386-i386-xl-credit2 host-install(3)
broken-step test-i386-i386-xl-raw host-install(3)
broken-step test-amd64-i386-xl-raw host-install(3)
broken-step test-i386-i386-xl-multivcpu host-install(3)
broken-step test-amd64-i386-xl host-install(3)
broken-step test-amd64-i386-libvirt-vhd host-install(3)
broken-step test-amd64-amd64-xl-winxpsp3 host-install(3)
broken-step test-amd64-amd64-xl-qemut-win7-amd64 host-install(3)
broken-step test-amd64-i386-rhel6hvm-amd host-install(3)
broken-step test-amd64-i386-qemut-rhel6hvm-amd host-install(3)
broken-step test-amd64-amd64-xl-multivcpu host-install(3)
broken-step test-amd64-i386-qemuu-rhel6hvm-amd host-install(3)
broken-step test-i386-i386-pv host-install(3)
broken-step test-i386-i386-xl host-install(3)
broken-step test-amd64-i386-xl-qemut-winxpsp3-vcpus1 host-install(3)
broken-step test-amd64-i386-xl-vhd host-install(3)
broken-step test-amd64-amd64-libvirt-raw host-install(3)
broken-step test-amd64-i386-xl-qemut-debianhvm-amd64 host-install(3)
broken-step test-amd64-i386-xl-qemuu-ovmf-amd64 host-install(3)
broken-step test-amd64-i386-xl-win7-amd64 host-install(3)
broken-step test-amd64-i386-xl-qemut-win7-amd64 host-install(3)
broken-step test-amd64-i386-qemuu-freebsd10-amd64 host-install(3)
broken-step test-amd64-i386-pv host-install(3)
broken-step test-amd64-i386-xl-qemuu-debianhvm-amd64 host-install(3)
broken-step test-amd64-i386-libvirt-qcow2 host-install(3)
broken-step test-amd64-i386-qemuu-freebsd10-i386 host-install(3)
broken-step test-amd64-i386-qemuu-rhel6hvm-intel host-install(3)
broken-step test-amd64-i386-xl-qemuu-win7-amd64 host-install(3)
broken-step test-amd64-amd64-libvirt host-install(3)
broken-step test-amd64-amd64-xl-qemut-debianhvm-amd64 host-install(3)
broken-step test-amd64-amd64-xl-credit2 host-install(3)
broken-step test-amd64-amd64-xl host-install(3)
broken-step test-amd64-amd64-xl-raw host-install(3)
broken-step test-amd64-amd64-xl-qemuu-win7-amd64 host-install(3)
broken-step test-amd64-amd64-xl-qcow2 host-install(3)
broken-step test-amd64-i386-xend-winxpsp3 host-install(3)
broken-step test-i386-i386-libvirt-vhd host-install(3)
broken-step test-amd64-amd64-pygrub host-install(3)
broken-step test-amd64-amd64-xl-vhd host-install(3)
broken-step test-amd64-i386-rhel6hvm-intel host-install(3)
broken-step test-amd64-i386-qemut-rhel6hvm-intel host-install(3)
broken-step test-amd64-amd64-xl-qemuu-debianhvm-amd64 host-install(3)
broken-step test-amd64-amd64-xl-win7-amd64 host-install(3)
broken-step test-amd64-i386-xend-qemut-winxpsp3 host-install(3)
broken-step test-amd64-i386-xl-qemuu-winxpsp3-vcpus1 host-install(3)
broken-step test-amd64-i386-xl-winxpsp3-vcpus1 host-install(3)
broken-step test-i386-i386-pair host-install/dst_host(4)
broken-step test-i386-i386-pair host-install/src_host(3)
broken-step test-amd64-amd64-pair host-install/src_host(3)
broken-step test-amd64-amd64-pair host-install/dst_host(4)
broken-step test-amd64-i386-pair host-install/src_host(3)
broken-step test-amd64-i386-pair host-install/dst_host(4)
broken-step test-amd64-amd64-xl-qemuu-winxpsp3 host-install(3)
broken-step test-amd64-amd64-xl-qemut-winxpsp3 host-install(3)
Push not applicable.
------------------------------------------------------------
commit ba7d8144fd004cc1431d53b3a95d1755158f2444
Author: Anthony PERARD <anthony.perard@citrix.com>
Date: Tue Jul 7 16:09:13 2015 +0100
libxl: Increase device model startup timeout to 1min.
On a busy host, QEMU may take more than 10s to load and start.
This is likely due to a bug in Linux where the I/O subsystem sometime
produce high latency under load and result in QEMU taking a long time to
load every single dynamic libraries.
Signed-off-by: Anthony PERARD <anthony.perard@citrix.com>
Acked-by: Ian Jackson <ian.jackson@eu.citrix.com>
(cherry picked from commit 9acfbe14d7261b03e3b3f4dc3c850ba2a7093e1f)
Conflicts:
tools/libxl/libxl_internal.h
(cherry picked from commit bbbd29a25d090f1180d14210358c6d7ccdebef85)
(cherry picked from commit fe66a76a2d6e30f2cd3aea6b2c8cb41f20ca6ea2)
(cherry picked from commit 6d81366482a2fbc418cc96bd2d9875ae99da612c)
========================================
^ permalink raw reply [flat|nested] only message in thread
only message in thread, other threads:[~2015-09-22 14:43 UTC | newest]
Thread overview: (only message) (download: mbox.gz follow: Atom feed
-- links below jump to the message on this page --
2015-09-22 14:43 [xen-4.2-testing baseline-only test] 37998: trouble: blocked/broken/fail/pass Platform Team regression test user
This is a public inbox, see mirroring instructions
for how to clone and mirror all data and code used for this inbox;
as well as URLs for NNTP newsgroup(s).