* [xen-4.2-testing baseline-only test] 38089: tolerable FAIL
@ 2015-09-29 16:16 Platform Team regression test user
0 siblings, 0 replies; only message in thread
From: Platform Team regression test user @ 2015-09-29 16:16 UTC (permalink / raw)
To: xen-devel, osstest-admin
This run is configured for baseline tests only.
flight 38089 xen-4.2-testing real [real]
http://osstest.xs.citrite.net/~osstest/testlogs/logs/38089/
Failures :-/ but no regressions.
Regressions which are regarded as allowable (not blocking):
test-i386-i386-libvirt-raw 6 xen-boot fail REGR. vs. 37998
test-amd64-amd64-xl-win7-amd64 6 xen-boot fail blocked in 37998
test-amd64-i386-xl-qemuu-winxpsp3-vcpus1 21 leak-check/check fail blocked in 37998
test-i386-i386-xl-qemuu-winxpsp3 16 guest-localmigrate/x10 fail blocked in 37998
test-amd64-amd64-xl-qemuu-winxpsp3 21 leak-check/check fail blocked in 37998
test-amd64-amd64-xl-qemut-winxpsp3 13 guest-localmigrate fail blocked in 37998
Tests which did not succeed, but are not blocking:
test-amd64-amd64-rumpuserxen-amd64 1 build-check(1) blocked n/a
test-i386-i386-rumpuserxen-i386 1 build-check(1) blocked n/a
test-amd64-i386-rumpuserxen-i386 1 build-check(1) blocked n/a
test-i386-i386-libvirt-qcow2 9 debian-di-install fail never pass
build-i386-rumpuserxen 5 rumpuserxen-build fail never pass
build-amd64-rumpuserxen 5 rumpuserxen-build fail never pass
test-amd64-amd64-libvirt-qcow2 9 debian-di-install fail never pass
test-amd64-amd64-amd64-pvgrub 10 guest-start fail never pass
test-i386-i386-libvirt 12 migrate-support-check fail never pass
test-amd64-amd64-migrupgrade 20 guest-start/debian fail never pass
test-amd64-i386-migrupgrade 20 guest-start/debian fail never pass
test-i386-i386-xl-qcow2 9 debian-di-install fail never pass
test-amd64-amd64-i386-pvgrub 10 guest-start fail never pass
test-amd64-i386-libvirt 12 migrate-support-check fail never pass
test-amd64-i386-xl-qcow2 9 debian-di-install fail never pass
test-amd64-i386-libvirt-raw 11 migrate-support-check fail never pass
test-amd64-amd64-libvirt-vhd 11 migrate-support-check fail never pass
test-amd64-amd64-xl-qemuu-ovmf-amd64 9 debian-hvm-install fail never pass
test-amd64-amd64-xl-winxpsp3 21 leak-check/check fail never pass
test-amd64-i386-libvirt-vhd 11 migrate-support-check fail never pass
test-amd64-amd64-xl-qemut-win7-amd64 17 guest-stop fail never pass
test-amd64-i386-xl-qemut-winxpsp3-vcpus1 21 leak-check/check fail never pass
test-amd64-amd64-libvirt-raw 11 migrate-support-check fail never pass
test-amd64-i386-xl-qemuu-ovmf-amd64 9 debian-hvm-install fail never pass
test-amd64-i386-xl-win7-amd64 17 guest-stop fail never pass
test-amd64-i386-xl-qemut-win7-amd64 17 guest-stop fail never pass
test-amd64-i386-libvirt-qcow2 9 debian-di-install fail never pass
test-amd64-i386-xl-qemuu-win7-amd64 17 guest-stop fail never pass
test-amd64-amd64-libvirt 12 migrate-support-check fail never pass
test-amd64-amd64-xl-qcow2 9 debian-di-install fail never pass
test-i386-i386-xl-qemut-winxpsp3 21 leak-check/check fail never pass
test-amd64-i386-xend-winxpsp3 21 leak-check/check fail never pass
test-i386-i386-libvirt-vhd 11 migrate-support-check fail never pass
test-amd64-i386-xend-qemut-winxpsp3 21 leak-check/check fail never pass
test-amd64-amd64-xl-qemuu-win7-amd64 17 guest-stop fail never pass
test-amd64-i386-xl-winxpsp3-vcpus1 21 leak-check/check fail never pass
test-i386-i386-xl-winxpsp3 21 leak-check/check fail never pass
version targeted for testing:
xen e4f09370f24a2226125659973655b9bae384f903
baseline version:
xen ba7d8144fd004cc1431d53b3a95d1755158f2444
Last test of basis 37998 2015-09-21 01:25:26 Z 8 days
Testing same since 38089 2015-09-27 19:59:27 Z 1 days 1 attempts
------------------------------------------------------------
People who touched revisions under test:
Ian Jackson <ian.jackson@eu.citrix.com>
Stefano Stabellini <stefano.stabellini@eu.citrix.com>
jobs:
build-amd64 pass
build-i386 pass
build-amd64-libvirt pass
build-i386-libvirt pass
build-amd64-prev pass
build-i386-prev pass
build-amd64-pvops pass
build-i386-pvops pass
build-amd64-rumpuserxen fail
build-i386-rumpuserxen fail
test-amd64-amd64-xl pass
test-amd64-i386-xl pass
test-i386-i386-xl pass
test-amd64-i386-rhel6hvm-amd pass
test-amd64-i386-qemut-rhel6hvm-amd pass
test-amd64-i386-qemuu-rhel6hvm-amd pass
test-amd64-amd64-xl-qemut-debianhvm-amd64 pass
test-amd64-i386-xl-qemut-debianhvm-amd64 pass
test-amd64-amd64-xl-qemuu-debianhvm-amd64 pass
test-amd64-i386-xl-qemuu-debianhvm-amd64 pass
test-amd64-i386-qemuu-freebsd10-amd64 pass
test-amd64-amd64-xl-qemuu-ovmf-amd64 fail
test-amd64-i386-xl-qemuu-ovmf-amd64 fail
test-amd64-amd64-rumpuserxen-amd64 blocked
test-amd64-amd64-xl-qemut-win7-amd64 fail
test-amd64-i386-xl-qemut-win7-amd64 fail
test-amd64-amd64-xl-qemuu-win7-amd64 fail
test-amd64-i386-xl-qemuu-win7-amd64 fail
test-amd64-amd64-xl-win7-amd64 fail
test-amd64-i386-xl-win7-amd64 fail
test-amd64-amd64-xl-credit2 pass
test-i386-i386-xl-credit2 pass
test-amd64-i386-qemuu-freebsd10-i386 pass
test-amd64-i386-rumpuserxen-i386 blocked
test-i386-i386-rumpuserxen-i386 blocked
test-amd64-i386-rhel6hvm-intel pass
test-amd64-i386-qemut-rhel6hvm-intel pass
test-amd64-i386-qemuu-rhel6hvm-intel pass
test-amd64-amd64-libvirt pass
test-amd64-i386-libvirt pass
test-i386-i386-libvirt pass
test-amd64-amd64-migrupgrade fail
test-amd64-i386-migrupgrade fail
test-amd64-amd64-xl-multivcpu pass
test-i386-i386-xl-multivcpu pass
test-amd64-amd64-pair pass
test-amd64-i386-pair pass
test-i386-i386-pair pass
test-amd64-amd64-pv pass
test-amd64-i386-pv pass
test-i386-i386-pv pass
test-amd64-amd64-amd64-pvgrub fail
test-amd64-amd64-i386-pvgrub fail
test-amd64-amd64-pygrub pass
test-amd64-amd64-libvirt-qcow2 fail
test-amd64-i386-libvirt-qcow2 fail
test-i386-i386-libvirt-qcow2 fail
test-amd64-amd64-xl-qcow2 fail
test-amd64-i386-xl-qcow2 fail
test-i386-i386-xl-qcow2 fail
test-amd64-amd64-libvirt-raw pass
test-amd64-i386-libvirt-raw pass
test-i386-i386-libvirt-raw fail
test-amd64-amd64-xl-raw pass
test-amd64-i386-xl-raw pass
test-i386-i386-xl-raw pass
test-amd64-i386-xl-qemut-winxpsp3-vcpus1 fail
test-amd64-i386-xl-qemuu-winxpsp3-vcpus1 fail
test-amd64-i386-xl-winxpsp3-vcpus1 fail
test-amd64-amd64-libvirt-vhd pass
test-amd64-i386-libvirt-vhd pass
test-i386-i386-libvirt-vhd pass
test-amd64-amd64-xl-vhd pass
test-amd64-i386-xl-vhd pass
test-i386-i386-xl-vhd pass
test-amd64-i386-xend-qemut-winxpsp3 fail
test-amd64-amd64-xl-qemut-winxpsp3 fail
test-i386-i386-xl-qemut-winxpsp3 fail
test-amd64-amd64-xl-qemuu-winxpsp3 fail
test-i386-i386-xl-qemuu-winxpsp3 fail
test-amd64-i386-xend-winxpsp3 fail
test-amd64-amd64-xl-winxpsp3 fail
test-i386-i386-xl-winxpsp3 fail
------------------------------------------------------------
sg-report-flight on osstest.xs.citrite.net
logs: /home/osstest/logs
images: /home/osstest/images
Logs, config files, etc. are available at
http://osstest.xs.citrite.net/~osstest/testlogs/logs
Test harness code can be found at
http://xenbits.xensource.com/gitweb?p=osstest.git;a=summary
Push not applicable.
------------------------------------------------------------
commit e4f09370f24a2226125659973655b9bae384f903
Author: Stefano Stabellini <stefano.stabellini@eu.citrix.com>
Date: Tue Sep 22 16:56:35 2015 +0100
libxl: handle read-only drives with qemu-xen
The current libxl code doesn't deal with read-only drives at all.
Upstream QEMU and qemu-xen only support read-only cdrom drives: make
sure to specify "readonly=on" for cdrom drives and return error in case
the user requested a non-cdrom read-only drive.
This is XSA-142, discovered by Lin Liu
(https://bugzilla.redhat.com/show_bug.cgi?id=1257893).
Signed-off-by: Stefano Stabellini <stefano.stabellini@eu.citrix.com>
Backport to Xen 4.5 and earlier, apropos of report and review from
Michael Young.
Signed-off-by: Ian Jackson <ian.jackson@eu.citrix.com>
(cherry picked from commit 998424e33db121270690586320e899a03c88b4aa)
(Backport to 4.2 and earlier.)
Conflicts:
tools/libxl/libxl_dm.c
Signed-off-by: Ian Jackson <ian.jackson@eu.citrix.com>
========================================
^ permalink raw reply [flat|nested] only message in thread
only message in thread, other threads:[~2015-09-29 16:16 UTC | newest]
Thread overview: (only message) (download: mbox.gz follow: Atom feed
-- links below jump to the message on this page --
2015-09-29 16:16 [xen-4.2-testing baseline-only test] 38089: tolerable FAIL Platform Team regression test user
This is a public inbox, see mirroring instructions
for how to clone and mirror all data and code used for this inbox;
as well as URLs for NNTP newsgroup(s).