* [xen-4.3-testing baseline-only test] 38091: regressions - trouble: blocked/broken/fail/pass
@ 2015-09-30 6:29 Platform Team regression test user
0 siblings, 0 replies; only message in thread
From: Platform Team regression test user @ 2015-09-30 6:29 UTC (permalink / raw)
To: xen-devel, osstest-admin
This run is configured for baseline tests only.
flight 38091 xen-4.3-testing real [real]
http://osstest.xs.citrite.net/~osstest/testlogs/logs/38091/
Regressions :-(
Tests which did not succeed and are blocking,
including tests which could not be run:
test-armhf-armhf-xl-raw 3 host-install(3) broken REGR. vs. 37937
test-armhf-armhf-xl-credit2 3 host-install(3) broken REGR. vs. 37937
test-amd64-i386-xl-qemuu-win7-amd64 16 guest-localmigrate/x10 fail REGR. vs. 37937
Tests which did not succeed, but are not blocking:
test-amd64-i386-rumpuserxen-i386 1 build-check(1) blocked n/a
test-amd64-amd64-rumpuserxen-amd64 1 build-check(1) blocked n/a
test-amd64-amd64-migrupgrade 1 build-check(1) blocked n/a
test-amd64-i386-migrupgrade 1 build-check(1) blocked n/a
build-amd64-prev 5 xen-build fail never pass
test-amd64-i386-xl-qemuu-ovmf-amd64 9 debian-hvm-install fail never pass
build-amd64-rumpuserxen 6 xen-build fail never pass
test-amd64-amd64-xl-qemuu-ovmf-amd64 9 debian-hvm-install fail never pass
test-armhf-armhf-xl-multivcpu 6 xen-boot fail never pass
test-armhf-armhf-xl-midway 6 xen-boot fail never pass
test-armhf-armhf-libvirt 6 xen-boot fail never pass
test-armhf-armhf-xl-vhd 6 xen-boot fail never pass
test-armhf-armhf-libvirt-qcow2 6 xen-boot fail never pass
build-i386-rumpuserxen 6 xen-build fail never pass
test-armhf-armhf-libvirt-vhd 6 xen-boot fail never pass
build-i386-prev 5 xen-build fail never pass
test-armhf-armhf-libvirt-raw 6 xen-boot fail never pass
test-armhf-armhf-xl-qcow2 6 xen-boot fail never pass
test-armhf-armhf-xl 6 xen-boot fail never pass
test-amd64-i386-libvirt 12 migrate-support-check fail never pass
test-amd64-i386-libvirt-qcow2 11 migrate-support-check fail never pass
test-amd64-amd64-libvirt 12 migrate-support-check fail never pass
test-amd64-amd64-libvirt-qcow2 11 migrate-support-check fail never pass
test-amd64-i386-libvirt-vhd 11 migrate-support-check fail never pass
test-amd64-i386-libvirt-raw 11 migrate-support-check fail never pass
test-amd64-i386-xl-qemut-win7-amd64 17 guest-stop fail never pass
test-amd64-amd64-libvirt-vhd 11 migrate-support-check fail never pass
test-amd64-i386-xend-qemut-winxpsp3 21 leak-check/check fail never pass
test-amd64-amd64-xl-qemuu-win7-amd64 17 guest-stop fail never pass
test-amd64-amd64-libvirt-raw 11 migrate-support-check fail never pass
test-amd64-amd64-xl-qemut-win7-amd64 17 guest-stop fail never pass
version targeted for testing:
xen 998424e33db121270690586320e899a03c88b4aa
baseline version:
xen 3bcb2c062a02e3c45d3f87478d2cbe1a134d395c
Last test of basis 37937 2015-09-15 16:28:05 Z 14 days
Testing same since 38091 2015-09-28 05:21:39 Z 2 days 1 attempts
------------------------------------------------------------
People who touched revisions under test:
Anthony PERARD <anthony.perard@citrix.com>
Gerd Hoffmann <kraxel@redhat.com>
Ian Campbell <ian.campbell@citrix.com>
Ian Jackson <Ian.Jackson@eu.citrix.com>
Matthew Daley <mattjd@gmail.com>
Peter Lieven <pl@kamp.de>
Stefano Stabellini <stefano.stabellini@eu.citrix.com>
Wei Liu <wei.liu2@citrix.com>
jobs:
build-amd64 pass
build-armhf pass
build-i386 pass
build-amd64-libvirt pass
build-armhf-libvirt pass
build-i386-libvirt pass
build-amd64-prev fail
build-i386-prev fail
build-amd64-pvops pass
build-armhf-pvops pass
build-i386-pvops pass
build-amd64-rumpuserxen fail
build-i386-rumpuserxen fail
test-amd64-amd64-xl pass
test-armhf-armhf-xl fail
test-amd64-i386-xl pass
test-amd64-i386-qemut-rhel6hvm-amd pass
test-amd64-i386-qemuu-rhel6hvm-amd pass
test-amd64-amd64-xl-qemut-debianhvm-amd64 pass
test-amd64-i386-xl-qemut-debianhvm-amd64 pass
test-amd64-amd64-xl-qemuu-debianhvm-amd64 pass
test-amd64-i386-xl-qemuu-debianhvm-amd64 pass
test-amd64-i386-freebsd10-amd64 pass
test-amd64-amd64-xl-qemuu-ovmf-amd64 fail
test-amd64-i386-xl-qemuu-ovmf-amd64 fail
test-amd64-amd64-rumpuserxen-amd64 blocked
test-amd64-amd64-xl-qemut-win7-amd64 fail
test-amd64-i386-xl-qemut-win7-amd64 fail
test-amd64-amd64-xl-qemuu-win7-amd64 fail
test-amd64-i386-xl-qemuu-win7-amd64 fail
test-amd64-amd64-xl-credit2 pass
test-armhf-armhf-xl-credit2 broken
test-amd64-i386-freebsd10-i386 pass
test-amd64-i386-rumpuserxen-i386 blocked
test-amd64-i386-qemut-rhel6hvm-intel pass
test-amd64-i386-qemuu-rhel6hvm-intel pass
test-amd64-amd64-libvirt pass
test-armhf-armhf-libvirt fail
test-amd64-i386-libvirt pass
test-armhf-armhf-xl-midway fail
test-amd64-amd64-migrupgrade blocked
test-amd64-i386-migrupgrade blocked
test-amd64-amd64-xl-multivcpu pass
test-armhf-armhf-xl-multivcpu fail
test-amd64-amd64-pair pass
test-amd64-i386-pair pass
test-amd64-amd64-pv pass
test-amd64-i386-pv pass
test-amd64-amd64-amd64-pvgrub pass
test-amd64-amd64-i386-pvgrub pass
test-amd64-amd64-pygrub pass
test-amd64-amd64-libvirt-qcow2 pass
test-armhf-armhf-libvirt-qcow2 fail
test-amd64-i386-libvirt-qcow2 pass
test-amd64-amd64-xl-qcow2 pass
test-armhf-armhf-xl-qcow2 fail
test-amd64-i386-xl-qcow2 pass
test-amd64-amd64-libvirt-raw pass
test-armhf-armhf-libvirt-raw fail
test-amd64-i386-libvirt-raw pass
test-amd64-amd64-xl-raw pass
test-armhf-armhf-xl-raw broken
test-amd64-i386-xl-raw pass
test-amd64-i386-xl-qemut-winxpsp3-vcpus1 pass
test-amd64-i386-xl-qemuu-winxpsp3-vcpus1 pass
test-amd64-amd64-libvirt-vhd pass
test-armhf-armhf-libvirt-vhd fail
test-amd64-i386-libvirt-vhd pass
test-amd64-amd64-xl-vhd pass
test-armhf-armhf-xl-vhd fail
test-amd64-i386-xl-vhd pass
test-amd64-i386-xend-qemut-winxpsp3 fail
test-amd64-amd64-xl-qemut-winxpsp3 pass
test-amd64-amd64-xl-qemuu-winxpsp3 pass
------------------------------------------------------------
sg-report-flight on osstest.xs.citrite.net
logs: /home/osstest/logs
images: /home/osstest/images
Logs, config files, etc. are available at
http://osstest.xs.citrite.net/~osstest/testlogs/logs
Test harness code can be found at
http://xenbits.xensource.com/gitweb?p=osstest.git;a=summary
broken-step test-armhf-armhf-xl-raw host-install(3)
broken-step test-armhf-armhf-xl-credit2 host-install(3)
Push not applicable.
------------------------------------------------------------
commit 998424e33db121270690586320e899a03c88b4aa
Author: Stefano Stabellini <stefano.stabellini@eu.citrix.com>
Date: Tue Sep 22 16:56:35 2015 +0100
libxl: handle read-only drives with qemu-xen
The current libxl code doesn't deal with read-only drives at all.
Upstream QEMU and qemu-xen only support read-only cdrom drives: make
sure to specify "readonly=on" for cdrom drives and return error in case
the user requested a non-cdrom read-only drive.
This is XSA-142, discovered by Lin Liu
(https://bugzilla.redhat.com/show_bug.cgi?id=1257893).
Signed-off-by: Stefano Stabellini <stefano.stabellini@eu.citrix.com>
Backport to Xen 4.5 and earlier, apropos of report and review from
Michael Young.
Signed-off-by: Ian Jackson <ian.jackson@eu.citrix.com>
commit 6d81366482a2fbc418cc96bd2d9875ae99da612c
Author: Anthony PERARD <anthony.perard@citrix.com>
Date: Tue Jul 7 16:09:13 2015 +0100
libxl: Increase device model startup timeout to 1min.
On a busy host, QEMU may take more than 10s to load and start.
This is likely due to a bug in Linux where the I/O subsystem sometime
produce high latency under load and result in QEMU taking a long time to
load every single dynamic libraries.
Signed-off-by: Anthony PERARD <anthony.perard@citrix.com>
Acked-by: Ian Jackson <ian.jackson@eu.citrix.com>
(cherry picked from commit 9acfbe14d7261b03e3b3f4dc3c850ba2a7093e1f)
Conflicts:
tools/libxl/libxl_internal.h
(cherry picked from commit bbbd29a25d090f1180d14210358c6d7ccdebef85)
(cherry picked from commit fe66a76a2d6e30f2cd3aea6b2c8cb41f20ca6ea2)
commit f97021eb92e91db8032d600893a531863a18bd23
Author: Wei Liu <wei.liu2@citrix.com>
Date: Tue Jul 14 17:41:10 2015 +0100
xl: correct handling of extra_config in main_cpupoolcreate
Don't dereference extra_config if it's NULL. Don't leak extra_config in
the end.
Also fixed a typo in error string while I was there.
Signed-off-by: Wei Liu <wei.liu2@citrix.com>
Acked-by: Ian Jackson <ian.jackson@eu.citrix.com>
(cherry picked from commit 705c9e12426cba82804cb578fc70785281655d94)
(cherry picked from commit ffb4e6387f489b6b5ce287f51db43cb37ebae064)
(cherry picked from commit 213e243819ba5f72e13afad41ce2f5df17715530)
commit 8d394a43552434fbe62b9495b88ea8f2bfc12550
Author: Matthew Daley <mattjd@gmail.com>
Date: Wed Sep 18 15:37:43 2013 +1200
libxl: fix leak of config_data in main_cpupoolcreate
Coverity-ID: 1087193
Signed-off-by: Matthew Daley <mattjd@gmail.com>
Acked-by: Ian Campbell <ian.campbell@citrix.com>
(cherry picked from commit 7737ecb20c5babff45445d27fff91894b43a2d28)
commit 13a30798d12e7a355173fe9cf149b3a4c6dc46b8
Author: Ian Jackson <ian.jackson@eu.citrix.com>
Date: Fri Sep 11 11:50:48 2015 +0100
QEMU_TAG update
========================================
commit 1e5099d596b6f7a977d4bc040a54edc2a6a3c6a4
Author: Peter Lieven <pl@kamp.de>
Date: Mon Jun 30 10:07:54 2014 +0200
vnc: limit client_cut_text msg payload size
currently a malicious client could define a payload
size of 2^32 - 1 bytes and send up to that size of
data to the vnc server. The server would allocated
that amount of memory which could easily create an
out of memory condition.
This patch limits the payload size to 1MB max.
Please note that client_cut_text messages are currently
silently ignored.
Signed-off-by: Peter Lieven <pl@kamp.de>
Signed-off-by: Gerd Hoffmann <kraxel@redhat.com>
Above is f9a70e79391f in qemu upstream.
Cherry picked onto in qemu-xen-4.6-testing and qemu-xen-unstable:
Conflicts:
ui/vnc.c
Dropped { } style changes.
Signed-off-by: Ian Jackson <ian.jackson@eu.citrix.com>
Above is 2b5684137e81 in qemu-xen-4.6-testing and qemu-xen-unstable,
now being cherry picked onto qemu-xen-4.5-testing. Also need
1c8d43cbdf0f, its fixup patch:
We do not have `error_report'. Use fprintf to stderr, like the rest
of the file.
Fix commit message to refer to vnc.c, not ui/vnc.c.
Signed-off-by: Ian Jackson <Ian.Jackson@eu.citrix.com>
(cherry picked from commit dfe880e8d5fdc863ce6bbcdcaebaf918f8689cc0)
(cherry picked from commit 5ae0569d964ad1a6d8dc781e5566d39210a5d063)
^ permalink raw reply [flat|nested] only message in thread
only message in thread, other threads:[~2015-09-30 6:29 UTC | newest]
Thread overview: (only message) (download: mbox.gz follow: Atom feed
-- links below jump to the message on this page --
2015-09-30 6:29 [xen-4.3-testing baseline-only test] 38091: regressions - trouble: blocked/broken/fail/pass Platform Team regression test user
This is a public inbox, see mirroring instructions
for how to clone and mirror all data and code used for this inbox;
as well as URLs for NNTP newsgroup(s).