xen-devel.lists.xenproject.org archive mirror
 help / color / mirror / Atom feed
From: Platform Team regression test user <osstest@osstest.xs.citrite.net>
To: xen-devel@lists.xensource.com, osstest-admin@xenproject.org
Subject: [ovmf baseline-only test] 38113: regressions - FAIL
Date: Thu, 1 Oct 2015 23:35:45 +0100	[thread overview]
Message-ID: <osstest-38113-mainreport@xen.org> (raw)

This run is configured for baseline tests only.

flight 38113 ovmf real [real]
http://osstest.xs.citrite.net/~osstest/testlogs/logs/38113/

Regressions :-(

Tests which did not succeed and are blocking,
including tests which could not be run:
 build-i386                    5 xen-build                 fail REGR. vs. 38097

Tests which did not succeed, but are not blocking:
 build-i386-libvirt            1 build-check(1)               blocked  n/a
 test-amd64-i386-xl-qemuu-ovmf-amd64  1 build-check(1)              blocked n/a

version targeted for testing:
 ovmf                 30634ed870d6fdaa702c3e80e5ff2a0214106a49
baseline version:
 ovmf                 7a0ce8c572dff07cef82d7699da39ef52adbf523

Last test of basis    38097  2015-09-29 08:53:26 Z    2 days
Testing same since    38113  2015-10-01 06:53:55 Z    0 days    1 attempts

------------------------------------------------------------
People who touched revisions under test:
  Jaben Carsey <jaben.carsey@intel.com>
  Qiu Shumin <shumin.qiu@intel.com>

jobs:
 build-amd64-xsm                                              pass    
 build-i386-xsm                                               pass    
 build-amd64                                                  pass    
 build-i386                                                   fail    
 build-amd64-libvirt                                          pass    
 build-i386-libvirt                                           blocked 
 build-amd64-pvops                                            pass    
 build-i386-pvops                                             pass    
 test-amd64-amd64-xl-qemuu-ovmf-amd64                         pass    
 test-amd64-i386-xl-qemuu-ovmf-amd64                          blocked 


------------------------------------------------------------
sg-report-flight on osstest.xs.citrite.net
logs: /home/osstest/logs
images: /home/osstest/images

Logs, config files, etc. are available at
    http://osstest.xs.citrite.net/~osstest/testlogs/logs

Test harness code can be found at
    http://xenbits.xensource.com/gitweb?p=osstest.git;a=summary


Push not applicable.

------------------------------------------------------------
commit 30634ed870d6fdaa702c3e80e5ff2a0214106a49
Author: Qiu Shumin <shumin.qiu@intel.com>
Date:   Mon Sep 28 02:18:05 2015 +0000

    ShellPkg: Build all libraries unconditionally.
    
    Build all the optional libraries unconditionally so we can catch changes and how they affect the package regardless of the NO_SHELL_PROFILES,
    INCLUDE_DP, and INCLUDE_TFTP_COMMAND settings.
    
    Contributed-under: TianoCore Contribution Agreement 1.0
    Signed-off-by: Qiu Shumin <shumin.qiu@intel.com>
    Signed-off-by: Jaben Carsey <jaben.carsey@intel.com>
    Reviewed-by: Laszlo Ersek <lersek@redhat.com>
    
    
    git-svn-id: https://svn.code.sf.net/p/edk2/code/trunk/edk2@18557 6f19259b-4bc3-4df7-8a09-765794883524

                 reply	other threads:[~2015-10-01 22:35 UTC|newest]

Thread overview: [no followups] expand[flat|nested]  mbox.gz  Atom feed

Reply instructions:

You may reply publicly to this message via plain-text email
using any one of the following methods:

* Save the following mbox file, import it into your mail client,
  and reply-to-all from there: mbox

  Avoid top-posting and favor interleaved quoting:
  https://en.wikipedia.org/wiki/Posting_style#Interleaved_style

* Reply using the --to, --cc, and --in-reply-to
  switches of git-send-email(1):

  git send-email \
    --in-reply-to=osstest-38113-mainreport@xen.org \
    --to=osstest@osstest.xs.citrite.net \
    --cc=osstest-admin@xenproject.org \
    --cc=xen-devel@lists.xensource.com \
    /path/to/YOUR_REPLY

  https://kernel.org/pub/software/scm/git/docs/git-send-email.html

* If your mail client supports setting the In-Reply-To header
  via mailto: links, try the mailto: link
Be sure your reply has a Subject: header at the top and a blank line before the message body.
This is a public inbox, see mirroring instructions
for how to clone and mirror all data and code used for this inbox;
as well as URLs for NNTP newsgroup(s).