From mboxrd@z Thu Jan 1 00:00:00 1970 From: Platform Team regression test user Subject: [ovmf baseline-only test] 38113: regressions - FAIL Date: Thu, 1 Oct 2015 23:35:45 +0100 Message-ID: Mime-Version: 1.0 Content-Type: text/plain; charset="us-ascii" Content-Transfer-Encoding: 7bit Return-path: List-Unsubscribe: , List-Post: List-Help: List-Subscribe: , Sender: xen-devel-bounces@lists.xen.org Errors-To: xen-devel-bounces@lists.xen.org To: xen-devel@lists.xensource.com, osstest-admin@xenproject.org List-Id: xen-devel@lists.xenproject.org This run is configured for baseline tests only. flight 38113 ovmf real [real] http://osstest.xs.citrite.net/~osstest/testlogs/logs/38113/ Regressions :-( Tests which did not succeed and are blocking, including tests which could not be run: build-i386 5 xen-build fail REGR. vs. 38097 Tests which did not succeed, but are not blocking: build-i386-libvirt 1 build-check(1) blocked n/a test-amd64-i386-xl-qemuu-ovmf-amd64 1 build-check(1) blocked n/a version targeted for testing: ovmf 30634ed870d6fdaa702c3e80e5ff2a0214106a49 baseline version: ovmf 7a0ce8c572dff07cef82d7699da39ef52adbf523 Last test of basis 38097 2015-09-29 08:53:26 Z 2 days Testing same since 38113 2015-10-01 06:53:55 Z 0 days 1 attempts ------------------------------------------------------------ People who touched revisions under test: Jaben Carsey Qiu Shumin jobs: build-amd64-xsm pass build-i386-xsm pass build-amd64 pass build-i386 fail build-amd64-libvirt pass build-i386-libvirt blocked build-amd64-pvops pass build-i386-pvops pass test-amd64-amd64-xl-qemuu-ovmf-amd64 pass test-amd64-i386-xl-qemuu-ovmf-amd64 blocked ------------------------------------------------------------ sg-report-flight on osstest.xs.citrite.net logs: /home/osstest/logs images: /home/osstest/images Logs, config files, etc. are available at http://osstest.xs.citrite.net/~osstest/testlogs/logs Test harness code can be found at http://xenbits.xensource.com/gitweb?p=osstest.git;a=summary Push not applicable. ------------------------------------------------------------ commit 30634ed870d6fdaa702c3e80e5ff2a0214106a49 Author: Qiu Shumin Date: Mon Sep 28 02:18:05 2015 +0000 ShellPkg: Build all libraries unconditionally. Build all the optional libraries unconditionally so we can catch changes and how they affect the package regardless of the NO_SHELL_PROFILES, INCLUDE_DP, and INCLUDE_TFTP_COMMAND settings. Contributed-under: TianoCore Contribution Agreement 1.0 Signed-off-by: Qiu Shumin Signed-off-by: Jaben Carsey Reviewed-by: Laszlo Ersek git-svn-id: https://svn.code.sf.net/p/edk2/code/trunk/edk2@18557 6f19259b-4bc3-4df7-8a09-765794883524