From: Platform Team regression test user <osstest@osstest.xs.citrite.net>
To: xen-devel@lists.xensource.com, osstest-admin@xenproject.org
Subject: [xen-4.6-testing baseline-only test] 38114: regressions - trouble: blocked/broken/fail/pass
Date: Fri, 2 Oct 2015 07:48:45 +0100 [thread overview]
Message-ID: <osstest-38114-mainreport@xen.org> (raw)
This run is configured for baseline tests only.
flight 38114 xen-4.6-testing real [real]
http://osstest.xs.citrite.net/~osstest/testlogs/logs/38114/
Regressions :-(
Tests which did not succeed and are blocking,
including tests which could not be run:
test-amd64-amd64-xl-qemuu-debianhvm-amd64-xsm 3 host-install(3) broken REGR. vs. 38093
build-i386-rumpuserxen 6 xen-build fail REGR. vs. 38093
build-i386-prev 5 xen-build fail REGR. vs. 38093
test-amd64-amd64-xl-credit2 21 guest-start/debian.repeat fail REGR. vs. 38093
build-amd64-prev 5 xen-build fail REGR. vs. 38093
Regressions which are regarded as allowable (not blocking):
test-amd64-amd64-rumpuserxen-amd64 15 rumpuserxen-demo-xenstorels/xenstorels.repeat fail REGR. vs. 38093
test-amd64-amd64-xl-qemuu-winxpsp3 9 windows-install fail like 38093
test-amd64-amd64-xl-qemut-winxpsp3 9 windows-install fail like 38093
Tests which did not succeed, but are not blocking:
test-amd64-i386-rumpuserxen-i386 1 build-check(1) blocked n/a
test-amd64-i386-migrupgrade 1 build-check(1) blocked n/a
test-amd64-amd64-migrupgrade 1 build-check(1) blocked n/a
test-armhf-armhf-xl-vhd 9 debian-di-install fail never pass
test-armhf-armhf-xl-qcow2 9 debian-di-install fail never pass
test-armhf-armhf-libvirt-qcow2 9 debian-di-install fail never pass
test-armhf-armhf-libvirt-vhd 9 debian-di-install fail never pass
test-armhf-armhf-libvirt-raw 9 debian-di-install fail never pass
test-armhf-armhf-xl-raw 9 debian-di-install fail never pass
test-armhf-armhf-libvirt-xsm 12 migrate-support-check fail never pass
test-armhf-armhf-libvirt-xsm 14 guest-saverestore fail never pass
test-amd64-i386-xl-qemut-stubdom-debianhvm-amd64-xsm 9 debian-hvm-install fail never pass
test-amd64-amd64-xl-pvh-intel 11 guest-start fail never pass
test-amd64-amd64-xl-pvh-amd 11 guest-start fail never pass
test-armhf-armhf-libvirt 14 guest-saverestore fail never pass
test-armhf-armhf-libvirt 12 migrate-support-check fail never pass
test-armhf-armhf-xl-multivcpu 13 saverestore-support-check fail never pass
test-armhf-armhf-xl-multivcpu 12 migrate-support-check fail never pass
test-armhf-armhf-xl-credit2 13 saverestore-support-check fail never pass
test-armhf-armhf-xl-credit2 12 migrate-support-check fail never pass
test-armhf-armhf-xl-midway 13 saverestore-support-check fail never pass
test-armhf-armhf-xl-midway 12 migrate-support-check fail never pass
test-armhf-armhf-xl 12 migrate-support-check fail never pass
test-armhf-armhf-xl 13 saverestore-support-check fail never pass
test-armhf-armhf-xl-xsm 13 saverestore-support-check fail never pass
test-armhf-armhf-xl-xsm 12 migrate-support-check fail never pass
test-armhf-armhf-xl-rtds 13 saverestore-support-check fail never pass
test-armhf-armhf-xl-rtds 12 migrate-support-check fail never pass
test-amd64-i386-libvirt-xsm 12 migrate-support-check fail never pass
test-amd64-i386-libvirt 12 migrate-support-check fail never pass
test-amd64-amd64-libvirt-xsm 12 migrate-support-check fail never pass
test-amd64-i386-libvirt-qcow2 11 migrate-support-check fail never pass
test-amd64-i386-libvirt-qemuu-debianhvm-amd64-xsm 10 migrate-support-check fail never pass
test-amd64-i386-libvirt-raw 11 migrate-support-check fail never pass
test-amd64-i386-libvirt-vhd 11 migrate-support-check fail never pass
test-amd64-amd64-libvirt-vhd 11 migrate-support-check fail never pass
test-amd64-amd64-libvirt-raw 11 migrate-support-check fail never pass
test-amd64-i386-xl-qemuu-win7-amd64 17 guest-stop fail never pass
test-amd64-amd64-libvirt-qcow2 11 migrate-support-check fail never pass
test-amd64-amd64-libvirt 12 migrate-support-check fail never pass
test-amd64-i386-xl-qemut-win7-amd64 17 guest-stop fail never pass
test-amd64-amd64-xl-qemuu-win7-amd64 17 guest-stop fail never pass
test-amd64-amd64-libvirt-qemuu-debianhvm-amd64-xsm 10 migrate-support-check fail never pass
test-amd64-amd64-xl-qemut-win7-amd64 17 guest-stop fail never pass
version targeted for testing:
xen e275fbcbe91fe904a335e049cdc439456df75b14
baseline version:
xen 7472ced461b4c4480a6dee2753a266f98e791456
Last test of basis 38093 2015-09-28 14:56:15 Z 3 days
Testing same since 38114 2015-10-01 18:22:11 Z 0 days 1 attempts
------------------------------------------------------------
People who touched revisions under test:
Chao Peng <chao.p.peng@linux.intel.com>
Ian Campbell <ian.campbell@citrix.com>
Ian Jackson <Ian.Jackson@eu.citrix.com>
Jan Beulich <jbeulich@suse.com>
Julien Grall <julien.grall@citrix.com>
Mike Belopuhov <mike.belopuhov@esdenera.com>
Quan Xu <quan.xu@intel.com>
Wei Liu <wei.liu2@citrix.com>
Yang Zhang <yang.z.zhang@intel.com>
jobs:
build-amd64-xsm pass
build-armhf-xsm pass
build-i386-xsm pass
build-amd64 pass
build-armhf pass
build-i386 pass
build-amd64-libvirt pass
build-armhf-libvirt pass
build-i386-libvirt pass
build-amd64-prev fail
build-i386-prev fail
build-amd64-pvops pass
build-armhf-pvops pass
build-i386-pvops pass
build-amd64-rumpuserxen pass
build-i386-rumpuserxen fail
test-amd64-amd64-xl pass
test-armhf-armhf-xl pass
test-amd64-i386-xl pass
test-amd64-amd64-xl-qemut-debianhvm-amd64-xsm pass
test-amd64-i386-xl-qemut-debianhvm-amd64-xsm pass
test-amd64-amd64-libvirt-qemuu-debianhvm-amd64-xsm pass
test-amd64-i386-libvirt-qemuu-debianhvm-amd64-xsm pass
test-amd64-amd64-xl-qemuu-debianhvm-amd64-xsm broken
test-amd64-i386-xl-qemuu-debianhvm-amd64-xsm pass
test-amd64-amd64-xl-qemut-stubdom-debianhvm-amd64-xsm pass
test-amd64-i386-xl-qemut-stubdom-debianhvm-amd64-xsm fail
test-amd64-amd64-libvirt-xsm pass
test-armhf-armhf-libvirt-xsm fail
test-amd64-i386-libvirt-xsm pass
test-amd64-amd64-xl-xsm pass
test-armhf-armhf-xl-xsm pass
test-amd64-i386-xl-xsm pass
test-amd64-amd64-xl-pvh-amd fail
test-amd64-i386-qemut-rhel6hvm-amd pass
test-amd64-i386-qemuu-rhel6hvm-amd pass
test-amd64-amd64-xl-qemut-debianhvm-amd64 pass
test-amd64-i386-xl-qemut-debianhvm-amd64 pass
test-amd64-amd64-xl-qemuu-debianhvm-amd64 pass
test-amd64-i386-xl-qemuu-debianhvm-amd64 pass
test-amd64-i386-freebsd10-amd64 pass
test-amd64-amd64-xl-qemuu-ovmf-amd64 pass
test-amd64-i386-xl-qemuu-ovmf-amd64 pass
test-amd64-amd64-rumpuserxen-amd64 fail
test-amd64-amd64-xl-qemut-win7-amd64 fail
test-amd64-i386-xl-qemut-win7-amd64 fail
test-amd64-amd64-xl-qemuu-win7-amd64 fail
test-amd64-i386-xl-qemuu-win7-amd64 fail
test-amd64-amd64-xl-credit2 fail
test-armhf-armhf-xl-credit2 pass
test-amd64-i386-freebsd10-i386 pass
test-amd64-i386-rumpuserxen-i386 blocked
test-amd64-amd64-xl-pvh-intel fail
test-amd64-i386-qemut-rhel6hvm-intel pass
test-amd64-i386-qemuu-rhel6hvm-intel pass
test-amd64-amd64-libvirt pass
test-armhf-armhf-libvirt fail
test-amd64-i386-libvirt pass
test-armhf-armhf-xl-midway pass
test-amd64-amd64-migrupgrade blocked
test-amd64-i386-migrupgrade blocked
test-amd64-amd64-xl-multivcpu pass
test-armhf-armhf-xl-multivcpu pass
test-amd64-amd64-pair pass
test-amd64-i386-pair pass
test-amd64-amd64-libvirt-pair pass
test-amd64-i386-libvirt-pair pass
test-amd64-amd64-amd64-pvgrub pass
test-amd64-amd64-i386-pvgrub pass
test-amd64-amd64-pygrub pass
test-amd64-amd64-libvirt-qcow2 pass
test-armhf-armhf-libvirt-qcow2 fail
test-amd64-i386-libvirt-qcow2 pass
test-amd64-amd64-xl-qcow2 pass
test-armhf-armhf-xl-qcow2 fail
test-amd64-i386-xl-qcow2 pass
test-amd64-amd64-libvirt-raw pass
test-armhf-armhf-libvirt-raw fail
test-amd64-i386-libvirt-raw pass
test-amd64-amd64-xl-raw pass
test-armhf-armhf-xl-raw fail
test-amd64-i386-xl-raw pass
test-amd64-amd64-xl-rtds pass
test-armhf-armhf-xl-rtds pass
test-amd64-i386-xl-qemut-winxpsp3-vcpus1 pass
test-amd64-i386-xl-qemuu-winxpsp3-vcpus1 pass
test-amd64-amd64-libvirt-vhd pass
test-armhf-armhf-libvirt-vhd fail
test-amd64-i386-libvirt-vhd pass
test-amd64-amd64-xl-vhd pass
test-armhf-armhf-xl-vhd fail
test-amd64-i386-xl-vhd pass
test-amd64-amd64-xl-qemut-winxpsp3 fail
test-amd64-i386-xl-qemut-winxpsp3 pass
test-amd64-amd64-xl-qemuu-winxpsp3 fail
test-amd64-i386-xl-qemuu-winxpsp3 pass
------------------------------------------------------------
sg-report-flight on osstest.xs.citrite.net
logs: /home/osstest/logs
images: /home/osstest/images
Logs, config files, etc. are available at
http://osstest.xs.citrite.net/~osstest/testlogs/logs
Test harness code can be found at
http://xenbits.xensource.com/gitweb?p=osstest.git;a=summary
broken-step test-amd64-amd64-xl-qemuu-debianhvm-amd64-xsm host-install(3)
Push not applicable.
------------------------------------------------------------
commit e275fbcbe91fe904a335e049cdc439456df75b14
Author: Ian Jackson <ian.jackson@eu.citrix.com>
Date: Tue Sep 29 11:49:34 2015 +0100
QEMU_UPSTREAM_REVISION update
Signed-off-by: Ian Jackson <Ian.Jackson@eu.citrix.com>
commit fc39c8824120711ccd6681999a7e121008291267
Author: Chao Peng <chao.p.peng@linux.intel.com>
Date: Tue Sep 29 15:49:55 2015 +0800
docs/man: resort sections
Section 'IGNORED FOR COMPATIBILITY WITH XM' separates 'CACHE MONITORING
TECHNOLOGY' and 'CACHE ALLOCATION TECHNOLOGY' but they really should be
put together.
Signed-off-by: Chao Peng <chao.p.peng@linux.intel.com>
Reviewed-by: Dario Faggioli <dario.faggioli@citrix.com>
Acked-by: Wei Liu <wei.liu2@citrix.com>
(cherry picked from commit 61598449ae28fe89036a699fd524b73b9ca454ae)
commit 41c46dd10b4809b6cb015ab229b552ffee7730d6
Author: Chao Peng <chao.p.peng@linux.intel.com>
Date: Tue Sep 29 15:49:54 2015 +0800
docs: make xl-psr.markdown more precise
Drop the chapter number as it can be confusing when it gets changed in
the referred document.
Signed-off-by: Chao Peng <chao.p.peng@linux.intel.com>
Reviewed-by: Dario Faggioli <dario.faggioli@citrix.com>
Acked-by: Wei Liu <wei.liu2@citrix.com>
[ ijc -- dropped hunk changing URL to specific revision, this is not
needed now that the references do not include a specific
chapter number ]
(cherry picked from commit 7f732ffa2b4e5bea27be56ba1970a0025ac1124d)
commit 45c6e842d3abbf265b417c59c4bb9044c2cdb2fc
Author: Chao Peng <chao.p.peng@linux.intel.com>
Date: Tue Sep 29 15:49:53 2015 +0800
tools/libxl: fix range check in main_psr_cat_cbm_set
The 'end' should be inclusive.
Signed-off-by: Chao Peng <chao.p.peng@linux.intel.com>
Reviewed-by: Dario Faggioli <dario.faggioli@citrix.com>
Acked-by: Wei Liu <wei.liu2@citrix.com>
(cherry picked from commit e364a9cecea0bf6c5b02bea674745cd37ea0ad5c)
commit 029375fe5e08cff5fe2634878ae62ed4780a6fcf
Author: Chao Peng <chao.p.peng@linux.intel.com>
Date: Tue Sep 29 15:49:52 2015 +0800
tools/libxl: return socket id from libxl_psr_cat_get_l3_info
The entries returned from libxl_psr_cat_get_l3_info are assumed
to be socket-continuous. But this is not true in the hotplug case.
This patch gets the socket bitmap for all the sockets on the system
first and stores the socket id in the structure libxl_psr_cat_info in
libxl_psr_cat_get_l3_info. The xl or similar consumers then can display
socket information correctly.
Signed-off-by: Chao Peng <chao.p.peng@linux.intel.com>
Reviewed-by: Dario Faggioli <dario.faggioli@citrix.com>
Acked-by: Wei Liu <wei.liu2@citrix.com>
(cherry picked from commit 30e7a6fde8d4810a230324b89125b4bdc8e5374d)
commit e56cca18f33ad58bdafb0a5dcede4bf9953a786e
Author: Chao Peng <chao.p.peng@linux.intel.com>
Date: Tue Sep 29 15:49:51 2015 +0800
tools/libxl: fix socket display error for CMT
When displaying the CMT information for all the sockets, we assume socket
number is continuous. This is not true in the hotplug case. For instance,
when the 3rd socket is plugged out on a 4-socket system, the available
sockets numbers are 1,2,4 but current we will display the CMT
information for socket 1,2,3.
The fix is getting the socket bitmap for all the sockets on the system
first and then displaying CMT information for_each_set_bit in that bitmap.
Signed-off-by: Chao Peng <chao.p.peng@linux.intel.com>
Acked-by: Wei Liu <wei.liu2@citrix.com>
Reviewed-by: Dario Faggioli <dario.faggioli@citrix.com>
(cherry picked from commit a4943f6bdd2bcef9e20020a74e41aaeb77e42905)
commit 8452c3ea98bfd4a445361cc9c3e1ae5a3dbd793a
Author: Chao Peng <chao.p.peng@linux.intel.com>
Date: Tue Sep 29 15:49:50 2015 +0800
tools/libxl: introduce libxl_get_online_socketmap
It sets the bit on the given bitmap if the corresponding socket is
available and clears the bit when the corresponding socket is not
available.
Signed-off-by: Chao Peng <chao.p.peng@linux.intel.com>
Reviewed-by: Dario Faggioli <dario.faggioli@citrix.com>
Acked-by: Wei Liu <wei.liu2@citrix.com>
(cherry picked from commit d0596394462484a277330b2e43f0b46efb815452)
commit ae9bedcb9b23642896aa362e990fb740cd17d9cc
Author: Julien Grall <julien.grall@citrix.com>
Date: Thu Sep 17 18:36:36 2015 +0100
tools/libxc: arm: Check the index before accessing the bank
When creating a guest with more than 3GB of memory, the 2 banks will be
used and the loop with overrunning. The code will fail later on because
Xen will deny to populate the region:
domainbuilder: detail: xc_dom_devicetree_mem: called
domainbuilder: detail: xc_dom_mem_init: mem 3096 MB, pages 0xc1800 pages, 4k each
domainbuilder: detail: xc_dom_mem_init: 0xc1800 pages
domainbuilder: detail: xc_dom_boot_mem_init: called
domainbuilder: detail: set_mode: guest xen-3.0-aarch64, address size 64
domainbuilder: detail: xc_dom_malloc : 14384 kB
domainbuilder: detail: populate_guest_memory: populating RAM @0000000040000000-0000000100000000 (3072MB)
domainbuilder: detail: populate_one_size: populated 0x3/0x3 entries with shift 18
domainbuilder: detail: populate_guest_memory: populating RAM @0000000200000000-0000000201800000 (24MB)
domainbuilder: detail: populate_one_size: populated 0xc/0xc entries with shift 9
domainbuilder: detail: populate_guest_memory: populating RAM @0000007fad41c000-0007fb39dd42c000 (2141954816MB)
domainbuilder: detail: populate_one_size: populated 0x100/0x1e4 entries with shift 0
domainbuilder: detail: populate_guest_memory: Not enough RAM
This is because we are currently accessing the bank before checking the
validity of the index. AFAICT, on Debian Jessie, the compiler (gcc 4.9.2) is
assuming that it's not necessary to verify the index because it's used
before. This is a valid assumption because the operand of && are
execute from from left to right.
Re-order the checks to verify the validity of the index before accessing
the bank.
The problem has been present since the introduction of the multi-bank
feature in commit 45d9867837f099e9eed4189dac5ed39d1fe2ed49 " tools: arm:
prepare domain builder for multiple banks of guest RAM".
Signed-off-by: Julien Grall <julien.grall@citrix.com>
Acked-by: Ian Campbell <ian.campbell@citrix.com>
(cherry picked from commit ed5c2c05cfa557b2391aef9557864d8d958d8d84)
commit 6307ebcbd7d3c2db3adb087d1d614b97cb5e64cc
Author: Quan Xu <quan.xu@intel.com>
Date: Mon Sep 28 17:38:09 2015 +0200
vt-d: fix IM bit mask and unmask of Fault Event Control Register
Bit 0:29 in Fault Event Control Register are 'Reserved and Preserved',
software cannot write 0 to it unconditionally. Software must preserve
the value read for writes.
Signed-off-by: Quan Xu <quan.xu@intel.com>
Acked-by: Yang Zhang <yang.z.zhang@intel.com>
Release-acked-by: Wei Liu <wei.liu2@citrix.com>
vt-d: fix IM bit unmask of Fault Event Control Register in init_vtd_hw()
Bit 0:29 in Fault Event Control Register are 'Reserved and Preserved',
software cannot write 0 to it unconditionally. Software must preserve
the value read for writes.
Suggested-by: Jan Beulich <jbeulich@suse.com>
Signed-off-by: Quan Xu <quan.xu@intel.com>
master commit: 86f3ff9fc4cc3cb69b96c1de74bcc51f738fe2b9
master date: 2015-09-25 09:08:22 +0200
master commit: 26b300bd727ef00a8f60329212a83c3b027a48f7
master date: 2015-09-25 18:03:04 +0200
commit 04f61260deee93fb32b0a22fafbfd11ddfe9d628
Author: Mike Belopuhov <mike.belopuhov@esdenera.com>
Date: Mon Sep 28 17:37:37 2015 +0200
add missing license and copyright statements to public interface headers
The copyright line indicates a person, a group of people and/or a company
granting rights stated in the license text and is a required part of the
license.
The year of the copyright is chosen to be the same as when the license has
been applied to the file or when the file has been created in case there
was no license. It is possible to update or add additional years if major
changes have been done to the the file, but is generally not a requirement.
Signed-off-by: Mike Belopuhov <mike.belopuhov@esdenera.com>
master commit: 8d6ff9ef259e296e6aee32ad8840cc5081280e0d
master date: 2015-09-25 09:04:24 +0200
commit afa96a28fbdfdcc00ee870ede5f462552cd92752
Author: Jan Beulich <jbeulich@suse.com>
Date: Mon Sep 28 17:36:51 2015 +0200
x86/bigmem: eliminate struct domain address width restriction
PDX-es are 64 bits wide in that case, and hence no limit needs to be
enforced.
Reported-by: Andrew Cooper <andrew.cooper3@citrix.com>
Signed-off-by: Jan Beulich <jbeulich@suse.com>
Reviewed-by: Andrew Cooper <andrew.cooper3@citrix.com>
Release-acked-by: Wei Liu <wei.liu2@citrix.com>
master commit: fb34ff7452fda9966915cba8cf3ed42d4ca738fc
master date: 2015-09-25 09:02:02 +0200
(qemu changes not included)
reply other threads:[~2015-10-02 6:48 UTC|newest]
Thread overview: [no followups] expand[flat|nested] mbox.gz Atom feed
Reply instructions:
You may reply publicly to this message via plain-text email
using any one of the following methods:
* Save the following mbox file, import it into your mail client,
and reply-to-all from there: mbox
Avoid top-posting and favor interleaved quoting:
https://en.wikipedia.org/wiki/Posting_style#Interleaved_style
* Reply using the --to, --cc, and --in-reply-to
switches of git-send-email(1):
git send-email \
--in-reply-to=osstest-38114-mainreport@xen.org \
--to=osstest@osstest.xs.citrite.net \
--cc=osstest-admin@xenproject.org \
--cc=xen-devel@lists.xensource.com \
/path/to/YOUR_REPLY
https://kernel.org/pub/software/scm/git/docs/git-send-email.html
* If your mail client supports setting the In-Reply-To header
via mailto: links, try the mailto: link
Be sure your reply has a Subject: header at the top and a blank line
before the message body.
This is a public inbox, see mirroring instructions
for how to clone and mirror all data and code used for this inbox;
as well as URLs for NNTP newsgroup(s).