xen-devel.lists.xenproject.org archive mirror
 help / color / mirror / Atom feed
* [linux-3.10 baseline-only test] 38124: regressions - FAIL
@ 2015-10-05 20:26 Platform Team regression test user
  0 siblings, 0 replies; only message in thread
From: Platform Team regression test user @ 2015-10-05 20:26 UTC (permalink / raw)
  To: xen-devel, osstest-admin

[-- Attachment #1: Type: text/plain, Size: 17515 bytes --]

This run is configured for baseline tests only.

flight 38124 linux-3.10 real [real]
http://osstest.xs.citrite.net/~osstest/testlogs/logs/38124/

Regressions :-(

Tests which did not succeed and are blocking,
including tests which could not be run:
 test-amd64-i386-xl-qemut-stubdom-debianhvm-amd64-xsm 9 debian-hvm-install fail REGR. vs. 38079
 test-amd64-i386-xl-raw       17 guest-localmigrate/x10    fail REGR. vs. 38079
 test-amd64-amd64-xl-qemuu-winxpsp3  9 windows-install     fail REGR. vs. 38079

Regressions which are regarded as allowable (not blocking):
 test-amd64-amd64-libvirt-qcow2 10 guest-start             fail REGR. vs. 38079
 test-amd64-amd64-xl          21 guest-start/debian.repeat    fail   like 38079
 test-amd64-amd64-xl-qemut-winxpsp3  9 windows-install          fail like 38079

Tests which did not succeed, but are not blocking:
 test-amd64-amd64-xl-pvh-intel 11 guest-start                  fail  never pass
 test-amd64-amd64-rumpuserxen-amd64 15 rumpuserxen-demo-xenstorels/xenstorels.repeat fail never pass
 test-armhf-armhf-xl-credit2   6 xen-boot                     fail   never pass
 test-amd64-amd64-xl-pvh-amd  11 guest-start                  fail   never pass
 test-armhf-armhf-xl-midway    6 xen-boot                     fail   never pass
 test-armhf-armhf-libvirt-xsm  6 xen-boot                     fail   never pass
 test-armhf-armhf-libvirt-raw  6 xen-boot                     fail   never pass
 test-armhf-armhf-xl-qcow2     6 xen-boot                     fail   never pass
 test-armhf-armhf-xl-xsm       6 xen-boot                     fail   never pass
 test-armhf-armhf-libvirt      6 xen-boot                     fail   never pass
 test-armhf-armhf-xl           6 xen-boot                     fail   never pass
 test-armhf-armhf-libvirt-vhd  6 xen-boot                     fail   never pass
 test-armhf-armhf-xl-raw       6 xen-boot                     fail   never pass
 test-armhf-armhf-xl-multivcpu  6 xen-boot                     fail  never pass
 test-armhf-armhf-libvirt-qcow2  6 xen-boot                     fail never pass
 test-armhf-armhf-xl-rtds      6 xen-boot                     fail   never pass
 test-amd64-i386-libvirt      12 migrate-support-check        fail   never pass
 test-armhf-armhf-xl-vhd       6 xen-boot                     fail   never pass
 test-amd64-amd64-libvirt     12 migrate-support-check        fail   never pass
 test-amd64-i386-libvirt-xsm  12 migrate-support-check        fail   never pass
 test-amd64-amd64-libvirt-xsm 12 migrate-support-check        fail   never pass
 test-amd64-amd64-libvirt-raw 11 migrate-support-check        fail   never pass
 test-amd64-i386-libvirt-raw  11 migrate-support-check        fail   never pass
 test-amd64-i386-libvirt-vhd  11 migrate-support-check        fail   never pass
 test-amd64-amd64-libvirt-vhd 11 migrate-support-check        fail   never pass
 test-amd64-i386-libvirt-qemuu-debianhvm-amd64-xsm 10 migrate-support-check fail never pass
 test-amd64-amd64-libvirt-qemuu-debianhvm-amd64-xsm 10 migrate-support-check fail never pass
 test-amd64-i386-libvirt-qcow2 11 migrate-support-check        fail  never pass
 test-amd64-amd64-xl-rtds     21 guest-start/debian.repeat    fail   never pass
 test-amd64-i386-xl-qemut-win7-amd64 17 guest-stop              fail never pass
 test-amd64-amd64-xl-qemut-win7-amd64 17 guest-stop             fail never pass
 test-amd64-i386-xl-qemuu-win7-amd64 17 guest-stop              fail never pass
 test-amd64-amd64-xl-qemuu-win7-amd64 17 guest-stop             fail never pass

version targeted for testing:
 linux                f5552cd830e58c46dffae3617b3ce0c839771981
baseline version:
 linux                78fb9f4236d9077fb343fb5a4e55fe27075e9a1d

Last test of basis    38079  2015-09-27 08:18:13 Z    8 days
Testing same since    38124  2015-10-05 09:52:09 Z    0 days    1 attempts

------------------------------------------------------------
People who touched revisions under test:
  "Eric W. Biederman" <ebiederm@xmission.com>
  Aaro Koskinen <aaro.koskinen@iki.fi>
  Adrien Schildknecht <adrien+dev@schischi.me>
  Al Viro <viro@zeniv.linux.org.uk>
  Alan Stern <stern@rowland.harvard.edu>
  Alex Deucher <alexander.deucher@amd.com>
  Alexei Starovoitov <ast@plumgrid.com>
  Amanieu d'Antras <amanieu@gmail.com>
  Andrew Morton <akpm@linux-foundation.org>
  Andrey Ryabinin <aryabinin@odin.com>
  Andy Lutomirski <luto@kernel.org>
  Angga <Hermin.Anggawijaya@alliedtelesis.co.nz>
  Arkadiusz Miśkiewicz <arekm@maven.pl>
  Arnd Bergmann <arnd@arndb.de>
  Bart Van Assche <bart.vanassche@sandisk.com>
  Benjamin Randazzo <benjamin@randazzo.fr>
  Bjorn Helgaas <bhelgaas@google.com>
  Bob Copeland <me@bobcopeland.com>
  Borislav Petkov <bp@suse.de>
  Brenden Blanco <bblanco@plumgrid.com>
  Brian King <brking@linux.vnet.ibm.com>
  Carol L Soto <clsoto@linux.vnet.ibm.com>
  Catalin Marinas <catalin.marinas@arm.com>
  Chris Zankel <chris@zankel.net>
  Christoph Hellwig <hch@lst.de>
  Cong Wang <cwang@twopensource.com>
  Corey Minyard <cminyard@mvista.com>
  Dan Carpenter <dan.carpenter@oracle.com>
  Dan McGee <dpmcgee@gmail.com>
  Daniel Borkmann <daniel@iogearbox.net>
  David Daney <david.daney@cavium.com>
  David Härdeman <david@hardeman.nu>
  David S. Miller <davem@davemloft.net>
  David Vrabel <david.vrabel@citrix.com>
  Davidlohr Bueso <dbueso@suse.de>
  Dirk Behme <dirk.behme@de.bosch.com>
  Don Zickus <dzickus@redhat.com>
  Doug Ledford <dledford@redhat.com>
  Edward Hyunkoo Jee <edjee@google.com>
  Eric Dumazet <edumazet@google.com>
  Eric W. Biederman <ebiederm@xmission.com>
  Eugene Shatokhin <eugene.shatokhin@rosalab.ru>
  Fabio Estevam <fabio.estevam@freescale.com>
  Fabio Estevam <festevam@gmail.com>
  Felipe Balbi <balbi@ti.com>
  Felix Fietkau <nbd@openwrt.org>
  Florian Westphal <fw@strlen.de>
  Grant Likely <grant.likely@linaro.org>
  Greg Kroah-Hartman <gregkh@linuxfoundation.org>
  Guenter Roeck <linux@roeck-us.net>
  Hannes Frederic Sowa <hannes@stressinduktion.org>
  Helge Deller <deller@gmx.de>
  Herbert Xu <herbert@gondor.apana.org.au>
  Hermin Anggawijaya <hermin.anggawijaya@alliedtelesis.co.nz>
  Herton R. Krzesinski <herton@redhat.com>
  Hin-Tak Leung <htl10@users.sourceforge.net>
  Horia Geant? <horia.geanta@freescale.com>
  huaibin Wang <huaibin.wang@6wind.com>
  Hugh Dickins <hughd@google.com>
  Ilya Dryomov <idryomov@gmail.com>
  Ingo Molnar <mingo@kernel.org>
  Jack Morgenstein <jackm@dev.mellanox.co.il>
  Jacob Shin <jacob.shin@amd.com>
  Jaewon Kim <jaewon31.kim@samsung.com>
  James Bottomley <JBottomley@Odin.com>
  Jan Kara <jack@suse.com>
  Jann Horn <jann@thejh.net>
  Jean Delvare <jdelvare@suse.de>
  Jeff Vander Stoep <jeffv@google.com>
  Jeffery Miller <jmiller@neverware.com>
  Jesse Jones <jjones@cococorp.com>
  Jialing Fu <jlfu@marvell.com>
  Jiri Kosina <jkosina@suse.cz>
  Jiri Slaby <jslaby@suse.cz>
  Joe Thornber <ejt@redhat.com>
  Johan Hovold <johan@kernel.org>
  Johannes Berg <johannes.berg@intel.com>
  Jonathan Cameron <jic23@kernel.org>
  Joseph Qi <joseph.qi@huawei.com>
  Julian Anastasov <ja@ssi.bg>
  Kalle Valo <kvalo@codeaurora.org>
  Kishon Vijay Abraham I <kishon@ti.com>
  Larry Finger <Larry.Finger@lwfinger.net>
  Lars-Peter Clausen <lars@metafoo.de>
  Lee Jones <lee.jones@linaro.org>
  Linus Torvalds <torvalds@linux-foundation.org>
  Maciej S. Szmigiero <mail@maciej.szmigiero.name>
  Maciej Szmigiero <mail@maciej.szmigiero.name>
  Manfred Spraul <manfred@colorfullife.com>
  Marc Zyngier <marc.zyngier@arm.com>
  Marcelo Ricardo Leitner <marcelo.leitner@gmail.com>
  Marcus Gelderie <redmnic@gmail.com>
  Marek Marczykowski-Górecki <marmarek@invisiblethingslab.com>
  Markus Pargmann <mpa@pengutronix.de>
  Masahiro Yamada <yamada.masahiro@socionext.com>
  Mathias Nyman <mathias.nyman@linux.intel.com>
  Matthijs Kooijman <matthijs@stdin.nl>
  Mauro Carvalho Chehab <mchehab@osg.samsung.com>
  Max Filippov <jcmvbkbc@gmail.com>
  Michael Ellerman <mpe@ellerman.id.au>
  Michael Kerrisk <mtk.manpages@gmail.com>
  Michael Walle <michael@walle.cc>
  Michal Hocko <mhocko@suse.cz>
  Mike Snitzer <snitzer@redhat.com>
  Mikulas Patocka <mikulas@twibright.com>
  Mikulas Patocka <mpatocka@redhat.com>
  Minchan Kim <minchan@kernel.org>
  Minfei Huang <mnfhuang@gmail.com>
  Naoya Horiguchi <n-horiguchi@ah.jp.nec.com>
  NeilBrown <neilb@suse.com>
  Nicholas Bellinger <nab@daterainc.com>
  Nicholas Bellinger <nab@linux-iscsi.org>
  Nicolas Dichtel <nicolas.dichtel@6wind.com>
  Nikolay Aleksandrov <nikolay@cumulusnetworks.com>
  Nikolay Aleksandrov <razor@blackwall.org>
  Noa Osherovich <noaos@mellanox.com>
  Oleg Nesterov <oleg@redhat.com>
  Oliver Neukum <oneukum@suse.com>
  Or Gerlitz <ogerlitz@mellanox.com>
  Paolo Bonzini <pbonzini@redhat.com>
  Paul Moore <paul@paul-moore.com>
  Pawel Moll <pawel.moll@arm.com>
  Peter Chen <peter.chen@freescale.com>
  Peter Zijlstra (Intel) <peterz@infradead.org>
  Peter Zijlstra <peterz@infradead.org>
  Philipp Hachtmann <hachti@hachti.de>
  Ralf Baechle <ralf@linux-mips.org>
  Ricardo Ribalda Delgado <ricardo.ribalda@gmail.com>
  Richard Laing <richard.laing@alliedtelesis.co.nz>
  Richard Weinberger <richard@nod.at>
  Rob Herring <robh@kernel.org>
  Robert Richter <rric@kernel.org>
  Roopa Prabhu <roopa@cumulusnetworks.com>
  Russell King <rmk+kernel@arm.linux.org.uk>
  Sergei Antonov <saproj@gmail.com>
  Shachar Raindel <raindel@mellanox.com>
  Shani Michaeli <shanim@mellanox.com>
  Shawn Lin <shawn.lin@rock-chips.com>
  Stephen Boyd <sboyd@codeaurora.org>
  Stephen Chandler Paul <cpaul@redhat.com>
  Stephen Smalley <sds@tycho.nsa.gov>
  Steven Rostedt <rostedt@goodmis.org>
  Sudip Mukherjee <sudip@vectorindia.org>
  Sudip Mukherjee <sudipm.mukherjee@gmail.com>
  Takashi Iwai <tiwai@suse.de>
  Tejun Heo <tj@kernel.org>
  Thierry Strudel <tstrudel@google.com>
  Thomas Gleixner <tglx@linutronix.de>
  Thomas Huth <thuth@redhat.com>
  Tilman Schmidt <tilman@imap.cc>
  Trond Myklebust <trond.myklebust@primarydata.com>
  Ulf Hansson <ulf.hansson@linaro.org>
  Vasu Dev <vasu.dev@intel.com>
  Vinson Lee <vlee@twitter.com>
  Vlad Yasevich <vyasevich@gmail.com>
  Vlastimil Babka <vbabka@suse.cz>
  Wang Kai <morgan.wang@huawei.com>
  Wang Long <long.wanglong@huawei.com>
  Wanpeng Li <wanpeng.li@hotmail.com>
  Wen Xiong <wenxiong@linux.vnet.ibm.com>
  Will Deacon <will.deacon@arm.com>
  Wilson Kok <wkok@cumulusnetworks.com>
  Wolfram Sang <wsa+renesas@sang-engineering.com>
  Xie XiuQi <xiexiuqi@huawei.com>
  Yann Droneaud <ydroneaud@opteya.com>
  Ying Xue <ying.xue@windriver.com>
  Yishai Hadas <yishaih@mellanox.com>

jobs:
 build-amd64-xsm                                              pass
 build-armhf-xsm                                              pass
 build-i386-xsm                                               pass
 build-amd64                                                  pass
 build-armhf                                                  pass
 build-i386                                                   pass
 build-amd64-libvirt                                          pass
 build-armhf-libvirt                                          pass
 build-i386-libvirt                                           pass
 build-amd64-pvops                                            pass
 build-armhf-pvops                                            pass
 build-i386-pvops                                             pass
 build-amd64-rumpuserxen                                      pass
 build-i386-rumpuserxen                                       pass
 test-amd64-amd64-xl                                          fail
 test-armhf-armhf-xl                                          fail
 test-amd64-i386-xl                                           pass
 test-amd64-amd64-xl-qemut-debianhvm-amd64-xsm                pass
 test-amd64-i386-xl-qemut-debianhvm-amd64-xsm                 pass
 test-amd64-amd64-libvirt-qemuu-debianhvm-amd64-xsm           pass
 test-amd64-i386-libvirt-qemuu-debianhvm-amd64-xsm            pass
 test-amd64-amd64-xl-qemuu-debianhvm-amd64-xsm                pass
 test-amd64-i386-xl-qemuu-debianhvm-amd64-xsm                 pass
 test-amd64-amd64-xl-qemut-stubdom-debianhvm-amd64-xsm        pass
 test-amd64-i386-xl-qemut-stubdom-debianhvm-amd64-xsm         fail
 test-amd64-amd64-libvirt-xsm                                 pass
 test-armhf-armhf-libvirt-xsm                                 fail
 test-amd64-i386-libvirt-xsm                                  pass
 test-amd64-amd64-xl-xsm                                      pass
 test-armhf-armhf-xl-xsm                                      fail
 test-amd64-i386-xl-xsm                                       pass
 test-amd64-amd64-xl-pvh-amd                                  fail
 test-amd64-i386-qemut-rhel6hvm-amd                           pass
 test-amd64-i386-qemuu-rhel6hvm-amd                           pass
 test-amd64-amd64-xl-qemut-debianhvm-amd64                    pass
 test-amd64-i386-xl-qemut-debianhvm-amd64                     pass
 test-amd64-amd64-xl-qemuu-debianhvm-amd64                    pass
 test-amd64-i386-xl-qemuu-debianhvm-amd64                     pass
 test-amd64-i386-freebsd10-amd64                              pass
 test-amd64-amd64-xl-qemuu-ovmf-amd64                         pass
 test-amd64-i386-xl-qemuu-ovmf-amd64                          pass
 test-amd64-amd64-rumpuserxen-amd64                           fail
 test-amd64-amd64-xl-qemut-win7-amd64                         fail
 test-amd64-i386-xl-qemut-win7-amd64                          fail
 test-amd64-amd64-xl-qemuu-win7-amd64                         fail
 test-amd64-i386-xl-qemuu-win7-amd64                          fail
 test-amd64-amd64-xl-credit2                                  pass
 test-armhf-armhf-xl-credit2                                  fail
 test-amd64-i386-freebsd10-i386                               pass
 test-amd64-i386-rumpuserxen-i386                             pass
 test-amd64-amd64-xl-pvh-intel                                fail
 test-amd64-i386-qemut-rhel6hvm-intel                         pass
 test-amd64-i386-qemuu-rhel6hvm-intel                         pass
 test-amd64-amd64-libvirt                                     pass
 test-armhf-armhf-libvirt                                     fail
 test-amd64-i386-libvirt                                      pass
 test-armhf-armhf-xl-midway                                   fail
 test-amd64-amd64-xl-multivcpu                                pass
 test-armhf-armhf-xl-multivcpu                                fail
 test-amd64-amd64-pair                                        pass
 test-amd64-i386-pair                                         pass
 test-amd64-amd64-libvirt-pair                                pass
 test-amd64-i386-libvirt-pair                                 pass
 test-amd64-amd64-amd64-pvgrub                                pass
 test-amd64-amd64-i386-pvgrub                                 pass
 test-amd64-amd64-pygrub                                      pass
 test-amd64-amd64-libvirt-qcow2                               fail
 test-armhf-armhf-libvirt-qcow2                               fail
 test-amd64-i386-libvirt-qcow2                                pass
 test-amd64-amd64-xl-qcow2                                    pass
 test-armhf-armhf-xl-qcow2                                    fail
 test-amd64-i386-xl-qcow2                                     pass
 test-amd64-amd64-libvirt-raw                                 pass
 test-armhf-armhf-libvirt-raw                                 fail
 test-amd64-i386-libvirt-raw                                  pass
 test-amd64-amd64-xl-raw                                      pass
 test-armhf-armhf-xl-raw                                      fail
 test-amd64-i386-xl-raw                                       fail
 test-amd64-amd64-xl-rtds                                     fail
 test-armhf-armhf-xl-rtds                                     fail
 test-amd64-i386-xl-qemut-winxpsp3-vcpus1                     pass
 test-amd64-i386-xl-qemuu-winxpsp3-vcpus1                     pass
 test-amd64-amd64-libvirt-vhd                                 pass
 test-armhf-armhf-libvirt-vhd                                 fail
 test-amd64-i386-libvirt-vhd                                  pass
 test-amd64-amd64-xl-vhd                                      pass
 test-armhf-armhf-xl-vhd                                      fail
 test-amd64-i386-xl-vhd                                       pass
 test-amd64-amd64-xl-qemut-winxpsp3                           fail
 test-amd64-i386-xl-qemut-winxpsp3                            pass
 test-amd64-amd64-xl-qemuu-winxpsp3                           fail
 test-amd64-i386-xl-qemuu-winxpsp3                            pass


------------------------------------------------------------
sg-report-flight on osstest.xs.citrite.net
logs: /home/osstest/logs
images: /home/osstest/images

Logs, config files, etc. are available at
    http://osstest.xs.citrite.net/~osstest/testlogs/logs

Test harness code can be found at
    http://xenbits.xensource.com/gitweb?p=osstest.git;a=summary


Push not applicable.

(No revision log; it would be 4080 lines long.)


[-- Attachment #2: Type: text/plain, Size: 126 bytes --]

_______________________________________________
Xen-devel mailing list
Xen-devel@lists.xen.org
http://lists.xen.org/xen-devel

^ permalink raw reply	[flat|nested] only message in thread

only message in thread, other threads:[~2015-10-05 20:26 UTC | newest]

Thread overview: (only message) (download: mbox.gz follow: Atom feed
-- links below jump to the message on this page --
2015-10-05 20:26 [linux-3.10 baseline-only test] 38124: regressions - FAIL Platform Team regression test user

This is a public inbox, see mirroring instructions
for how to clone and mirror all data and code used for this inbox;
as well as URLs for NNTP newsgroup(s).