* [linux-3.14 baseline-only test] 38127: regressions - FAIL
@ 2015-10-06 9:38 Platform Team regression test user
0 siblings, 0 replies; only message in thread
From: Platform Team regression test user @ 2015-10-06 9:38 UTC (permalink / raw)
To: xen-devel, osstest-admin
[-- Attachment #1: Type: text/plain, Size: 20031 bytes --]
This run is configured for baseline tests only.
flight 38127 linux-3.14 real [real]
http://osstest.xs.citrite.net/~osstest/testlogs/logs/38127/
Regressions :-(
Tests which did not succeed and are blocking,
including tests which could not be run:
test-amd64-i386-xl-vhd 20 guest-start/debian.repeat fail REGR. vs. 38086
Regressions which are regarded as allowable (not blocking):
test-amd64-amd64-rumpuserxen-amd64 15 rumpuserxen-demo-xenstorels/xenstorels.repeat fail like 38086
test-amd64-i386-rumpuserxen-i386 15 rumpuserxen-demo-xenstorels/xenstorels.repeat fail like 38086
test-amd64-amd64-xl-raw 20 guest-start/debian.repeat fail like 38086
Tests which did not succeed, but are not blocking:
test-armhf-armhf-xl-qcow2 9 debian-di-install fail never pass
test-armhf-armhf-xl-vhd 9 debian-di-install fail never pass
test-armhf-armhf-libvirt-qcow2 9 debian-di-install fail never pass
test-armhf-armhf-libvirt-vhd 9 debian-di-install fail never pass
test-armhf-armhf-libvirt-raw 9 debian-di-install fail never pass
test-armhf-armhf-xl-raw 9 debian-di-install fail never pass
test-armhf-armhf-libvirt 14 guest-saverestore fail never pass
test-armhf-armhf-libvirt 12 migrate-support-check fail never pass
test-armhf-armhf-libvirt-xsm 12 migrate-support-check fail never pass
test-armhf-armhf-libvirt-xsm 14 guest-saverestore fail never pass
test-amd64-i386-xl-qemut-stubdom-debianhvm-amd64-xsm 9 debian-hvm-install fail never pass
test-amd64-amd64-xl-pvh-intel 11 guest-start fail never pass
test-amd64-amd64-xl-pvh-amd 11 guest-start fail never pass
test-armhf-armhf-xl-multivcpu 13 saverestore-support-check fail never pass
test-armhf-armhf-xl-multivcpu 12 migrate-support-check fail never pass
test-armhf-armhf-xl-credit2 13 saverestore-support-check fail never pass
test-armhf-armhf-xl-credit2 12 migrate-support-check fail never pass
test-armhf-armhf-xl-xsm 13 saverestore-support-check fail never pass
test-armhf-armhf-xl-xsm 12 migrate-support-check fail never pass
test-armhf-armhf-xl-midway 13 saverestore-support-check fail never pass
test-armhf-armhf-xl-midway 12 migrate-support-check fail never pass
test-armhf-armhf-xl 12 migrate-support-check fail never pass
test-armhf-armhf-xl 13 saverestore-support-check fail never pass
test-armhf-armhf-xl-rtds 13 saverestore-support-check fail never pass
test-armhf-armhf-xl-rtds 12 migrate-support-check fail never pass
test-amd64-amd64-libvirt 12 migrate-support-check fail never pass
test-amd64-i386-libvirt 12 migrate-support-check fail never pass
test-amd64-i386-libvirt-xsm 12 migrate-support-check fail never pass
test-amd64-amd64-libvirt-xsm 12 migrate-support-check fail never pass
test-amd64-i386-libvirt-qcow2 11 migrate-support-check fail never pass
test-amd64-i386-libvirt-vhd 11 migrate-support-check fail never pass
test-amd64-amd64-xl-qemut-win7-amd64 17 guest-stop fail never pass
test-amd64-i386-libvirt-raw 11 migrate-support-check fail never pass
test-amd64-amd64-libvirt-qcow2 11 migrate-support-check fail never pass
test-amd64-i386-libvirt-qemuu-debianhvm-amd64-xsm 10 migrate-support-check fail never pass
test-amd64-amd64-libvirt-raw 11 migrate-support-check fail never pass
test-amd64-amd64-libvirt-qemuu-debianhvm-amd64-xsm 10 migrate-support-check fail never pass
test-amd64-amd64-libvirt-vhd 11 migrate-support-check fail never pass
test-amd64-i386-xl-qemut-win7-amd64 17 guest-stop fail never pass
test-amd64-amd64-xl-qemuu-win7-amd64 17 guest-stop fail never pass
test-amd64-i386-xl-qemuu-win7-amd64 17 guest-stop fail never pass
version targeted for testing:
linux 1230ae0e99e05ced8a945a1a2c5762ce5c6c97c9
baseline version:
linux 9b8b905951bde404f20a7bd4b37a5134f3484569
Last test of basis 38086 2015-09-27 08:53:31 Z 9 days
Testing same since 38127 2015-10-05 20:28:36 Z 0 days 1 attempts
------------------------------------------------------------
People who touched revisions under test:
"Eric W. Biederman" <ebiederm@xmission.com>
Adrien Schildknecht <adrien+dev@schischi.me>
Al Viro <viro@zeniv.linux.org.uk>
Alan Stern <stern@rowland.harvard.edu>
Alex Deucher <alexander.deucher@amd.com>
Alexey Brodkin <abrodkin@synopsys.com>
Alexey Brodkin <Alexey.Brodkin@synopsys.com>
Amanieu d'Antras <amanieu@gmail.com>
Andrew Morton <akpm@linux-foundation.org>
Andrey Ryabinin <aryabinin@odin.com>
Andy Lutomirski <luto@kernel.org>
Aneesh Kumar K.V <aneesh.kumar@linux.vnet.ibm.com>
Angga <Hermin.Anggawijaya@alliedtelesis.co.nz>
Arkadiusz MiÅkiewicz <arekm@maven.pl>
Arnd Bergmann <arnd@arndb.de>
Axel Lin <axel.lin@ingics.com>
Bart Van Assche <bart.vanassche@sandisk.com>
Benjamin Randazzo <benjamin@randazzo.fr>
Bjorn Helgaas <bhelgaas@google.com>
Bob Copeland <me@bobcopeland.com>
Bob Liu <bob.liu@oracle.com>
Borislav Petkov <bp@suse.de>
Brenden Blanco <bblanco@plumgrid.com>
Brian King <brking@linux.vnet.ibm.com>
Carol L Soto <clsoto@linux.vnet.ibm.com>
Catalin Marinas <catalin.marinas@arm.com>
Chas Williams <3chas3@gmail.com>
Chris Mason <clm@fb.com>
Christoph Hellwig <hch@lst.de>
Cong Wang <cwang@twopensource.com>
Cristina Opriceana <cristina.opriceana@gmail.com>
Dan Carpenter <dan.carpenter@oracle.com>
Dan McGee <dpmcgee@gmail.com>
Daniel Borkmann <daniel@iogearbox.net>
Dave Airlie <airlied@redhat.com>
David Daney <david.daney@cavium.com>
David Härdeman <david@hardeman.nu>
David Rientjes <rientjes@google.com>
David S. Miller <davem@davemloft.net>
David Vrabel <david.vrabel@citrix.com>
Davidlohr Bueso <dbueso@suse.de>
Ding Tianhong <dingtianhong@huawei.com>
dingtianhong <dingtianhong@huawei.com>
Dirk Behme <dirk.behme@de.bosch.com>
Dmitry Torokhov <dmitry.torokhov@gmail.com>
Don Zickus <dzickus@redhat.com>
Doug Ledford <dledford@redhat.com>
Dr. Greg Wettstein <gw@idfusion.org>
Edward Hyunkoo Jee <edjee@google.com>
Eric Dumazet <edumazet@google.com>
Eric W. Biederman <ebiederm@xmission.com>
Eugene Shatokhin <eugene.shatokhin@rosalab.ru>
Felipe Balbi <balbi@ti.com>
Felix Fietkau <nbd@openwrt.org>
Filipe Manana <fdmanana@suse.com>
Florian Westphal <fw@strlen.de>
Grant Likely <grant.likely@linaro.org>
Greg Kroah-Hartman <gregkh@linuxfoundation.org>
Gregory Hoggarth <Gregory.Hoggarth@alliedtelesis.co.nz>
Guenter Roeck <linux@roeck-us.net>
Helge Deller <deller@gmx.de>
Herbert Xu <herbert@gondor.apana.org.au>
Hermin Anggawijaya <hermin.anggawijaya@alliedtelesis.co.nz>
Herton R. Krzesinski <herton@redhat.com>
Hin-Tak Leung <htl10@users.sourceforge.net>
Horia Geant? <horia.geanta@freescale.com>
huaibin Wang <huaibin.wang@6wind.com>
Hugh Dickins <hughd@google.com>
Ian Abbott <abbotti@mev.co.uk>
Ilan Cohen <ilanco@gmail.com>
Ilya Dryomov <idryomov@gmail.com>
Imre Deak <imre.deak@intel.com>
Ingo Molnar <mingo@kernel.org>
Ivan Vecera <ivecera@redhat.com>
Jack Morgenstein <jackm@dev.mellanox.co.il>
Jaewon Kim <jaewon31.kim@samsung.com>
James Bottomley <JBottomley@Odin.com>
James Hogan <james.hogan@imgtec.com>
Jan Kara <jack@suse.com>
Jan Kara <jack@suse.cz>
Jann Horn <jann@thejh.net>
Jason Gunthorpe <jgunthorpe@obsidianresearch.com>
Jay Vosburgh <jay.vosburgh@canonical.com>
Jean Delvare <jdelvare@suse.de>
Jeff Vander Stoep <jeffv@google.com>
Jeffery Miller <jmiller@neverware.com>
Jens Axboe <axboe@fb.com>
Jesse Gross <jesse@nicira.com>
Jesse Jones <jjones@cococorp.com>
Jialing Fu <jlfu@marvell.com>
Jiri Kosina <jkosina@suse.cz>
Joe Thornber <ejt@redhat.com>
Johan Hovold <johan@kernel.org>
Johannes Berg <johannes.berg@intel.com>
John David Anglin <dave.anglin>
John David Anglin <dave.anglin@bell.net>
Jonathan Cameron <jic23@kernel.org>
Jonathon Jongsma <jjongsma@redhat.com>
Joseph Qi <joseph.qi@huawei.com>
Julian Anastasov <ja@ssi.bg>
Kalle Valo <kvalo@codeaurora.org>
Keith Busch <keith.busch@intel.com>
Ken-ichirou MATSUZAWA <chamaken@gmail.com>
Kevin Hilman <khilman@linaro.org>
Kinglong Mee <kinglongmee@gmail.com>
Kishon Vijay Abraham I <kishon@ti.com>
Konrad Rzeszutek Wilk <konrad.wilk@oracle.com>
Larry Finger <Larry.Finger@lwfinger.net>
Lars Westerhoff <lars.westerhoff@newtec.eu>
Lars-Peter Clausen <lars@metafoo.de>
Laurent Pinchart <laurent.pinchart@ideasonboard.com>
Linus Torvalds <torvalds@linux-foundation.org>
Maciej S. Szmigiero <mail@maciej.szmigiero.name>
Maciej Szmigiero <mail@maciej.szmigiero.name>
Manfred Spraul <manfred@colorfullife.com>
Marc Zyngier <marc.zyngier@arm.com>
Marcelo Ricardo Leitner <marcelo.leitner@gmail.com>
Marcus Gelderie <redmnic@gmail.com>
Marek Belisko <marek.belisko@streamunlimited.com>
Marek Marczykowski-Górecki <marmarek@invisiblethingslab.com>
Mark Brown <broonie@kernel.org>
Markus Pargmann <mpa@pengutronix.de>
Martin Schwidefsky <schwidefsky@de.ibm.com>
Masahiro Yamada <yamada.masahiro@socionext.com>
Matan Barak <matanb@mellanox.com>
Mathias Nyman <mathias.nyman@linux.intel.com>
Matthew Wilcox <matthew.r.wilcox@intel.com>
Matthijs Kooijman <matthijs@stdin.nl>
Mauro Carvalho Chehab <mchehab@osg.samsung.com>
Max Filippov <jcmvbkbc@gmail.com>
Michael Ellerman <mpe@ellerman.id.au>
Michael Kerrisk <mtk.manpages@gmail.com>
Michael S. Tsirkin <mst@redhat.com>
Michael Walle <michael@walle.cc>
Michal Hocko <mhocko@suse.cz>
Mike Marciniszyn <mike.marciniszyn@intel.com>
Mike Snitzer <snitzer@redhat.com>
Miklos Szeredi <mszeredi@suse.cz>
Mikulas Patocka <mikulas@twibright.com>
Mikulas Patocka <mpatocka@redhat.com>
Mimi Zohar <zohar@linux.vnet.ibm.com>
Minchan Kim <minchan@kernel.org>
Minfei Huang <mnfhuang@gmail.com>
Ming Lei <ming.lei@canonical.com>
Naoya Horiguchi <n-horiguchi@ah.jp.nec.com>
NeilBrown <neilb@suse.com>
Nicholas Bellinger <nab@daterainc.com>
Nicholas Bellinger <nab@linux-iscsi.org>
Nicolas Dichtel <nicolas.dichtel@6wind.com>
Nikolay Aleksandrov <nikolay@cumulusnetworks.com>
Nikolay Aleksandrov <razor@blackwall.org>
Noa Osherovich <noaos@mellanox.com>
Oleg Nesterov <oleg@redhat.com>
Oliver Neukum <oneukum@suse.com>
Or Gerlitz <ogerlitz@mellanox.com>
Paolo Bonzini <pbonzini@redhat.com>
Paul Moore <paul@paul-moore.com>
Paul Walmsley <paul@pwsan.com>
Pavel Shirshov <ru.pchel@gmail.com>
Pawel Moll <pawel.moll@arm.com>
Peter Chen <peter.chen@freescale.com>
Peter Zijlstra (Intel) <peterz@infradead.org>
Peter Zijlstra <peterz@infradead.org>
Philipp Hachtmann <hachti@hachti.de>
Pravin B Shelar <pshelar@nicira.com>
Ralf Baechle <ralf@linux-mips.org>
Rasesh Mody <rasesh.mody@qlogic.com>
Ricardo Ribalda Delgado <ricardo.ribalda@gmail.com>
Richard Laing <richard.laing@alliedtelesis.co.nz>
Richard Weinberger <richard@nod.at>
Rob Herring <robh@kernel.org>
Roger Pau Monné <roger.pau@citrix.com>
Roger Quadros <rogerq@ti.com>
Roopa Prabhu <roopa@cumulusnetworks.com>
Russell King <rmk+kernel@arm.linux.org.uk>
Sakari Ailus <sakari.ailus@iki.fi>
Sebastian Ott <sebott@linux.vnet.ibm.com>
Sergei Antonov <saproj@gmail.com>
Shachar Raindel <raindel@mellanox.com>
Shani Michaeli <shanim@mellanox.com>
Shawn Lin <shawn.lin@rock-chips.com>
Stephen Boyd <sboyd@codeaurora.org>
Stephen Chandler Paul <cpaul@redhat.com>
Stephen Smalley <sds@tycho.nsa.gov>
Steve French <smfrench@gmail.com>
Steven Rostedt <rostedt@goodmis.org>
Sudip Mukherjee <sudip@vectorindia.org>
Sudip Mukherjee <sudipm.mukherjee@gmail.com>
Takashi Iwai <tiwai@suse.de>
Tejun Heo <tj@kernel.org>
Tero Kristo <t-kristo@ti.com>
Thierry Strudel <tstrudel@google.com>
Thomas Gleixner <tglx@linutronix.de>
Thomas Hellstrom <thellstrom@vmware.com>
Thomas Huth <thuth@redhat.com>
Tilman Schmidt <tilman@imap.cc>
Timo Teräs <timo.teras@iki.fi>
Tony Luck <tony.luck@intel.com>
Trond Myklebust <trond.myklebust@primarydata.com>
Ulf Hansson <ulf.hansson@linaro.org>
Vasu Dev <vasu.dev@intel.com>
Vignesh R <vigneshr@ti.com>
Vlad Yasevich <vyasevich@gmail.com>
Vlad Zolotarov <vladz@cloudius-systems.com>
Vlastimil Babka <vbabka@suse.cz>
Wang Kai <morgan.wang@huawei.com>
Wanpeng Li <wanpeng.li@hotmail.com>
Wen Xiong <wenxiong@linux.vnet.ibm.com>
Will Deacon <will.deacon@arm.com>
Wilson Kok <wkok@cumulusnetworks.com>
Wolfram Sang <wsa+renesas@sang-engineering.com>
Xiao Guangrong <guangrong.xiao@linux.intel.com>
Yann Droneaud <ydroneaud@opteya.com>
Ying Xue <ying.xue@windriver.com>
Yinghai Lu <yinghai@kernel.org>
Yishai Hadas <yishaih@mellanox.com>
jobs:
build-amd64-xsm pass
build-armhf-xsm pass
build-i386-xsm pass
build-amd64 pass
build-armhf pass
build-i386 pass
build-amd64-libvirt pass
build-armhf-libvirt pass
build-i386-libvirt pass
build-amd64-pvops pass
build-armhf-pvops pass
build-i386-pvops pass
build-amd64-rumpuserxen pass
build-i386-rumpuserxen pass
test-amd64-amd64-xl pass
test-armhf-armhf-xl pass
test-amd64-i386-xl pass
test-amd64-amd64-xl-qemut-debianhvm-amd64-xsm pass
test-amd64-i386-xl-qemut-debianhvm-amd64-xsm pass
test-amd64-amd64-libvirt-qemuu-debianhvm-amd64-xsm pass
test-amd64-i386-libvirt-qemuu-debianhvm-amd64-xsm pass
test-amd64-amd64-xl-qemuu-debianhvm-amd64-xsm pass
test-amd64-i386-xl-qemuu-debianhvm-amd64-xsm pass
test-amd64-amd64-xl-qemut-stubdom-debianhvm-amd64-xsm pass
test-amd64-i386-xl-qemut-stubdom-debianhvm-amd64-xsm fail
test-amd64-amd64-libvirt-xsm pass
test-armhf-armhf-libvirt-xsm fail
test-amd64-i386-libvirt-xsm pass
test-amd64-amd64-xl-xsm pass
test-armhf-armhf-xl-xsm pass
test-amd64-i386-xl-xsm pass
test-amd64-amd64-xl-pvh-amd fail
test-amd64-i386-qemut-rhel6hvm-amd pass
test-amd64-i386-qemuu-rhel6hvm-amd pass
test-amd64-amd64-xl-qemut-debianhvm-amd64 pass
test-amd64-i386-xl-qemut-debianhvm-amd64 pass
test-amd64-amd64-xl-qemuu-debianhvm-amd64 pass
test-amd64-i386-xl-qemuu-debianhvm-amd64 pass
test-amd64-i386-freebsd10-amd64 pass
test-amd64-amd64-xl-qemuu-ovmf-amd64 pass
test-amd64-i386-xl-qemuu-ovmf-amd64 pass
test-amd64-amd64-rumpuserxen-amd64 fail
test-amd64-amd64-xl-qemut-win7-amd64 fail
test-amd64-i386-xl-qemut-win7-amd64 fail
test-amd64-amd64-xl-qemuu-win7-amd64 fail
test-amd64-i386-xl-qemuu-win7-amd64 fail
test-amd64-amd64-xl-credit2 pass
test-armhf-armhf-xl-credit2 pass
test-amd64-i386-freebsd10-i386 pass
test-amd64-i386-rumpuserxen-i386 fail
test-amd64-amd64-xl-pvh-intel fail
test-amd64-i386-qemut-rhel6hvm-intel pass
test-amd64-i386-qemuu-rhel6hvm-intel pass
test-amd64-amd64-libvirt pass
test-armhf-armhf-libvirt fail
test-amd64-i386-libvirt pass
test-armhf-armhf-xl-midway pass
test-amd64-amd64-xl-multivcpu pass
test-armhf-armhf-xl-multivcpu pass
test-amd64-amd64-pair pass
test-amd64-i386-pair pass
test-amd64-amd64-libvirt-pair pass
test-amd64-i386-libvirt-pair pass
test-amd64-amd64-amd64-pvgrub pass
test-amd64-amd64-i386-pvgrub pass
test-amd64-amd64-pygrub pass
test-amd64-amd64-libvirt-qcow2 pass
test-armhf-armhf-libvirt-qcow2 fail
test-amd64-i386-libvirt-qcow2 pass
test-amd64-amd64-xl-qcow2 pass
test-armhf-armhf-xl-qcow2 fail
test-amd64-i386-xl-qcow2 pass
test-amd64-amd64-libvirt-raw pass
test-armhf-armhf-libvirt-raw fail
test-amd64-i386-libvirt-raw pass
test-amd64-amd64-xl-raw fail
test-armhf-armhf-xl-raw fail
test-amd64-i386-xl-raw pass
test-amd64-amd64-xl-rtds pass
test-armhf-armhf-xl-rtds pass
test-amd64-i386-xl-qemut-winxpsp3-vcpus1 pass
test-amd64-i386-xl-qemuu-winxpsp3-vcpus1 pass
test-amd64-amd64-libvirt-vhd pass
test-armhf-armhf-libvirt-vhd fail
test-amd64-i386-libvirt-vhd pass
test-amd64-amd64-xl-vhd pass
test-armhf-armhf-xl-vhd fail
test-amd64-i386-xl-vhd fail
test-amd64-amd64-xl-qemut-winxpsp3 pass
test-amd64-i386-xl-qemut-winxpsp3 pass
test-amd64-amd64-xl-qemuu-winxpsp3 pass
test-amd64-i386-xl-qemuu-winxpsp3 pass
------------------------------------------------------------
sg-report-flight on osstest.xs.citrite.net
logs: /home/osstest/logs
images: /home/osstest/images
Logs, config files, etc. are available at
http://osstest.xs.citrite.net/~osstest/testlogs/logs
Test harness code can be found at
http://xenbits.xensource.com/gitweb?p=osstest.git;a=summary
Push not applicable.
(No revision log; it would be 5579 lines long.)
[-- Attachment #2: Type: text/plain, Size: 126 bytes --]
_______________________________________________
Xen-devel mailing list
Xen-devel@lists.xen.org
http://lists.xen.org/xen-devel
^ permalink raw reply [flat|nested] only message in thread
only message in thread, other threads:[~2015-10-06 9:38 UTC | newest]
Thread overview: (only message) (download: mbox.gz follow: Atom feed
-- links below jump to the message on this page --
2015-10-06 9:38 [linux-3.14 baseline-only test] 38127: regressions - FAIL Platform Team regression test user
This is a public inbox, see mirroring instructions
for how to clone and mirror all data and code used for this inbox;
as well as URLs for NNTP newsgroup(s).