From mboxrd@z Thu Jan 1 00:00:00 1970 From: Platform Team regression test user Subject: [linux-3.14 baseline-only test] 38127: regressions - FAIL Date: Tue, 6 Oct 2015 10:38:35 +0100 Message-ID: Mime-Version: 1.0 Content-Type: multipart/mixed; boundary="===============3089254998008254129==" Return-path: List-Unsubscribe: , List-Post: List-Help: List-Subscribe: , Sender: xen-devel-bounces@lists.xen.org Errors-To: xen-devel-bounces@lists.xen.org To: xen-devel@lists.xensource.com, osstest-admin@xenproject.org List-Id: xen-devel@lists.xenproject.org --===============3089254998008254129== Content-Type: text/plain Content-Length: 20428 Content-Transfer-Encoding: quoted-printable This run is configured for baseline tests only. flight 38127 linux-3.14 real [real] http://osstest.xs.citrite.net/~osstest/testlogs/logs/38127/ Regressions :-( Tests which did not succeed and are blocking, including tests which could not be run: test-amd64-i386-xl-vhd 20 guest-start/debian.repeat fail REGR. vs. 38086 Regressions which are regarded as allowable (not blocking): test-amd64-amd64-rumpuserxen-amd64 15 rumpuserxen-demo-xenstorels/xenstorels.repeat fail like 38086 test-amd64-i386-rumpuserxen-i386 15 rumpuserxen-demo-xenstorels/xenstorels.repeat fail like 38086 test-amd64-amd64-xl-raw 20 guest-start/debian.repeat fail like 38086 Tests which did not succeed, but are not blocking: test-armhf-armhf-xl-qcow2 9 debian-di-install fail never pass test-armhf-armhf-xl-vhd 9 debian-di-install fail never pass test-armhf-armhf-libvirt-qcow2 9 debian-di-install fail never pass test-armhf-armhf-libvirt-vhd 9 debian-di-install fail never pass test-armhf-armhf-libvirt-raw 9 debian-di-install fail never pass test-armhf-armhf-xl-raw 9 debian-di-install fail never pass test-armhf-armhf-libvirt 14 guest-saverestore fail never pass test-armhf-armhf-libvirt 12 migrate-support-check fail never pass test-armhf-armhf-libvirt-xsm 12 migrate-support-check fail never pass test-armhf-armhf-libvirt-xsm 14 guest-saverestore fail never pass test-amd64-i386-xl-qemut-stubdom-debianhvm-amd64-xsm 9 debian-hvm-install fail never pass test-amd64-amd64-xl-pvh-intel 11 guest-start fail never pass test-amd64-amd64-xl-pvh-amd 11 guest-start fail never pass test-armhf-armhf-xl-multivcpu 13 saverestore-support-check fail never pass test-armhf-armhf-xl-multivcpu 12 migrate-support-check fail never pass test-armhf-armhf-xl-credit2 13 saverestore-support-check fail never pass test-armhf-armhf-xl-credit2 12 migrate-support-check fail never pass test-armhf-armhf-xl-xsm 13 saverestore-support-check fail never pass test-armhf-armhf-xl-xsm 12 migrate-support-check fail never pass test-armhf-armhf-xl-midway 13 saverestore-support-check fail never pass test-armhf-armhf-xl-midway 12 migrate-support-check fail never pass test-armhf-armhf-xl 12 migrate-support-check fail never pass test-armhf-armhf-xl 13 saverestore-support-check fail never pass test-armhf-armhf-xl-rtds 13 saverestore-support-check fail never pass test-armhf-armhf-xl-rtds 12 migrate-support-check fail never pass test-amd64-amd64-libvirt 12 migrate-support-check fail never pass test-amd64-i386-libvirt 12 migrate-support-check fail never pass test-amd64-i386-libvirt-xsm 12 migrate-support-check fail never pass test-amd64-amd64-libvirt-xsm 12 migrate-support-check fail never pass test-amd64-i386-libvirt-qcow2 11 migrate-support-check fail never pass test-amd64-i386-libvirt-vhd 11 migrate-support-check fail never pass test-amd64-amd64-xl-qemut-win7-amd64 17 guest-stop fail never pass test-amd64-i386-libvirt-raw 11 migrate-support-check fail never pass test-amd64-amd64-libvirt-qcow2 11 migrate-support-check fail never pass test-amd64-i386-libvirt-qemuu-debianhvm-amd64-xsm 10 migrate-support-check fail never pass test-amd64-amd64-libvirt-raw 11 migrate-support-check fail never pass test-amd64-amd64-libvirt-qemuu-debianhvm-amd64-xsm 10 migrate-support-check fail never pass test-amd64-amd64-libvirt-vhd 11 migrate-support-check fail never pass test-amd64-i386-xl-qemut-win7-amd64 17 guest-stop fail never pass test-amd64-amd64-xl-qemuu-win7-amd64 17 guest-stop fail never pass test-amd64-i386-xl-qemuu-win7-amd64 17 guest-stop fail never pass version targeted for testing: linux 1230ae0e99e05ced8a945a1a2c5762ce5c6c97c9 baseline version: linux 9b8b905951bde404f20a7bd4b37a5134f3484569 Last test of basis 38086 2015-09-27 08:53:31 Z 9 days Testing same since 38127 2015-10-05 20:28:36 Z 0 days 1 attempts ------------------------------------------------------------ People who touched revisions under test: "Eric W. Biederman" Adrien Schildknecht Al Viro Alan Stern Alex Deucher Alexey Brodkin Alexey Brodkin Amanieu d'Antras Andrew Morton Andrey Ryabinin Andy Lutomirski Aneesh Kumar K.V Angga Arkadiusz Mi=C5=9Bkiewicz Arnd Bergmann Axel Lin Bart Van Assche Benjamin Randazzo Bjorn Helgaas Bob Copeland Bob Liu Borislav Petkov Brenden Blanco Brian King Carol L Soto Catalin Marinas Chas Williams <3chas3@gmail.com> Chris Mason Christoph Hellwig Cong Wang Cristina Opriceana Dan Carpenter Dan McGee Daniel Borkmann Dave Airlie David Daney David H=C3=A4rdeman David Rientjes David S. Miller David Vrabel Davidlohr Bueso Ding Tianhong dingtianhong Dirk Behme Dmitry Torokhov Don Zickus Doug Ledford Dr. Greg Wettstein Edward Hyunkoo Jee Eric Dumazet Eric W. Biederman Eugene Shatokhin Felipe Balbi Felix Fietkau Filipe Manana Florian Westphal Grant Likely Greg Kroah-Hartman Gregory Hoggarth Guenter Roeck Helge Deller Herbert Xu Hermin Anggawijaya Herton R. Krzesinski Hin-Tak Leung Horia Geant=3F huaibin Wang Hugh Dickins Ian Abbott Ilan Cohen Ilya Dryomov Imre Deak Ingo Molnar Ivan Vecera Jack Morgenstein Jaewon Kim James Bottomley James Hogan Jan Kara Jan Kara Jann Horn Jason Gunthorpe Jay Vosburgh Jean Delvare Jeff Vander Stoep Jeffery Miller Jens Axboe Jesse Gross Jesse Jones Jialing Fu Jiri Kosina Joe Thornber Johan Hovold Johannes Berg John David Anglin John David Anglin Jonathan Cameron Jonathon Jongsma Joseph Qi Julian Anastasov Kalle Valo Keith Busch Ken-ichirou MATSUZAWA Kevin Hilman Kinglong Mee Kishon Vijay Abraham I Konrad Rzeszutek Wilk Larry Finger Lars Westerhoff Lars-Peter Clausen Laurent Pinchart Linus Torvalds Maciej S. Szmigiero Maciej Szmigiero Manfred Spraul Marc Zyngier Marcelo Ricardo Leitner Marcus Gelderie Marek Belisko Marek Marczykowski-G=C3=B3recki Mark Brown Markus Pargmann Martin Schwidefsky Masahiro Yamada Matan Barak Mathias Nyman Matthew Wilcox Matthijs Kooijman Mauro Carvalho Chehab Max Filippov Michael Ellerman Michael Kerrisk Michael S. Tsirkin Michael Walle Michal Hocko Mike Marciniszyn Mike Snitzer Miklos Szeredi Mikulas Patocka Mikulas Patocka Mimi Zohar Minchan Kim Minfei Huang Ming Lei Naoya Horiguchi NeilBrown Nicholas Bellinger Nicholas Bellinger Nicolas Dichtel Nikolay Aleksandrov Nikolay Aleksandrov Noa Osherovich Oleg Nesterov Oliver Neukum Or Gerlitz Paolo Bonzini Paul Moore Paul Walmsley Pavel Shirshov Pawel Moll Peter Chen Peter Zijlstra (Intel) Peter Zijlstra Philipp Hachtmann Pravin B Shelar Ralf Baechle Rasesh Mody Ricardo Ribalda Delgado Richard Laing Richard Weinberger Rob Herring Roger Pau Monn=C3=A9 Roger Quadros Roopa Prabhu Russell King Sakari Ailus Sebastian Ott Sergei Antonov Shachar Raindel Shani Michaeli Shawn Lin Stephen Boyd Stephen Chandler Paul Stephen Smalley Steve French Steven Rostedt Sudip Mukherjee Sudip Mukherjee Takashi Iwai Tejun Heo Tero Kristo Thierry Strudel Thomas Gleixner Thomas Hellstrom Thomas Huth Tilman Schmidt Timo Ter=C3=A4s Tony Luck Trond Myklebust Ulf Hansson Vasu Dev Vignesh R Vlad Yasevich Vlad Zolotarov Vlastimil Babka Wang Kai Wanpeng Li Wen Xiong Will Deacon Wilson Kok Wolfram Sang Xiao Guangrong Yann Droneaud Ying Xue Yinghai Lu Yishai Hadas jobs: build-amd64-xsm pass build-armhf-xsm pass build-i386-xsm pass build-amd64 pass build-armhf pass build-i386 pass build-amd64-libvirt pass build-armhf-libvirt pass build-i386-libvirt pass build-amd64-pvops pass build-armhf-pvops pass build-i386-pvops pass build-amd64-rumpuserxen pass build-i386-rumpuserxen pass test-amd64-amd64-xl pass test-armhf-armhf-xl pass test-amd64-i386-xl pass test-amd64-amd64-xl-qemut-debianhvm-amd64-xsm pass test-amd64-i386-xl-qemut-debianhvm-amd64-xsm pass test-amd64-amd64-libvirt-qemuu-debianhvm-amd64-xsm pass test-amd64-i386-libvirt-qemuu-debianhvm-amd64-xsm pass test-amd64-amd64-xl-qemuu-debianhvm-amd64-xsm pass test-amd64-i386-xl-qemuu-debianhvm-amd64-xsm pass test-amd64-amd64-xl-qemut-stubdom-debianhvm-amd64-xsm pass test-amd64-i386-xl-qemut-stubdom-debianhvm-amd64-xsm fail test-amd64-amd64-libvirt-xsm pass test-armhf-armhf-libvirt-xsm fail test-amd64-i386-libvirt-xsm pass test-amd64-amd64-xl-xsm pass test-armhf-armhf-xl-xsm pass test-amd64-i386-xl-xsm pass test-amd64-amd64-xl-pvh-amd fail test-amd64-i386-qemut-rhel6hvm-amd pass test-amd64-i386-qemuu-rhel6hvm-amd pass test-amd64-amd64-xl-qemut-debianhvm-amd64 pass test-amd64-i386-xl-qemut-debianhvm-amd64 pass test-amd64-amd64-xl-qemuu-debianhvm-amd64 pass test-amd64-i386-xl-qemuu-debianhvm-amd64 pass test-amd64-i386-freebsd10-amd64 pass test-amd64-amd64-xl-qemuu-ovmf-amd64 pass test-amd64-i386-xl-qemuu-ovmf-amd64 pass test-amd64-amd64-rumpuserxen-amd64 fail test-amd64-amd64-xl-qemut-win7-amd64 fail test-amd64-i386-xl-qemut-win7-amd64 fail test-amd64-amd64-xl-qemuu-win7-amd64 fail test-amd64-i386-xl-qemuu-win7-amd64 fail test-amd64-amd64-xl-credit2 pass test-armhf-armhf-xl-credit2 pass test-amd64-i386-freebsd10-i386 pass test-amd64-i386-rumpuserxen-i386 fail test-amd64-amd64-xl-pvh-intel fail test-amd64-i386-qemut-rhel6hvm-intel pass test-amd64-i386-qemuu-rhel6hvm-intel pass test-amd64-amd64-libvirt pass test-armhf-armhf-libvirt fail test-amd64-i386-libvirt pass test-armhf-armhf-xl-midway pass test-amd64-amd64-xl-multivcpu pass test-armhf-armhf-xl-multivcpu pass test-amd64-amd64-pair pass test-amd64-i386-pair pass test-amd64-amd64-libvirt-pair pass test-amd64-i386-libvirt-pair pass test-amd64-amd64-amd64-pvgrub pass test-amd64-amd64-i386-pvgrub pass test-amd64-amd64-pygrub pass test-amd64-amd64-libvirt-qcow2 pass test-armhf-armhf-libvirt-qcow2 fail test-amd64-i386-libvirt-qcow2 pass test-amd64-amd64-xl-qcow2 pass test-armhf-armhf-xl-qcow2 fail test-amd64-i386-xl-qcow2 pass test-amd64-amd64-libvirt-raw pass test-armhf-armhf-libvirt-raw fail test-amd64-i386-libvirt-raw pass test-amd64-amd64-xl-raw fail test-armhf-armhf-xl-raw fail test-amd64-i386-xl-raw pass test-amd64-amd64-xl-rtds pass test-armhf-armhf-xl-rtds pass test-amd64-i386-xl-qemut-winxpsp3-vcpus1 pass test-amd64-i386-xl-qemuu-winxpsp3-vcpus1 pass test-amd64-amd64-libvirt-vhd pass test-armhf-armhf-libvirt-vhd fail test-amd64-i386-libvirt-vhd pass test-amd64-amd64-xl-vhd pass test-armhf-armhf-xl-vhd fail test-amd64-i386-xl-vhd fail test-amd64-amd64-xl-qemut-winxpsp3 pass test-amd64-i386-xl-qemut-winxpsp3 pass test-amd64-amd64-xl-qemuu-winxpsp3 pass test-amd64-i386-xl-qemuu-winxpsp3 pass ------------------------------------------------------------ sg-report-flight on osstest.xs.citrite.net logs: /home/osstest/logs images: /home/osstest/images Logs, config files, etc. are available at http://osstest.xs.citrite.net/~osstest/testlogs/logs Test harness code can be found at http://xenbits.xensource.com/gitweb=3Fp=3Dosstest.git;a=3Dsummary Push not applicable. (No revision log; it would be 5579 lines long.) --===============3089254998008254129== Content-Type: text/plain; charset="us-ascii" MIME-Version: 1.0 Content-Transfer-Encoding: 7bit Content-Disposition: inline _______________________________________________ Xen-devel mailing list Xen-devel@lists.xen.org http://lists.xen.org/xen-devel --===============3089254998008254129==--