xen-devel.lists.xenproject.org archive mirror
 help / color / mirror / Atom feed
From: Platform Team regression test user <osstest@osstest.xs.citrite.net>
To: xen-devel@lists.xensource.com, osstest-admin@xenproject.org
Subject: [qemu-mainline baseline-only test] 38128: regressions - FAIL
Date: Wed, 7 Oct 2015 12:39:03 +0100	[thread overview]
Message-ID: <osstest-38128-mainreport@xen.org> (raw)

[-- Attachment #1: Type: text/plain, Size: 12256 bytes --]

This run is configured for baseline tests only.

flight 38128 qemu-mainline real [real]
http://osstest.xs.citrite.net/~osstest/testlogs/logs/38128/

Regressions :-(

Tests which did not succeed and are blocking,
including tests which could not be run:
 test-amd64-amd64-xl-multivcpu 21 guest-start/debian.repeat fail REGR. vs. 38083

Regressions which are regarded as allowable (not blocking):
 test-amd64-amd64-libvirt-qcow2  6 xen-boot                fail REGR. vs. 38083
 test-amd64-amd64-xl-qemuu-winxpsp3  9 windows-install          fail like 38083

Tests which did not succeed, but are not blocking:
 test-armhf-armhf-xl-vhd       9 debian-di-install            fail   never pass
 test-armhf-armhf-libvirt-vhd  9 debian-di-install            fail   never pass
 test-armhf-armhf-libvirt-qcow2  9 debian-di-install            fail never pass
 test-armhf-armhf-xl-qcow2     9 debian-di-install            fail   never pass
 test-armhf-armhf-libvirt-raw  9 debian-di-install            fail   never pass
 test-amd64-amd64-xl-pvh-intel 11 guest-start                  fail  never pass
 test-armhf-armhf-xl-raw       9 debian-di-install            fail   never pass
 test-armhf-armhf-libvirt-xsm 12 migrate-support-check        fail   never pass
 test-armhf-armhf-libvirt-xsm 14 guest-saverestore            fail   never pass
 test-armhf-armhf-libvirt     14 guest-saverestore            fail   never pass
 test-armhf-armhf-libvirt     12 migrate-support-check        fail   never pass
 test-amd64-amd64-xl-pvh-amd  11 guest-start                  fail   never pass
 test-armhf-armhf-xl-credit2  13 saverestore-support-check    fail   never pass
 test-armhf-armhf-xl-credit2  12 migrate-support-check        fail   never pass
 test-armhf-armhf-xl          12 migrate-support-check        fail   never pass
 test-armhf-armhf-xl          13 saverestore-support-check    fail   never pass
 test-armhf-armhf-xl-multivcpu 13 saverestore-support-check    fail  never pass
 test-armhf-armhf-xl-multivcpu 12 migrate-support-check        fail  never pass
 test-armhf-armhf-xl-xsm      13 saverestore-support-check    fail   never pass
 test-armhf-armhf-xl-xsm      12 migrate-support-check        fail   never pass
 test-armhf-armhf-xl-midway   13 saverestore-support-check    fail   never pass
 test-armhf-armhf-xl-midway   12 migrate-support-check        fail   never pass
 test-armhf-armhf-xl-rtds     13 saverestore-support-check    fail   never pass
 test-armhf-armhf-xl-rtds     12 migrate-support-check        fail   never pass
 test-amd64-i386-libvirt-xsm  12 migrate-support-check        fail   never pass
 test-amd64-amd64-libvirt-xsm 12 migrate-support-check        fail   never pass
 test-amd64-amd64-libvirt     12 migrate-support-check        fail   never pass
 test-amd64-i386-libvirt      12 migrate-support-check        fail   never pass
 test-amd64-i386-libvirt-raw  11 migrate-support-check        fail   never pass
 test-amd64-amd64-libvirt-raw 11 migrate-support-check        fail   never pass
 test-amd64-i386-libvirt-qcow2 11 migrate-support-check        fail  never pass
 test-amd64-amd64-libvirt-qemuu-debianhvm-amd64-xsm 10 migrate-support-check fail never pass
 test-amd64-i386-libvirt-qemuu-debianhvm-amd64-xsm 10 migrate-support-check fail never pass
 test-amd64-i386-xl-vhd        9 debian-di-install            fail   never pass
 test-amd64-amd64-libvirt-vhd  9 debian-di-install            fail   never pass
 test-amd64-amd64-xl-vhd       9 debian-di-install            fail   never pass
 test-amd64-i386-libvirt-vhd   9 debian-di-install            fail   never pass
 test-amd64-i386-xl-qemuu-win7-amd64 17 guest-stop              fail never pass
 test-amd64-amd64-xl-qemuu-win7-amd64 17 guest-stop             fail never pass

version targeted for testing:
 qemuu                c0b520dfb8890294a9f8879f4759172900585995
baseline version:
 qemuu                8a47d575dfac0f6675e2ac56c5921cc520d021a6

Last test of basis    38083  2015-09-27 08:49:53 Z   10 days
Testing same since    38128  2015-10-06 00:32:58 Z    1 days    1 attempts

------------------------------------------------------------
People who touched revisions under test:
  Alberto Garcia <berto@igalia.com>
  Alex Williamson <alex.williamson@redhat.com>
  Alistair Francis <alistair.francis@xilinx.com>
  Amit Shah <amit.shah@redhat.com>
  Aurelien Jarno <aurelien@aurel32.net>
  Bastian Koppelmann <kbastian@mail.uni-paderborn.de>
  Changchun Ouyang <changchun.ouyang@intel.com>
  Chen Gang <gang.chen.5i5j@gmail.com>
  Cornelia Huck <cornelia.huck@de.ibm.com>
  Daniel P. Berrange <berrange@redhat.com>
  Denis V. Lunev <den@openvz.org>
  Dr. David Alan Gilbert <dgilbert@redhat.com>
  Edgar E. Iglesias <edgar.iglesias@xilinx.com>
  Eduardo Habkost <ehabkost@redhat.com>
  Eric Blake <eblake@redhat.com>
  Guangmu Zhu <guangmuzhu@gmail.com>
  Hitoshi Mitake <mitake.hitoshi@lab.ntt.co.jp>
  Igor Mammedov <imammedo@redhat.com>
  Jason J. Herne <jjherne@linux.vnet.ibm.com>
  Jason Wang <jasowang@redhat.com>
  Jeff Cody <jcody@redhat.com>
  John Arbuckle <programmingkidx@gmail.com>
  Jonathan Neuschäfer <j.neuschaefer@gmx.net>
  Juan Quintela <quintela@redhat.com>
  Kevin Wolf <kwolf@redhat.com>
  Laszlo Ersek <lersek@redhat.com>
  Laurent Vivier <laurent@vivier.eu>
  Laurent Vivier <lvivier@redhat.com>
  Liu Yuan <liuyuan@cmss.chinamobile.com>
  Marc-André Lureau <marcandre.lureau@redhat.com>
  Marcel Apfelbaum <marcel@redhat.com>
  Markus Armbruster <armbru@redhat.com>
  Max Reitz <mreitz@redhat.com>
  Meador Inge <meadori@codesourcery.com>
  Michael S. Tsirkin <address@hidden>
  Michael S. Tsirkin <mst@redhat.com>
  Michael Walle <michael@walle.cc>
  Nikolay Nikolaev <n.nikolaev@virtualopensystems.com>
  Paolo Bonzini <pbonzini@redhat.com>
  Pavel Butsykin <pbutsykin@virtuozzo.com>
  Pavel Dovgalyuk <pavel.dovgaluk@ispras.ru>
  Peter Crosthwaite <crosthwaite.peter@gmail.com>
  Peter Crosthwaite <crosthwaitepeter@gmail.com>
  Peter Lieven <pl@kamp.de>
  Peter Maydell <peter.maydell@linaro.org>
  Pierre Morel <pmorel@linux.vnet.ibm.com>
  Richard Henderson <rth@twiddle.net>
  Richard W.M. Jones <rjones@redhat.com>
  Riku Voipio <riku.voipio@linaro.org>
  Soren Brinkmann <soren.brinkmann@xilinx.com>
  Stefan Brüns <stefan.bruens@rwth-aachen.de>
  Stefan Weil <sw@weilnetz.de>
  Thomas Huth <thuth@redhat.com>
  Timothy E Baldwin <T.E.Baldwin99@members.leeds.ac.uk>
  Timothy Edward Baldwin <T.E.Baldwin99@members.leeds.ac.uk>
  Vasiliy Tolstov <v.tolstov@selfip.ru>
  Wen Congyang <wency@cn.fujitsu.com>
  Yuanhan Liu <yuanhan.liu@linux.intel.com>

jobs:
 build-amd64-xsm                                              pass
 build-armhf-xsm                                              pass
 build-i386-xsm                                               pass
 build-amd64                                                  pass
 build-armhf                                                  pass
 build-i386                                                   pass
 build-amd64-libvirt                                          pass
 build-armhf-libvirt                                          pass
 build-i386-libvirt                                           pass
 build-amd64-pvops                                            pass
 build-armhf-pvops                                            pass
 build-i386-pvops                                             pass
 test-amd64-amd64-xl                                          pass
 test-armhf-armhf-xl                                          pass
 test-amd64-i386-xl                                           pass
 test-amd64-amd64-libvirt-qemuu-debianhvm-amd64-xsm           pass
 test-amd64-i386-libvirt-qemuu-debianhvm-amd64-xsm            pass
 test-amd64-amd64-xl-qemuu-debianhvm-amd64-xsm                pass
 test-amd64-i386-xl-qemuu-debianhvm-amd64-xsm                 pass
 test-amd64-amd64-libvirt-xsm                                 pass
 test-armhf-armhf-libvirt-xsm                                 fail
 test-amd64-i386-libvirt-xsm                                  pass
 test-amd64-amd64-xl-xsm                                      pass
 test-armhf-armhf-xl-xsm                                      pass
 test-amd64-i386-xl-xsm                                       pass
 test-amd64-amd64-xl-pvh-amd                                  fail
 test-amd64-i386-qemuu-rhel6hvm-amd                           pass
 test-amd64-amd64-xl-qemuu-debianhvm-amd64                    pass
 test-amd64-i386-xl-qemuu-debianhvm-amd64                     pass
 test-amd64-i386-freebsd10-amd64                              pass
 test-amd64-amd64-xl-qemuu-ovmf-amd64                         pass
 test-amd64-i386-xl-qemuu-ovmf-amd64                          pass
 test-amd64-amd64-xl-qemuu-win7-amd64                         fail
 test-amd64-i386-xl-qemuu-win7-amd64                          fail
 test-amd64-amd64-xl-credit2                                  pass
 test-armhf-armhf-xl-credit2                                  pass
 test-amd64-i386-freebsd10-i386                               pass
 test-amd64-amd64-xl-pvh-intel                                fail
 test-amd64-i386-qemuu-rhel6hvm-intel                         pass
 test-amd64-amd64-libvirt                                     pass
 test-armhf-armhf-libvirt                                     fail
 test-amd64-i386-libvirt                                      pass
 test-armhf-armhf-xl-midway                                   pass
 test-amd64-amd64-xl-multivcpu                                fail
 test-armhf-armhf-xl-multivcpu                                pass
 test-amd64-amd64-pair                                        pass
 test-amd64-i386-pair                                         pass
 test-amd64-amd64-libvirt-pair                                pass
 test-amd64-i386-libvirt-pair                                 pass
 test-amd64-amd64-amd64-pvgrub                                pass
 test-amd64-amd64-i386-pvgrub                                 pass
 test-amd64-amd64-pygrub                                      pass
 test-amd64-amd64-libvirt-qcow2                               fail
 test-armhf-armhf-libvirt-qcow2                               fail
 test-amd64-i386-libvirt-qcow2                                pass
 test-amd64-amd64-xl-qcow2                                    pass
 test-armhf-armhf-xl-qcow2                                    fail
 test-amd64-i386-xl-qcow2                                     pass
 test-amd64-amd64-libvirt-raw                                 pass
 test-armhf-armhf-libvirt-raw                                 fail
 test-amd64-i386-libvirt-raw                                  pass
 test-amd64-amd64-xl-raw                                      pass
 test-armhf-armhf-xl-raw                                      fail
 test-amd64-i386-xl-raw                                       pass
 test-amd64-amd64-xl-rtds                                     pass
 test-armhf-armhf-xl-rtds                                     pass
 test-amd64-i386-xl-qemuu-winxpsp3-vcpus1                     pass
 test-amd64-amd64-libvirt-vhd                                 fail
 test-armhf-armhf-libvirt-vhd                                 fail
 test-amd64-i386-libvirt-vhd                                  fail
 test-amd64-amd64-xl-vhd                                      fail
 test-armhf-armhf-xl-vhd                                      fail
 test-amd64-i386-xl-vhd                                       fail
 test-amd64-amd64-xl-qemuu-winxpsp3                           fail
 test-amd64-i386-xl-qemuu-winxpsp3                            pass


------------------------------------------------------------
sg-report-flight on osstest.xs.citrite.net
logs: /home/osstest/logs
images: /home/osstest/images

Logs, config files, etc. are available at
    http://osstest.xs.citrite.net/~osstest/testlogs/logs

Test harness code can be found at
    http://xenbits.xensource.com/gitweb?p=osstest.git;a=summary


Push not applicable.

(No revision log; it would be 2824 lines long.)


[-- Attachment #2: Type: text/plain, Size: 126 bytes --]

_______________________________________________
Xen-devel mailing list
Xen-devel@lists.xen.org
http://lists.xen.org/xen-devel

                 reply	other threads:[~2015-10-07 11:39 UTC|newest]

Thread overview: [no followups] expand[flat|nested]  mbox.gz  Atom feed

Reply instructions:

You may reply publicly to this message via plain-text email
using any one of the following methods:

* Save the following mbox file, import it into your mail client,
  and reply-to-all from there: mbox

  Avoid top-posting and favor interleaved quoting:
  https://en.wikipedia.org/wiki/Posting_style#Interleaved_style

* Reply using the --to, --cc, and --in-reply-to
  switches of git-send-email(1):

  git send-email \
    --in-reply-to=osstest-38128-mainreport@xen.org \
    --to=osstest@osstest.xs.citrite.net \
    --cc=osstest-admin@xenproject.org \
    --cc=xen-devel@lists.xensource.com \
    /path/to/YOUR_REPLY

  https://kernel.org/pub/software/scm/git/docs/git-send-email.html

* If your mail client supports setting the In-Reply-To header
  via mailto: links, try the mailto: link
Be sure your reply has a Subject: header at the top and a blank line before the message body.
This is a public inbox, see mirroring instructions
for how to clone and mirror all data and code used for this inbox;
as well as URLs for NNTP newsgroup(s).