* [linux-3.10 baseline-only test] 38513: regressions - FAIL
@ 2015-12-16 1:59 Platform Team regression test user
0 siblings, 0 replies; only message in thread
From: Platform Team regression test user @ 2015-12-16 1:59 UTC (permalink / raw)
To: xen-devel, osstest-admin
[-- Attachment #1: Type: text/plain, Size: 9844 bytes --]
This run is configured for baseline tests only.
flight 38513 linux-3.10 real [real]
http://osstest.xs.citrite.net/~osstest/testlogs/logs/38513/
Regressions :-(
Tests which did not succeed and are blocking,
including tests which could not be run:
test-amd64-i386-rumpuserxen-i386 10 guest-start fail REGR. vs. 38301
test-amd64-amd64-xl-credit2 21 guest-start/debian.repeat fail REGR. vs. 38301
Regressions which are regarded as allowable (not blocking):
test-amd64-amd64-libvirt-vhd 9 debian-di-install fail REGR. vs. 38301
build-armhf-pvops 5 kernel-build fail like 38301
test-amd64-amd64-xl 21 guest-start/debian.repeat fail like 38301
test-amd64-amd64-xl-qemut-winxpsp3 9 windows-install fail like 38301
test-amd64-amd64-xl-qemuu-winxpsp3 9 windows-install fail like 38301
Tests which did not succeed, but are not blocking:
test-amd64-amd64-rumpuserxen-amd64 15 rumpuserxen-demo-xenstorels/xenstorels.repeat fail never pass
test-amd64-amd64-xl-pvh-intel 11 guest-start fail never pass
test-amd64-amd64-xl-pvh-amd 11 guest-start fail never pass
test-amd64-i386-libvirt 12 migrate-support-check fail never pass
test-amd64-i386-libvirt-xsm 12 migrate-support-check fail never pass
test-amd64-amd64-libvirt-xsm 12 migrate-support-check fail never pass
test-amd64-i386-xl-qemut-win7-amd64 17 guest-stop fail never pass
test-amd64-amd64-libvirt 12 migrate-support-check fail never pass
test-amd64-amd64-xl-qemuu-win7-amd64 17 guest-stop fail never pass
test-amd64-amd64-qemuu-nested 16 debian-hvm-install/l1/l2 fail never pass
test-amd64-amd64-libvirt-qemuu-debianhvm-amd64-xsm 10 migrate-support-check fail never pass
test-amd64-i386-libvirt-qemuu-debianhvm-amd64-xsm 10 migrate-support-check fail never pass
test-amd64-i386-xl-qemuu-win7-amd64 17 guest-stop fail never pass
test-amd64-amd64-xl-rtds 21 guest-start/debian.repeat fail never pass
test-amd64-amd64-xl-qemut-win7-amd64 17 guest-stop fail never pass
version targeted for testing:
linux 03ed106ff4c200d01f3c72f71fa9c5b18da07d9b
baseline version:
linux bdf8cfb859e9cd265ec1696d9e007fac66e7aea7
Last test of basis 38301 2015-11-17 11:41:15 Z 28 days
Testing same since 38513 2015-12-14 10:55:10 Z 1 days 1 attempts
------------------------------------------------------------
People who touched revisions under test:
Aleksander Morgado <aleksander@aleksander.es>
Amitkumar Karwar <akarwar@marvell.com>
Andrew Cooper <andrew.cooper3@citrix.com>
Ani Sinha <ani@arista.com>
Bjørn Mork <bjorn@mork.no>
Borislav Petkov <bp@suse.de>
Carol L Soto <clsoto@linux.vnet.ibm.com>
Catalin Marinas <catalin.marinas@arm.com>
Clemens Ladisch <clemens@ladisch.de>
Dan Carpenter <dan.carpenter@oracle.com>
David Herrmann <dh.herrmann@gmail.com>
David S. Miller <davem@davemloft.net>
Eric Dumazet <edumazet@google.com>
Felipe Balbi <balbi@ti.com>
Florian Fainelli <f.fainelli@gmail.com>
Greg Kroah-Hartman <gregkh@linuxfoundation.org>
Gregory CLEMENT <gregory.clement@free-electrons.com>
Guillaume Nault <g.nault@alphalink.fr>
Jack Morgenstein <jackm@dev.mellanox.co.il>
Jason Wang <jasowang@redhat.com>
Jiri Slaby <jslaby@suse.cz>
Johan Hovold <johan@kernel.org>
Johannes Berg <johannes.berg@intel.com>
Kalle Valo <kvalo@codeaurora.org>
Krzysztof Mazur <krzysiek@podlesie.net>
Larry Finger <Larry.Finger@lwfinger.net>
Marc Kleine-Budde <mkl@pengutronix.de>
Marcel Holtmann <marcel@holtmann.org>
Marek Szyprowski <m.szyprowski@samsung.com>
Matt Fleming <matt.fleming@intel.com>
Maxime Ripard <maxime.ripard@free-electrons.com>
Michael S. Tsirkin <mst@redhat.com>
Mirza Krak <mirza.krak@hostmobility.com>
Or Gerlitz <ogerlitz@mellanox.com>
Paolo Bonzini <pbonzini@redhat.com>
Pete Zaitcev <zaitcev@yahoo.com>
Phil Reid <preid@electromag.com.au>
Richard Cochran <richardcochran@gmail.com>
Robin Murphy <robin.murphy@arm.com>
Russell King <rmk+kernel@arm.linux.org.uk>
Rusty Russell <rusty@rustcorp.com.au>
Santosh Shilimkar <santosh.shilimkar@oracle.com>
Sasha Levin <sasha.levin@oracle.com>
Sowmini Varadhan <sowmini.varadhan@oracle.com>
Takashi Iwai <tiwai@suse.de>
Thomas Gleixner <tglx@linutronix.de>
Uwe Kleine-König <u.kleine-koenig@pengutronix.de>
Will Deacon <will.deacon@arm.com>
jobs:
build-amd64-xsm pass
build-armhf-xsm pass
build-i386-xsm pass
build-amd64 pass
build-armhf pass
build-i386 pass
build-amd64-libvirt pass
build-armhf-libvirt pass
build-i386-libvirt pass
build-amd64-pvops pass
build-armhf-pvops fail
build-i386-pvops pass
build-amd64-rumpuserxen pass
build-i386-rumpuserxen pass
test-amd64-amd64-xl fail
test-amd64-i386-xl pass
test-amd64-amd64-xl-qemut-debianhvm-amd64-xsm pass
test-amd64-i386-xl-qemut-debianhvm-amd64-xsm pass
test-amd64-amd64-libvirt-qemuu-debianhvm-amd64-xsm pass
test-amd64-i386-libvirt-qemuu-debianhvm-amd64-xsm pass
test-amd64-amd64-xl-qemuu-debianhvm-amd64-xsm pass
test-amd64-i386-xl-qemuu-debianhvm-amd64-xsm pass
test-amd64-amd64-xl-qemut-stubdom-debianhvm-amd64-xsm pass
test-amd64-i386-xl-qemut-stubdom-debianhvm-amd64-xsm pass
test-amd64-amd64-libvirt-xsm pass
test-amd64-i386-libvirt-xsm pass
test-amd64-amd64-xl-xsm pass
test-amd64-i386-xl-xsm pass
test-amd64-amd64-xl-pvh-amd fail
test-amd64-i386-qemut-rhel6hvm-amd pass
test-amd64-i386-qemuu-rhel6hvm-amd pass
test-amd64-amd64-xl-qemut-debianhvm-amd64 pass
test-amd64-i386-xl-qemut-debianhvm-amd64 pass
test-amd64-amd64-xl-qemuu-debianhvm-amd64 pass
test-amd64-i386-xl-qemuu-debianhvm-amd64 pass
test-amd64-i386-freebsd10-amd64 pass
test-amd64-amd64-xl-qemuu-ovmf-amd64 pass
test-amd64-i386-xl-qemuu-ovmf-amd64 pass
test-amd64-amd64-rumpuserxen-amd64 fail
test-amd64-amd64-xl-qemut-win7-amd64 fail
test-amd64-i386-xl-qemut-win7-amd64 fail
test-amd64-amd64-xl-qemuu-win7-amd64 fail
test-amd64-i386-xl-qemuu-win7-amd64 fail
test-amd64-amd64-xl-credit2 fail
test-amd64-i386-freebsd10-i386 pass
test-amd64-i386-rumpuserxen-i386 fail
test-amd64-amd64-xl-pvh-intel fail
test-amd64-i386-qemut-rhel6hvm-intel pass
test-amd64-i386-qemuu-rhel6hvm-intel pass
test-amd64-amd64-libvirt pass
test-amd64-i386-libvirt pass
test-amd64-amd64-xl-multivcpu pass
test-amd64-amd64-qemuu-nested fail
test-amd64-amd64-pair pass
test-amd64-i386-pair pass
test-amd64-amd64-libvirt-pair pass
test-amd64-i386-libvirt-pair pass
test-amd64-amd64-amd64-pvgrub pass
test-amd64-amd64-i386-pvgrub pass
test-amd64-amd64-pygrub pass
test-amd64-amd64-xl-qcow2 pass
test-amd64-i386-xl-raw pass
test-amd64-amd64-xl-rtds fail
test-amd64-i386-xl-qemut-winxpsp3-vcpus1 pass
test-amd64-i386-xl-qemuu-winxpsp3-vcpus1 pass
test-amd64-amd64-libvirt-vhd fail
test-amd64-amd64-xl-qemut-winxpsp3 fail
test-amd64-i386-xl-qemut-winxpsp3 pass
test-amd64-amd64-xl-qemuu-winxpsp3 fail
test-amd64-i386-xl-qemuu-winxpsp3 pass
------------------------------------------------------------
sg-report-flight on osstest.xs.citrite.net
logs: /home/osstest/logs
images: /home/osstest/images
Logs, config files, etc. are available at
http://osstest.xs.citrite.net/~osstest/testlogs/logs
Test harness code can be found at
http://xenbits.xensource.com/gitweb?p=osstest.git;a=summary
Push not applicable.
(No revision log; it would be 935 lines long.)
[-- Attachment #2: Type: text/plain, Size: 126 bytes --]
_______________________________________________
Xen-devel mailing list
Xen-devel@lists.xen.org
http://lists.xen.org/xen-devel
^ permalink raw reply [flat|nested] only message in thread
only message in thread, other threads:[~2015-12-16 1:59 UTC | newest]
Thread overview: (only message) (download: mbox.gz follow: Atom feed
-- links below jump to the message on this page --
2015-12-16 1:59 [linux-3.10 baseline-only test] 38513: regressions - FAIL Platform Team regression test user
This is a public inbox, see mirroring instructions
for how to clone and mirror all data and code used for this inbox;
as well as URLs for NNTP newsgroup(s).