From mboxrd@z Thu Jan 1 00:00:00 1970 From: Platform Team regression test user Subject: [qemu-mainline baseline-only test] 38609: tolerable FAIL Date: Sat, 9 Jan 2016 21:07:42 +0000 Message-ID: Mime-Version: 1.0 Content-Type: multipart/mixed; boundary="===============5698061273910785694==" Return-path: List-Unsubscribe: , List-Post: List-Help: List-Subscribe: , Sender: xen-devel-bounces@lists.xen.org Errors-To: xen-devel-bounces@lists.xen.org To: xen-devel@lists.xensource.com, osstest-admin@xenproject.org List-Id: xen-devel@lists.xenproject.org --===============5698061273910785694== Content-Type: text/plain Content-Length: 10813 Content-Transfer-Encoding: quoted-printable This run is configured for baseline tests only. flight 38609 qemu-mainline real [real] http://osstest.xs.citrite.net/~osstest/testlogs/logs/38609/ Failures :-/ but no regressions. Regressions which are regarded as allowable (not blocking): test-amd64-amd64-xl 19 guest-start/debian.repeat fail like 38531 test-amd64-amd64-xl-xsm 19 guest-start/debian.repeat fail like 38531 test-amd64-amd64-pygrub 18 guest-start/debian.repeat fail like 38531 test-amd64-amd64-xl-qemuu-winxpsp3 9 windows-install fail like 38531 Tests which did not succeed, but are not blocking: test-armhf-armhf-xl-vhd 9 debian-di-install fail never pass test-armhf-armhf-libvirt-qcow2 9 debian-di-install fail never pass test-armhf-armhf-libvirt-raw 9 debian-di-install fail never pass test-armhf-armhf-libvirt 14 guest-saverestore fail never pass test-armhf-armhf-libvirt 12 migrate-support-check fail never pass test-armhf-armhf-libvirt-xsm 12 migrate-support-check fail never pass test-armhf-armhf-libvirt-xsm 14 guest-saverestore fail never pass test-amd64-amd64-xl-pvh-intel 11 guest-start fail never pass test-amd64-amd64-xl-pvh-amd 11 guest-start fail never pass test-armhf-armhf-xl-multivcpu 13 saverestore-support-check fail never pass test-armhf-armhf-xl-multivcpu 12 migrate-support-check fail never pass test-armhf-armhf-xl 12 migrate-support-check fail never pass test-armhf-armhf-xl 13 saverestore-support-check fail never pass test-armhf-armhf-xl-midway 13 saverestore-support-check fail never pass test-armhf-armhf-xl-midway 12 migrate-support-check fail never pass test-armhf-armhf-xl-credit2 13 saverestore-support-check fail never pass test-armhf-armhf-xl-credit2 12 migrate-support-check fail never pass test-armhf-armhf-xl-xsm 13 saverestore-support-check fail never pass test-armhf-armhf-xl-xsm 12 migrate-support-check fail never pass test-armhf-armhf-xl-rtds 13 saverestore-support-check fail never pass test-armhf-armhf-xl-rtds 12 migrate-support-check fail never pass test-amd64-i386-libvirt 12 migrate-support-check fail never pass test-amd64-i386-libvirt-xsm 12 migrate-support-check fail never pass test-amd64-amd64-libvirt-xsm 12 migrate-support-check fail never pass test-amd64-amd64-libvirt 12 migrate-support-check fail never pass test-amd64-i386-libvirt-qemuu-debianhvm-amd64-xsm 10 migrate-support-check fail never pass test-amd64-amd64-qemuu-nested-amd 16 debian-hvm-install/l1/l2 fail never pass test-amd64-amd64-libvirt-vhd 11 migrate-support-check fail never pass test-amd64-amd64-libvirt-qemuu-debianhvm-amd64-xsm 10 migrate-support-check fail never pass test-amd64-i386-xl-qemuu-win7-amd64 16 guest-stop fail never pass test-amd64-amd64-xl-qemuu-win7-amd64 16 guest-stop fail never pass version targeted for testing: qemuu a7e00e2536941a6e570b45b7ab4afec4505ff67e baseline version: qemuu a8c40fa2d667e585382080db36ac44e216b37a1c Last test of basis 38531 2015-12-17 20:01:02 Z 23 days Testing same since 38609 2016-01-09 11:22:39 Z 0 days 1 attempts ------------------------------------------------------------ People who touched revisions under test: Alex Benn=C3=A9e Andrew Baumann Andrew Jones Andrey Smetanin Bandan Das Bo Tu Cao jin Christian Borntraeger Corey Minyard Daniel P. Berrange Denis V. Lunev Edgar E. Iglesias Eduardo Habkost Eric Blake Fam Zheng Gabriel L. Somlo Gabriel Somlo Gerd Hoffmann Gonglei Greg Kurz Igor Mammedov Jan Beulich Jean-Christophe Dubois John Snow Kevin Wolf Marcel Apfelbaum Mark Cave-Ayland Markus Armbruster Matt Gingell Max Reitz Michael Chapman Michael S. Tsirkin Michael Tokarev Olga Krishtal P J P Paolo Bonzini Pavel Fedin Peter Crosthwaite Peter Crosthwaite Peter Maydell Qinghua Jin Sergey Fedorov Shannon Zhao Shannon Zhao Shmulik Ladkani Stefan Hajnoczi Stefano Stabellini Vladimir Sementsov-Ogievskiy Wei Huang Xiao Guangrong Yang Wei jobs: build-amd64-xsm pass build-armhf-xsm pass build-i386-xsm pass build-amd64 pass build-armhf pass build-i386 pass build-amd64-libvirt pass build-armhf-libvirt pass build-i386-libvirt pass build-amd64-pvops pass build-armhf-pvops pass build-i386-pvops pass test-amd64-amd64-xl fail test-armhf-armhf-xl pass test-amd64-i386-xl pass test-amd64-amd64-libvirt-qemuu-debianhvm-amd64-xsm pass test-amd64-i386-libvirt-qemuu-debianhvm-amd64-xsm pass test-amd64-amd64-xl-qemuu-debianhvm-amd64-xsm pass test-amd64-i386-xl-qemuu-debianhvm-amd64-xsm pass test-amd64-amd64-libvirt-xsm pass test-armhf-armhf-libvirt-xsm fail test-amd64-i386-libvirt-xsm pass test-amd64-amd64-xl-xsm fail test-armhf-armhf-xl-xsm pass test-amd64-i386-xl-xsm pass test-amd64-amd64-qemuu-nested-amd fail test-amd64-amd64-xl-pvh-amd fail test-amd64-i386-qemuu-rhel6hvm-amd pass test-amd64-amd64-xl-qemuu-debianhvm-amd64 pass test-amd64-i386-xl-qemuu-debianhvm-amd64 pass test-amd64-i386-freebsd10-amd64 pass test-amd64-amd64-xl-qemuu-ovmf-amd64 pass test-amd64-i386-xl-qemuu-ovmf-amd64 pass test-amd64-amd64-xl-qemuu-win7-amd64 fail test-amd64-i386-xl-qemuu-win7-amd64 fail test-amd64-amd64-xl-credit2 pass test-armhf-armhf-xl-credit2 pass test-amd64-i386-freebsd10-i386 pass test-amd64-amd64-qemuu-nested-intel pass test-amd64-amd64-xl-pvh-intel fail test-amd64-i386-qemuu-rhel6hvm-intel pass test-amd64-amd64-libvirt pass test-armhf-armhf-libvirt fail test-amd64-i386-libvirt pass test-armhf-armhf-xl-midway pass test-amd64-amd64-xl-multivcpu pass test-armhf-armhf-xl-multivcpu pass test-amd64-amd64-pair pass test-amd64-i386-pair pass test-amd64-amd64-libvirt-pair pass test-amd64-i386-libvirt-pair pass test-amd64-amd64-amd64-pvgrub pass test-amd64-amd64-i386-pvgrub pass test-amd64-amd64-pygrub fail test-armhf-armhf-libvirt-qcow2 fail test-amd64-amd64-xl-qcow2 pass test-armhf-armhf-libvirt-raw fail test-amd64-i386-xl-raw pass test-amd64-amd64-xl-rtds pass test-armhf-armhf-xl-rtds pass test-amd64-i386-xl-qemuu-winxpsp3-vcpus1 pass test-amd64-amd64-libvirt-vhd pass test-armhf-armhf-xl-vhd fail test-amd64-amd64-xl-qemuu-winxpsp3 fail test-amd64-i386-xl-qemuu-winxpsp3 pass ------------------------------------------------------------ sg-report-flight on osstest.xs.citrite.net logs: /home/osstest/logs images: /home/osstest/images Logs, config files, etc. are available at http://osstest.xs.citrite.net/~osstest/testlogs/logs Test harness code can be found at http://xenbits.xensource.com/gitweb=3Fp=3Dosstest.git;a=3Dsummary Push not applicable. (No revision log; it would be 5982 lines long.) --===============5698061273910785694== Content-Type: text/plain; charset="us-ascii" MIME-Version: 1.0 Content-Transfer-Encoding: 7bit Content-Disposition: inline _______________________________________________ Xen-devel mailing list Xen-devel@lists.xen.org http://lists.xen.org/xen-devel --===============5698061273910785694==--