xen-devel.lists.xenproject.org archive mirror
 help / color / mirror / Atom feed
* [qemu-mainline baseline-only test] 38627: regressions - FAIL
@ 2016-01-13 12:57 Platform Team regression test user
  0 siblings, 0 replies; only message in thread
From: Platform Team regression test user @ 2016-01-13 12:57 UTC (permalink / raw)
  To: xen-devel, osstest-admin

[-- Attachment #1: Type: text/plain, Size: 9941 bytes --]

This run is configured for baseline tests only.

flight 38627 qemu-mainline real [real]
http://osstest.xs.citrite.net/~osstest/testlogs/logs/38627/

Regressions :-(

Tests which did not succeed and are blocking,
including tests which could not be run:
 build-armhf                   6 capture-logs             !broken [st=!broken!]
 build-armhf                   5 xen-build                 fail REGR. vs. 38621
 build-armhf-xsm               5 xen-build                 fail REGR. vs. 38621
 test-amd64-amd64-xl-multivcpu 15 guest-localmigrate       fail REGR. vs. 38621

Regressions which are regarded as allowable (not blocking):
 test-amd64-i386-libvirt      17 guest-start/debian.repeat fail REGR. vs. 38621
 test-amd64-amd64-xl          19 guest-start/debian.repeat    fail   like 38621
 test-amd64-amd64-pygrub      18 guest-start/debian.repeat    fail   like 38621
 test-amd64-amd64-qemuu-nested-intel 13 xen-boot/l1             fail like 38621
 test-amd64-amd64-xl-qemuu-winxpsp3  9 windows-install          fail like 38621

Tests which did not succeed, but are not blocking:
 test-armhf-armhf-xl-vhd       1 build-check(1)               blocked  n/a
 test-armhf-armhf-libvirt-qcow2  1 build-check(1)               blocked  n/a
 test-armhf-armhf-libvirt-raw  1 build-check(1)               blocked  n/a
 test-armhf-armhf-libvirt      1 build-check(1)               blocked  n/a
 test-armhf-armhf-libvirt-xsm  1 build-check(1)               blocked  n/a
 test-armhf-armhf-xl-midway    1 build-check(1)               blocked  n/a
 test-armhf-armhf-xl-credit2   1 build-check(1)               blocked  n/a
 test-armhf-armhf-xl-xsm       1 build-check(1)               blocked  n/a
 test-armhf-armhf-xl-multivcpu  1 build-check(1)               blocked  n/a
 test-armhf-armhf-xl           1 build-check(1)               blocked  n/a
 test-armhf-armhf-xl-rtds      1 build-check(1)               blocked  n/a
 build-armhf-libvirt           1 build-check(1)               blocked  n/a
 test-amd64-amd64-xl-pvh-intel 11 guest-start                  fail  never pass
 test-amd64-amd64-xl-pvh-amd  11 guest-start                  fail   never pass
 test-amd64-i386-libvirt      12 migrate-support-check        fail   never pass
 test-amd64-amd64-libvirt-xsm 12 migrate-support-check        fail   never pass
 test-amd64-amd64-libvirt     12 migrate-support-check        fail   never pass
 test-amd64-i386-libvirt-xsm  12 migrate-support-check        fail   never pass
 test-amd64-amd64-qemuu-nested-amd 16 debian-hvm-install/l1/l2  fail never pass
 test-amd64-amd64-libvirt-qemuu-debianhvm-amd64-xsm 10 migrate-support-check fail never pass
 test-amd64-i386-libvirt-qemuu-debianhvm-amd64-xsm 10 migrate-support-check fail never pass
 test-amd64-amd64-libvirt-vhd 11 migrate-support-check        fail   never pass
 test-amd64-i386-xl-qemuu-win7-amd64 16 guest-stop              fail never pass
 test-amd64-amd64-xl-qemuu-win7-amd64 16 guest-stop             fail never pass

version targeted for testing:
 qemuu                7b8a354d4716ab2c201fad04c22b8d4a16a1b8c6
baseline version:
 qemuu                6bb9ead762bf749af11ea225fc2a74db1b93c105

Last test of basis    38621  2016-01-11 16:55:22 Z    1 days
Testing same since    38627  2016-01-12 18:53:37 Z    0 days    1 attempts

------------------------------------------------------------
People who touched revisions under test:
  Alexey Kardashevskiy <aik@ozlabs.ru>
  Alexis Dambricourt <alexis.dambricourt@gmail.com>
  Andrew Jones <drjones@redhat.com>
  Ashok Kumar <ashoks@broadcom.com>
  Cao jin <caoj.fnst@cn.fujitsu.com>
  Chen Gang <chengang@emindsoft.com.cn>
  Chen Gang <gang.chen.5i5j@gmail.com>
  Cornelia Huck <cornelia.huck@de.ibm.com>
  David Gibson <david@gibson.dropbear.id.au>
  Dr. David Alan Gilbert <dgilbert@redhat.com>
  Eric Blake <eblake@redhat.com>
  Haozhong Zhang <haozhong.zhang@intel.com>
  Harmandeep Kaur <write.harmandeep@gmail.com>
  Igor Mammedov <imammedo@redhat.com>
  Jason Wang <jasowang@redhat.com>
  Jean-Christophe Dubois <jcd@tribudubois.net>
  Johan Ouwerkerk <jm.ouwerkerk@gmail.com>
  John Paul Adrian Glaubitz <glaubitz@physik.fu-berlin.de>
  Laszlo Ersek <lersek@redhat.com>
  Laurent Vivier <laurent@vivier.eu>
  Li Zhijian <lizhijian@cn.fujitsu.com>
  Marc-André Lureau <marcandre.lureau@redhat.com>
  Miao Yan <yanmiaobest@gmail.com>
  Miao Yan <yanmiaoebest@gmail.com>
  Michael S. Tsirkin <mst@redhat.com>
  Michael Tokarev <mjt@tls.msk.ru>
  P J P <ppandit@redhat.com>
  Paolo Bonzini <pbonzini@redhat.com>
  Peter Maydell <peter.maydell@linaro.org>
  Prasad J Pandit <pjp@fedoraproject.org>
  Riku Voipio <riku.voipio@linaro.org>
  Roman Kagan <rkagan@virtuozzo.com>
  Shmulik Ladkani <shmulik.ladkani@ravellosystems.com>
  Sukadev Bhattiprolu <sukadev@linux.vnet.ibm.com>
  Tetsuya Mukawa <mukawa@igel.co.jp>
  Thomas Huth <thuth@redhat.com>
  Zhu Lingshan <lszhu@suse.com>

jobs:
 build-amd64-xsm                                              pass
 build-armhf-xsm                                              fail
 build-i386-xsm                                               pass
 build-amd64                                                  pass
 build-armhf                                                  fail
 build-i386                                                   pass
 build-amd64-libvirt                                          pass
 build-armhf-libvirt                                          blocked
 build-i386-libvirt                                           pass
 build-amd64-pvops                                            pass
 build-armhf-pvops                                            pass
 build-i386-pvops                                             pass
 test-amd64-amd64-xl                                          fail
 test-armhf-armhf-xl                                          blocked
 test-amd64-i386-xl                                           pass
 test-amd64-amd64-libvirt-qemuu-debianhvm-amd64-xsm           pass
 test-amd64-i386-libvirt-qemuu-debianhvm-amd64-xsm            pass
 test-amd64-amd64-xl-qemuu-debianhvm-amd64-xsm                pass
 test-amd64-i386-xl-qemuu-debianhvm-amd64-xsm                 pass
 test-amd64-amd64-libvirt-xsm                                 pass
 test-armhf-armhf-libvirt-xsm                                 blocked
 test-amd64-i386-libvirt-xsm                                  pass
 test-amd64-amd64-xl-xsm                                      pass
 test-armhf-armhf-xl-xsm                                      blocked
 test-amd64-i386-xl-xsm                                       pass
 test-amd64-amd64-qemuu-nested-amd                            fail
 test-amd64-amd64-xl-pvh-amd                                  fail
 test-amd64-i386-qemuu-rhel6hvm-amd                           pass
 test-amd64-amd64-xl-qemuu-debianhvm-amd64                    pass
 test-amd64-i386-xl-qemuu-debianhvm-amd64                     pass
 test-amd64-i386-freebsd10-amd64                              pass
 test-amd64-amd64-xl-qemuu-ovmf-amd64                         pass
 test-amd64-i386-xl-qemuu-ovmf-amd64                          pass
 test-amd64-amd64-xl-qemuu-win7-amd64                         fail
 test-amd64-i386-xl-qemuu-win7-amd64                          fail
 test-amd64-amd64-xl-credit2                                  pass
 test-armhf-armhf-xl-credit2                                  blocked
 test-amd64-i386-freebsd10-i386                               pass
 test-amd64-amd64-qemuu-nested-intel                          fail
 test-amd64-amd64-xl-pvh-intel                                fail
 test-amd64-i386-qemuu-rhel6hvm-intel                         pass
 test-amd64-amd64-libvirt                                     pass
 test-armhf-armhf-libvirt                                     blocked
 test-amd64-i386-libvirt                                      fail
 test-armhf-armhf-xl-midway                                   blocked
 test-amd64-amd64-xl-multivcpu                                fail
 test-armhf-armhf-xl-multivcpu                                blocked
 test-amd64-amd64-pair                                        pass
 test-amd64-i386-pair                                         pass
 test-amd64-amd64-libvirt-pair                                pass
 test-amd64-i386-libvirt-pair                                 pass
 test-amd64-amd64-amd64-pvgrub                                pass
 test-amd64-amd64-i386-pvgrub                                 pass
 test-amd64-amd64-pygrub                                      fail
 test-armhf-armhf-libvirt-qcow2                               blocked
 test-amd64-amd64-xl-qcow2                                    pass
 test-armhf-armhf-libvirt-raw                                 blocked
 test-amd64-i386-xl-raw                                       pass
 test-amd64-amd64-xl-rtds                                     pass
 test-armhf-armhf-xl-rtds                                     blocked
 test-amd64-i386-xl-qemuu-winxpsp3-vcpus1                     pass
 test-amd64-amd64-libvirt-vhd                                 pass
 test-armhf-armhf-xl-vhd                                      blocked
 test-amd64-amd64-xl-qemuu-winxpsp3                           fail
 test-amd64-i386-xl-qemuu-winxpsp3                            pass


------------------------------------------------------------
sg-report-flight on osstest.xs.citrite.net
logs: /home/osstest/logs
images: /home/osstest/images

Logs, config files, etc. are available at
    http://osstest.xs.citrite.net/~osstest/testlogs/logs

Test harness code can be found at
    http://xenbits.xensource.com/gitweb?p=osstest.git;a=summary

broken build-armhf capture-logs !broken

Push not applicable.

(No revision log; it would be 2294 lines long.)


[-- Attachment #2: Type: text/plain, Size: 126 bytes --]

_______________________________________________
Xen-devel mailing list
Xen-devel@lists.xen.org
http://lists.xen.org/xen-devel

^ permalink raw reply	[flat|nested] only message in thread

only message in thread, other threads:[~2016-01-13 12:57 UTC | newest]

Thread overview: (only message) (download: mbox.gz follow: Atom feed
-- links below jump to the message on this page --
2016-01-13 12:57 [qemu-mainline baseline-only test] 38627: regressions - FAIL Platform Team regression test user

This is a public inbox, see mirroring instructions
for how to clone and mirror all data and code used for this inbox;
as well as URLs for NNTP newsgroup(s).