* [qemu-mainline baseline-only test] 38638: FAIL
@ 2016-01-15 7:56 Platform Team regression test user
0 siblings, 0 replies; only message in thread
From: Platform Team regression test user @ 2016-01-15 7:56 UTC (permalink / raw)
To: xen-devel, osstest-admin
This run is configured for baseline tests only.
flight 38638 qemu-mainline real [real]
http://osstest.xs.citrite.net/~osstest/testlogs/logs/38638/
Failures and problems with tests :-(
Tests which did not succeed and are blocking,
including tests which could not be run:
build-armhf 6 capture-logs !broken [st=!broken!]
Regressions which are regarded as allowable (not blocking):
build-armhf 5 xen-build fail like 38632
test-amd64-amd64-xl 19 guest-start/debian.repeat fail like 38632
build-armhf-xsm 5 xen-build fail like 38632
test-amd64-amd64-pygrub 18 guest-start/debian.repeat fail like 38632
test-amd64-amd64-qemuu-nested-intel 13 xen-boot/l1 fail like 38632
test-amd64-amd64-xl-qemuu-winxpsp3 9 windows-install fail like 38632
Tests which did not succeed, but are not blocking:
test-armhf-armhf-xl-vhd 1 build-check(1) blocked n/a
test-armhf-armhf-libvirt-qcow2 1 build-check(1) blocked n/a
test-armhf-armhf-libvirt-raw 1 build-check(1) blocked n/a
test-armhf-armhf-libvirt 1 build-check(1) blocked n/a
test-armhf-armhf-libvirt-xsm 1 build-check(1) blocked n/a
test-armhf-armhf-xl-credit2 1 build-check(1) blocked n/a
test-armhf-armhf-xl-midway 1 build-check(1) blocked n/a
test-armhf-armhf-xl-xsm 1 build-check(1) blocked n/a
test-armhf-armhf-xl-multivcpu 1 build-check(1) blocked n/a
test-armhf-armhf-xl 1 build-check(1) blocked n/a
test-armhf-armhf-xl-rtds 1 build-check(1) blocked n/a
build-armhf-libvirt 1 build-check(1) blocked n/a
test-amd64-amd64-xl-pvh-intel 11 guest-start fail never pass
test-amd64-amd64-xl-pvh-amd 11 guest-start fail never pass
test-amd64-i386-libvirt 12 migrate-support-check fail never pass
test-amd64-amd64-libvirt-xsm 12 migrate-support-check fail never pass
test-amd64-i386-libvirt-xsm 12 migrate-support-check fail never pass
test-amd64-amd64-libvirt 12 migrate-support-check fail never pass
test-amd64-amd64-qemuu-nested-amd 16 debian-hvm-install/l1/l2 fail never pass
test-amd64-i386-libvirt-qemuu-debianhvm-amd64-xsm 10 migrate-support-check fail never pass
test-amd64-amd64-libvirt-qemuu-debianhvm-amd64-xsm 10 migrate-support-check fail never pass
test-amd64-amd64-libvirt-vhd 11 migrate-support-check fail never pass
test-amd64-i386-xl-qemuu-win7-amd64 16 guest-stop fail never pass
test-amd64-amd64-xl-qemuu-win7-amd64 16 guest-stop fail never pass
version targeted for testing:
qemuu 91728bda76c1bfe49ac680af763154ec51988732
baseline version:
qemuu 649a1bbaf95adb228f1030ab0618a932bc26aa8b
Last test of basis 38632 2016-01-13 13:24:49 Z 1 days
Testing same since 38638 2016-01-15 01:55:10 Z 0 days 1 attempts
------------------------------------------------------------
People who touched revisions under test:
Amit Shah <amit.shah@redhat.com>
Dr. David Alan Gilbert <dgilbert@redhat.com>
Peter Maydell <peter.maydell@linaro.org>
zhanghailiang <zhang.zhanghailiang@huawei.com>
jobs:
build-amd64-xsm pass
build-armhf-xsm fail
build-i386-xsm pass
build-amd64 pass
build-armhf fail
build-i386 pass
build-amd64-libvirt pass
build-armhf-libvirt blocked
build-i386-libvirt pass
build-amd64-pvops pass
build-armhf-pvops pass
build-i386-pvops pass
test-amd64-amd64-xl fail
test-armhf-armhf-xl blocked
test-amd64-i386-xl pass
test-amd64-amd64-libvirt-qemuu-debianhvm-amd64-xsm pass
test-amd64-i386-libvirt-qemuu-debianhvm-amd64-xsm pass
test-amd64-amd64-xl-qemuu-debianhvm-amd64-xsm pass
test-amd64-i386-xl-qemuu-debianhvm-amd64-xsm pass
test-amd64-amd64-libvirt-xsm pass
test-armhf-armhf-libvirt-xsm blocked
test-amd64-i386-libvirt-xsm pass
test-amd64-amd64-xl-xsm pass
test-armhf-armhf-xl-xsm blocked
test-amd64-i386-xl-xsm pass
test-amd64-amd64-qemuu-nested-amd fail
test-amd64-amd64-xl-pvh-amd fail
test-amd64-i386-qemuu-rhel6hvm-amd pass
test-amd64-amd64-xl-qemuu-debianhvm-amd64 pass
test-amd64-i386-xl-qemuu-debianhvm-amd64 pass
test-amd64-i386-freebsd10-amd64 pass
test-amd64-amd64-xl-qemuu-ovmf-amd64 pass
test-amd64-i386-xl-qemuu-ovmf-amd64 pass
test-amd64-amd64-xl-qemuu-win7-amd64 fail
test-amd64-i386-xl-qemuu-win7-amd64 fail
test-amd64-amd64-xl-credit2 pass
test-armhf-armhf-xl-credit2 blocked
test-amd64-i386-freebsd10-i386 pass
test-amd64-amd64-qemuu-nested-intel fail
test-amd64-amd64-xl-pvh-intel fail
test-amd64-i386-qemuu-rhel6hvm-intel pass
test-amd64-amd64-libvirt pass
test-armhf-armhf-libvirt blocked
test-amd64-i386-libvirt pass
test-armhf-armhf-xl-midway blocked
test-amd64-amd64-xl-multivcpu pass
test-armhf-armhf-xl-multivcpu blocked
test-amd64-amd64-pair pass
test-amd64-i386-pair pass
test-amd64-amd64-libvirt-pair pass
test-amd64-i386-libvirt-pair pass
test-amd64-amd64-amd64-pvgrub pass
test-amd64-amd64-i386-pvgrub pass
test-amd64-amd64-pygrub fail
test-armhf-armhf-libvirt-qcow2 blocked
test-amd64-amd64-xl-qcow2 pass
test-armhf-armhf-libvirt-raw blocked
test-amd64-i386-xl-raw pass
test-amd64-amd64-xl-rtds pass
test-armhf-armhf-xl-rtds blocked
test-amd64-i386-xl-qemuu-winxpsp3-vcpus1 pass
test-amd64-amd64-libvirt-vhd pass
test-armhf-armhf-xl-vhd blocked
test-amd64-amd64-xl-qemuu-winxpsp3 fail
test-amd64-i386-xl-qemuu-winxpsp3 pass
------------------------------------------------------------
sg-report-flight on osstest.xs.citrite.net
logs: /home/osstest/logs
images: /home/osstest/images
Logs, config files, etc. are available at
http://osstest.xs.citrite.net/~osstest/testlogs/logs
Test harness code can be found at
http://xenbits.xensource.com/gitweb?p=osstest.git;a=summary
broken build-armhf capture-logs !broken
Push not applicable.
------------------------------------------------------------
commit 91728bda76c1bfe49ac680af763154ec51988732
Merge: 649a1bb c1bc662
Author: Peter Maydell <peter.maydell@linaro.org>
Date: Thu Jan 14 10:25:33 2016 +0000
Merge remote-tracking branch 'remotes/amit-migration/tags/migration-for-2.6-1' into staging
migration fixes for postcopy, xbzrle, multithread decompression
# gpg: Signature made Wed 13 Jan 2016 10:34:49 GMT using RSA key ID 854083B6
# gpg: Good signature from "Amit Shah <amit@amitshah.net>"
# gpg: aka "Amit Shah <amit@kernel.org>"
# gpg: aka "Amit Shah <amitshah@gmx.net>"
* remotes/amit-migration/tags/migration-for-2.6-1:
multithread decompression: Avoid one copy
Use qemu_get_buffer_in_place for xbzrle data
Migration: Emit event at start of pass
Postcopy: Send events/change state on incoming side
migration: Add state records for migration incoming
migration: Export migrate_set_state()
Signed-off-by: Peter Maydell <peter.maydell@linaro.org>
commit c1bc66263c2360d5211ecd18191b0be65b3b54e5
Author: Dr. David Alan Gilbert <dgilbert@redhat.com>
Date: Wed Dec 16 11:47:38 2015 +0000
multithread decompression: Avoid one copy
qemu_get_buffer does a copy, we can avoid the memcpy, and
we can then remove the extra buffer.
Signed-off-by: Dr. David Alan Gilbert <dgilbert@redhat.com>
Reviewed-by: Liang Li <liang.z.li@intel.com>
Reviewed-by: Juan Quintela <quintela@redhat.com>
Reviewed-by: Amit Shah <amit.shah@redhat.com>
Message-Id: <1450266458-3178-7-git-send-email-dgilbert@redhat.com>
Signed-off-by: Amit Shah <amit.shah@redhat.com>
commit 063e760a5f52d9b82946956e7046828b524727af
Author: Dr. David Alan Gilbert <dgilbert@redhat.com>
Date: Wed Dec 16 11:47:37 2015 +0000
Use qemu_get_buffer_in_place for xbzrle data
Avoid a data copy (if we're lucky) in the xbzrle code.
Signed-off-by: Dr. David Alan Gilbert <dgilbert@redhat.com>
Reviewed-by: Juan Quintela <quintela@redhat.com>
Reviewed-by: Amit Shah <amit.shah@redhat.com>
Message-Id: <1450266458-3178-6-git-send-email-dgilbert@redhat.com>
Signed-off-by: Amit Shah <amit.shah@redhat.com>
commit 4addcd4fdc94c369f4cd54f8e03396ff26fce34d
Author: Dr. David Alan Gilbert <dgilbert@redhat.com>
Date: Wed Dec 16 11:47:36 2015 +0000
Migration: Emit event at start of pass
Emit an event each time we sync the dirty bitmap on the source;
this helps libvirt use postcopy by giving it a kick when it
might be a good idea to start the postcopy.
Signed-off-by: Dr. David Alan Gilbert <dgilbert@redhat.com>
Reviewed-by: Juan Quintela <quintela@redhat.com>
Reviewed-by: Eric Blake <eblake@redhat.com>
Reviewed-by: Amit Shah <amit.shah@redhat.com>
Message-Id: <1450266458-3178-5-git-send-email-dgilbert@redhat.com>
Signed-off-by: Amit Shah <amit.shah@redhat.com>
commit 6ba996bb458f4620e62984f2561c270a636bb500
Author: Dr. David Alan Gilbert <dgilbert@redhat.com>
Date: Wed Dec 16 11:47:35 2015 +0000
Postcopy: Send events/change state on incoming side
I missed the calls to send migration events on the destination side
as we enter postcopy.
Take care when adding them not to do it after state has been freed.
Signed-off-by: Dr. David Alan Gilbert <dgilbert@redhat.com>
Reviewed-by: zhanghailiang <zhang.zhanghailiang@huawei.com>
Reviewed-by: Juan Quintela <quintela@redhat.com>
Reviewed-by: Amit Shah <amit.shah@redhat.com>
Message-Id: <1450266458-3178-4-git-send-email-dgilbert@redhat.com>
Signed-off-by: Amit Shah <amit.shah@redhat.com>
commit 93d7af6ff0243f8a9843a3e8a9362d64c9ab4d4b
Author: zhanghailiang <zhang.zhanghailiang@huawei.com>
Date: Wed Dec 16 11:47:34 2015 +0000
migration: Add state records for migration incoming
For migration destination, we also need to know its state,
we will use it in COLO.
Here we add a new member 'state' for MigrationIncomingState,
and also use migrate_set_state() to modify its value.
Signed-off-by: zhanghailiang <zhang.zhanghailiang@huawei.com>
dgilbert: Fixed early free of MigraitonIncomingState
Signed-off-by: Dr. David Alan Gilbert <dgilbert@redhat.com>
Reviewed-by: Juan Quintela <quintela@redhat.com>
Reviewed-by: Amit Shah <amit.shah@redhat.com>
Message-Id: <1450266458-3178-3-git-send-email-dgilbert@redhat.com>
Signed-off-by: Amit Shah <amit.shah@redhat.com>
commit 48781e5bf26a285f43b9c328b668021d28d2e690
Author: zhanghailiang <zhang.zhanghailiang@huawei.com>
Date: Wed Dec 16 11:47:33 2015 +0000
migration: Export migrate_set_state()
Change the first parameter of migrate_set_state(), and export it.
We will use it in a later patch to update incoming state.
Signed-off-by: zhanghailiang <zhang.zhanghailiang@huawei.com>
Reviewed-by: Dr. David Alan Gilbert <dgilbert@redhat.com>
dgilbert: Updated comment as per Juan's review
Message-Id: <1450266458-3178-2-git-send-email-dgilbert@redhat.com>
Reviewed-by: Juan Quintela <quintela@redhat.com>
Reviewed-by: Amit Shah <amit.shah@redhat.com>
Signed-off-by: Amit Shah <amit.shah@redhat.com>
^ permalink raw reply [flat|nested] only message in thread
only message in thread, other threads:[~2016-01-15 7:56 UTC | newest]
Thread overview: (only message) (download: mbox.gz follow: Atom feed
-- links below jump to the message on this page --
2016-01-15 7:56 [qemu-mainline baseline-only test] 38638: FAIL Platform Team regression test user
This is a public inbox, see mirroring instructions
for how to clone and mirror all data and code used for this inbox;
as well as URLs for NNTP newsgroup(s).