* [seabios baseline-only test] 38644: tolerable FAIL
@ 2016-01-16  6:08 Platform Team regression test user
  0 siblings, 0 replies; only message in thread
From: Platform Team regression test user @ 2016-01-16  6:08 UTC (permalink / raw)
  To: xen-devel, osstest-admin
This run is configured for baseline tests only.
flight 38644 seabios real [real]
http://osstest.xs.citrite.net/~osstest/testlogs/logs/38644/
Failures :-/ but no regressions.
Regressions which are regarded as allowable (not blocking):
 test-amd64-amd64-qemuu-nested-intel 13 xen-boot/l1             fail like 38639
 test-amd64-amd64-xl-qemuu-winxpsp3  9 windows-install          fail like 38639
Tests which did not succeed, but are not blocking:
 test-amd64-amd64-qemuu-nested-amd 16 debian-hvm-install/l1/l2  fail never pass
 test-amd64-i386-xl-qemuu-win7-amd64 16 guest-stop              fail never pass
 test-amd64-amd64-libvirt-qemuu-debianhvm-amd64-xsm 10 migrate-support-check fail never pass
 test-amd64-i386-libvirt-qemuu-debianhvm-amd64-xsm 10 migrate-support-check fail never pass
 test-amd64-amd64-xl-qemuu-win7-amd64 16 guest-stop             fail never pass
version targeted for testing:
 seabios              9720484aec619d6414bbeed90e203f752742fa5c
baseline version:
 seabios              3e8d75f3bef0f36a807303d58523ef5eba4a386f
Last test of basis    38639  2016-01-15 01:55:58 Z    1 days
Testing same since    38644  2016-01-16 00:23:21 Z    0 days    1 attempts
------------------------------------------------------------
People who touched revisions under test:
  Kevin O'Connor <kevin@koconnor.net>
jobs:
 build-amd64-xsm                                              pass    
 build-i386-xsm                                               pass    
 build-amd64                                                  pass    
 build-i386                                                   pass    
 build-amd64-libvirt                                          pass    
 build-i386-libvirt                                           pass    
 build-amd64-pvops                                            pass    
 build-i386-pvops                                             pass    
 test-amd64-amd64-libvirt-qemuu-debianhvm-amd64-xsm           pass    
 test-amd64-i386-libvirt-qemuu-debianhvm-amd64-xsm            pass    
 test-amd64-amd64-xl-qemuu-debianhvm-amd64-xsm                pass    
 test-amd64-i386-xl-qemuu-debianhvm-amd64-xsm                 pass    
 test-amd64-amd64-qemuu-nested-amd                            fail    
 test-amd64-i386-qemuu-rhel6hvm-amd                           pass    
 test-amd64-amd64-xl-qemuu-debianhvm-amd64                    pass    
 test-amd64-i386-xl-qemuu-debianhvm-amd64                     pass    
 test-amd64-amd64-xl-qemuu-ovmf-amd64                         pass    
 test-amd64-i386-xl-qemuu-ovmf-amd64                          pass    
 test-amd64-amd64-xl-qemuu-win7-amd64                         fail    
 test-amd64-i386-xl-qemuu-win7-amd64                          fail    
 test-amd64-amd64-qemuu-nested-intel                          fail    
 test-amd64-i386-qemuu-rhel6hvm-intel                         pass    
 test-amd64-i386-xl-qemuu-winxpsp3-vcpus1                     pass    
 test-amd64-amd64-xl-qemuu-winxpsp3                           fail    
 test-amd64-i386-xl-qemuu-winxpsp3                            pass    
------------------------------------------------------------
sg-report-flight on osstest.xs.citrite.net
logs: /home/osstest/logs
images: /home/osstest/images
Logs, config files, etc. are available at
    http://osstest.xs.citrite.net/~osstest/testlogs/logs
Test harness code can be found at
    http://xenbits.xensource.com/gitweb?p=osstest.git;a=summary
Push not applicable.
------------------------------------------------------------
commit 9720484aec619d6414bbeed90e203f752742fa5c
Author: Kevin O'Connor <kevin@koconnor.net>
Date:   Sun Jan 10 13:26:26 2016 -0500
    kbd: Refactor capslock and numlock handling
    
    Simplify the scan_to_keycode[] table by implementing numlock and
    capslock checking in the code.
    
    Signed-off-by: Kevin O'Connor <kevin@koconnor.net>
commit ea5d60a1542e6a95f5a737ed6f886006c7120074
Author: Kevin O'Connor <kevin@koconnor.net>
Date:   Sun Jan 10 13:01:48 2016 -0500
    kbd: Don't treat scancode and asciicode as separate values
    
    The scancode/asciicode pair can be more easily handled as a single
    16bit value.
    
    Signed-off-by: Kevin O'Connor <kevin@koconnor.net>
commit a48f602c2099d3bd325729fe64e5b237d1b597f8
Author: Kevin O'Connor <kevin@koconnor.net>
Date:   Tue Jan 12 14:22:33 2016 -0500
    post: Always set HaveRunPost prior to setting any other global variable
    
    The HaveRunPost flag controls whether post or reboot handling is
    entered on a reset signal.  The flag needs to be set before any other
    global variable because an external reboot signal could occur at any
    time.  (If any global variable is modified prior to setting
    HaveRunPost then the code might enter post with global variables in a
    dirty state.)
    
    Signed-off-by: Kevin O'Connor <kevin@koconnor.net>
commit b837e68d5a6c1a5945513f1995875445a1594c8a
Author: Kevin O'Connor <kevin@koconnor.net>
Date:   Mon Nov 9 15:00:19 2015 -0500
    resume: Make KVM soft reboot loop detection more flexible
    
    Move the check for soft reboot loops from resume.c to shadow.c and
    directly check for the case where the copy of the BIOS in flash
    appears to be a memory alias instead.  This prevents a hang if an
    external reboot request occurs during the BIOS memcpy.
    
    Signed-off-by: Kevin O'Connor <kevin@koconnor.net>
^ permalink raw reply	[flat|nested] only message in thread
only message in thread, other threads:[~2016-01-16  6:08 UTC | newest]
Thread overview: (only message) (download: mbox.gz follow: Atom feed
-- links below jump to the message on this page --
2016-01-16  6:08 [seabios baseline-only test] 38644: tolerable FAIL Platform Team regression test user
This is a public inbox, see mirroring instructions
for how to clone and mirror all data and code used for this inbox;
as well as URLs for NNTP newsgroup(s).