* [qemu-mainline baseline-only test] 38647: trouble: broken/fail/pass
@ 2016-01-17 5:52 Platform Team regression test user
0 siblings, 0 replies; only message in thread
From: Platform Team regression test user @ 2016-01-17 5:52 UTC (permalink / raw)
To: xen-devel, osstest-admin
This run is configured for baseline tests only.
flight 38647 qemu-mainline real [real]
http://osstest.xs.citrite.net/~osstest/testlogs/logs/38647/
Failures and problems with tests :-(
Tests which did not succeed and are blocking,
including tests which could not be run:
test-amd64-amd64-xl-pvh-amd 3 host-install(3) broken REGR. vs. 38642
test-amd64-amd64-i386-pvgrub 3 host-install(3) broken REGR. vs. 38642
test-amd64-amd64-qemuu-nested-amd 3 host-install(3) broken REGR. vs. 38642
test-amd64-i386-xl 3 host-install(3) broken REGR. vs. 38642
test-amd64-i386-xl-qemuu-debianhvm-amd64-xsm 3 host-install(3) broken REGR. vs. 38642
test-amd64-amd64-xl-qemuu-win7-amd64 3 host-install(3) broken REGR. vs. 38642
test-amd64-amd64-pair 3 host-install/src_host(3) broken REGR. vs. 38642
test-amd64-amd64-pair 4 host-install/dst_host(4) broken REGR. vs. 38642
test-amd64-amd64-xl-qemuu-winxpsp3 3 host-install(3) broken REGR. vs. 38642
Regressions which are regarded as allowable (not blocking):
test-amd64-amd64-libvirt-vhd 3 host-install(3) broken REGR. vs. 38642
test-amd64-amd64-libvirt-pair 4 host-install/dst_host(4) broken REGR. vs. 38642
test-amd64-amd64-libvirt-pair 3 host-install/src_host(3) broken REGR. vs. 38642
test-amd64-amd64-xl 19 guest-start/debian.repeat fail like 38642
test-amd64-amd64-qemuu-nested-intel 13 xen-boot/l1 fail like 38642
Tests which did not succeed, but are not blocking:
test-armhf-armhf-libvirt 14 guest-saverestore fail never pass
test-armhf-armhf-libvirt 12 migrate-support-check fail never pass
test-armhf-armhf-libvirt-xsm 12 migrate-support-check fail never pass
test-armhf-armhf-libvirt-xsm 14 guest-saverestore fail never pass
test-amd64-amd64-xl-pvh-intel 11 guest-start fail never pass
test-armhf-armhf-libvirt-raw 13 guest-saverestore fail never pass
test-armhf-armhf-libvirt-raw 11 migrate-support-check fail never pass
test-armhf-armhf-xl-credit2 13 saverestore-support-check fail never pass
test-armhf-armhf-xl-credit2 12 migrate-support-check fail never pass
test-armhf-armhf-xl-multivcpu 13 saverestore-support-check fail never pass
test-armhf-armhf-xl-multivcpu 12 migrate-support-check fail never pass
test-armhf-armhf-xl-midway 13 saverestore-support-check fail never pass
test-armhf-armhf-xl-midway 12 migrate-support-check fail never pass
test-armhf-armhf-xl 12 migrate-support-check fail never pass
test-armhf-armhf-xl 13 saverestore-support-check fail never pass
test-armhf-armhf-xl-xsm 13 saverestore-support-check fail never pass
test-armhf-armhf-xl-xsm 12 migrate-support-check fail never pass
test-armhf-armhf-libvirt-qcow2 11 migrate-support-check fail never pass
test-armhf-armhf-libvirt-qcow2 13 guest-saverestore fail never pass
test-armhf-armhf-xl-rtds 13 saverestore-support-check fail never pass
test-armhf-armhf-xl-rtds 12 migrate-support-check fail never pass
test-amd64-i386-libvirt 12 migrate-support-check fail never pass
test-amd64-i386-libvirt-xsm 12 migrate-support-check fail never pass
test-amd64-amd64-libvirt-xsm 12 migrate-support-check fail never pass
test-amd64-amd64-libvirt 12 migrate-support-check fail never pass
test-armhf-armhf-xl-vhd 11 migrate-support-check fail never pass
test-armhf-armhf-xl-vhd 12 saverestore-support-check fail never pass
test-amd64-i386-libvirt-qemuu-debianhvm-amd64-xsm 10 migrate-support-check fail never pass
test-amd64-amd64-libvirt-qemuu-debianhvm-amd64-xsm 10 migrate-support-check fail never pass
test-amd64-i386-xl-qemuu-win7-amd64 16 guest-stop fail never pass
version targeted for testing:
qemuu 5a57acb66f19ee52723aa05b8afbbc41c3e9ec99
baseline version:
qemuu f02ccf53693758b65843264e077f90cf295e7d98
Last test of basis 38642 2016-01-15 11:53:41 Z 1 days
Testing same since 38647 2016-01-16 22:18:51 Z 0 days 1 attempts
------------------------------------------------------------
People who touched revisions under test:
Alistair Francis <alistair.francis@xilinx.com>
Alvise Rigo <a.rigo@virtualopensystems.com>
Andrew Jones <drjones@redhat.com>
Ard Biesheuvel <ard.biesheuvel@linaro.org>
Peter Maydell <peter.maydell@linaro.org>
Shannon Zhao <shannon.zhao@linaro.org>
jobs:
build-amd64-xsm pass
build-armhf-xsm pass
build-i386-xsm pass
build-amd64 pass
build-armhf pass
build-i386 pass
build-amd64-libvirt pass
build-armhf-libvirt pass
build-i386-libvirt pass
build-amd64-pvops pass
build-armhf-pvops pass
build-i386-pvops pass
test-amd64-amd64-xl fail
test-armhf-armhf-xl pass
test-amd64-i386-xl broken
test-amd64-amd64-libvirt-qemuu-debianhvm-amd64-xsm pass
test-amd64-i386-libvirt-qemuu-debianhvm-amd64-xsm pass
test-amd64-amd64-xl-qemuu-debianhvm-amd64-xsm pass
test-amd64-i386-xl-qemuu-debianhvm-amd64-xsm broken
test-amd64-amd64-libvirt-xsm pass
test-armhf-armhf-libvirt-xsm fail
test-amd64-i386-libvirt-xsm pass
test-amd64-amd64-xl-xsm pass
test-armhf-armhf-xl-xsm pass
test-amd64-i386-xl-xsm pass
test-amd64-amd64-qemuu-nested-amd broken
test-amd64-amd64-xl-pvh-amd broken
test-amd64-i386-qemuu-rhel6hvm-amd pass
test-amd64-amd64-xl-qemuu-debianhvm-amd64 pass
test-amd64-i386-xl-qemuu-debianhvm-amd64 pass
test-amd64-i386-freebsd10-amd64 pass
test-amd64-amd64-xl-qemuu-ovmf-amd64 pass
test-amd64-i386-xl-qemuu-ovmf-amd64 pass
test-amd64-amd64-xl-qemuu-win7-amd64 broken
test-amd64-i386-xl-qemuu-win7-amd64 fail
test-amd64-amd64-xl-credit2 pass
test-armhf-armhf-xl-credit2 pass
test-amd64-i386-freebsd10-i386 pass
test-amd64-amd64-qemuu-nested-intel fail
test-amd64-amd64-xl-pvh-intel fail
test-amd64-i386-qemuu-rhel6hvm-intel pass
test-amd64-amd64-libvirt pass
test-armhf-armhf-libvirt fail
test-amd64-i386-libvirt pass
test-armhf-armhf-xl-midway pass
test-amd64-amd64-xl-multivcpu pass
test-armhf-armhf-xl-multivcpu pass
test-amd64-amd64-pair broken
test-amd64-i386-pair pass
test-amd64-amd64-libvirt-pair broken
test-amd64-i386-libvirt-pair pass
test-amd64-amd64-amd64-pvgrub pass
test-amd64-amd64-i386-pvgrub broken
test-amd64-amd64-pygrub pass
test-armhf-armhf-libvirt-qcow2 fail
test-amd64-amd64-xl-qcow2 pass
test-armhf-armhf-libvirt-raw fail
test-amd64-i386-xl-raw pass
test-amd64-amd64-xl-rtds pass
test-armhf-armhf-xl-rtds pass
test-amd64-i386-xl-qemuu-winxpsp3-vcpus1 pass
test-amd64-amd64-libvirt-vhd broken
test-armhf-armhf-xl-vhd pass
test-amd64-amd64-xl-qemuu-winxpsp3 broken
test-amd64-i386-xl-qemuu-winxpsp3 pass
------------------------------------------------------------
sg-report-flight on osstest.xs.citrite.net
logs: /home/osstest/logs
images: /home/osstest/images
Logs, config files, etc. are available at
http://osstest.xs.citrite.net/~osstest/testlogs/logs
Test harness code can be found at
http://xenbits.xensource.com/gitweb?p=osstest.git;a=summary
broken-step test-amd64-amd64-libvirt-vhd host-install(3)
broken-step test-amd64-amd64-xl-pvh-amd host-install(3)
broken-step test-amd64-amd64-i386-pvgrub host-install(3)
broken-step test-amd64-amd64-qemuu-nested-amd host-install(3)
broken-step test-amd64-i386-xl host-install(3)
broken-step test-amd64-i386-xl-qemuu-debianhvm-amd64-xsm host-install(3)
broken-step test-amd64-amd64-xl-qemuu-win7-amd64 host-install(3)
broken-step test-amd64-amd64-libvirt-pair host-install/dst_host(4)
broken-step test-amd64-amd64-libvirt-pair host-install/src_host(3)
broken-step test-amd64-amd64-pair host-install/src_host(3)
broken-step test-amd64-amd64-pair host-install/dst_host(4)
broken-step test-amd64-amd64-xl-qemuu-winxpsp3 host-install(3)
Push not applicable.
------------------------------------------------------------
commit 5a57acb66f19ee52723aa05b8afbbc41c3e9ec99
Merge: f02ccf5 67736a2
Author: Peter Maydell <peter.maydell@linaro.org>
Date: Fri Jan 15 15:49:43 2016 +0000
Merge remote-tracking branch 'remotes/pmaydell/tags/pull-target-arm-20160115' into staging
target-arm queue:
* use the right MMU index when handling unaligned accesses
* xlnx-zynqmp: Add support for high DDR memory regions
* target-arm: support QMP dump-guest-memory
* ARM: virt: Don't generate RTC ACPI device when using UEFI
# gpg: Signature made Fri 15 Jan 2016 15:16:19 GMT using RSA key ID 14360CDE
# gpg: Good signature from "Peter Maydell <peter.maydell@linaro.org>"
# gpg: aka "Peter Maydell <pmaydell@gmail.com>"
# gpg: aka "Peter Maydell <pmaydell@chiark.greenend.org.uk>"
* remotes/pmaydell/tags/pull-target-arm-20160115:
ARM: virt: Don't generate RTC ACPI device when using UEFI
target-arm: dump-guest-memory: add vfp notes for arm
elf: add arm note types
target-arm: dump-guest-memory: add prfpreg notes for aarch64
target-arm: support QMP dump-guest-memory
dump: allow target to set the physical base
dump: allow target to set the page size
dump: qemunotes aren't commonly needed
qapi-schema: dump-guest-memory: Improve text
xlnx-zynqmp: Add support for high DDR memory regions
target-arm: Use the right MMU index in arm_regime_using_lpae_format
Signed-off-by: Peter Maydell <peter.maydell@linaro.org>
commit 67736a25f86595c8ae174a21d965af5a027884c9
Author: Shannon Zhao <shannon.zhao@linaro.org>
Date: Fri Jan 15 22:11:31 2016 +0800
ARM: virt: Don't generate RTC ACPI device when using UEFI
When booting the VM with UEFI, UEFI takes ownership of the RTC hardware.
While UEFI can use libfdt to disable the RTC device node in the DTB that
it passes to the OS, it cannot modify AML. Therefore, we won't generate
the RTC ACPI device at all when using UEFI.
Signed-off-by: Shannon Zhao <shannon.zhao@linaro.org>
Acked-by: Ard Biesheuvel <ard.biesheuvel@linaro.org>
Reviewed-by: Laszlo Ersek <lersek@redhat.com>
Reviewed-by: Andrew Jones <drjones@redhat.com>
Message-id: 1452867091-4023-1-git-send-email-shannon.zhao@linaro.org
Reviewed-by: Peter Maydell <peter.maydell@linaro.org>
Signed-off-by: Peter Maydell <peter.maydell@linaro.org>
commit ade0d0c0d3a0444c626ec5f46ef75af7395236f6
Author: Andrew Jones <drjones@redhat.com>
Date: Mon Jan 11 20:56:25 2016 +0100
target-arm: dump-guest-memory: add vfp notes for arm
gdb won't actually dump these with 'info all-registers' since
it first tries to confirm that it should by checking the VFP
hwcap in the .auxv note. Well, we don't generate an .auxv note.
Signed-off-by: Andrew Jones <drjones@redhat.com>
Reviewed-by: Peter Maydell <peter.maydell@linaro.org>
Message-id: 1452542185-10914-9-git-send-email-drjones@redhat.com
Signed-off-by: Peter Maydell <peter.maydell@linaro.org>
commit 7d68e47f1280f911df0ea87051d70a4ee52d701d
Author: Andrew Jones <drjones@redhat.com>
Date: Mon Jan 11 20:56:24 2016 +0100
elf: add arm note types
Signed-off-by: Andrew Jones <drjones@redhat.com>
Reviewed-by: Peter Maydell <peter.maydell@linaro.org>
Message-id: 1452542185-10914-8-git-send-email-drjones@redhat.com
Signed-off-by: Peter Maydell <peter.maydell@linaro.org>
commit bada8e4470a4fe57c67688a49bf18a2cee654ef5
Author: Andrew Jones <drjones@redhat.com>
Date: Mon Jan 11 20:56:23 2016 +0100
target-arm: dump-guest-memory: add prfpreg notes for aarch64
Signed-off-by: Andrew Jones <drjones@redhat.com>
Reviewed-by: Peter Maydell <peter.maydell@linaro.org>
Message-id: 1452542185-10914-7-git-send-email-drjones@redhat.com
Signed-off-by: Peter Maydell <peter.maydell@linaro.org>
commit da2b91409ffe33f0a59acff1843ce1758325f2ec
Author: Andrew Jones <drjones@redhat.com>
Date: Mon Jan 11 20:56:22 2016 +0100
target-arm: support QMP dump-guest-memory
Add the support needed for creating prstatus elf notes. This
allows us to use QMP dump-guest-memory.
Signed-off-by: Andrew Jones <drjones@redhat.com>
Message-id: 1452542185-10914-6-git-send-email-drjones@redhat.com
Reviewed-by: Peter Maydell <peter.maydell@linaro.org>
[PMM: moved setting of cpu::write_elf64_note inside !CONFIG_USER_ONLY
ifdef to avoid compile failure for linux-user build]
Signed-off-by: Peter Maydell <peter.maydell@linaro.org>
commit b6e05aa473b52e049654fae834453232e6b6e798
Author: Andrew Jones <drjones@redhat.com>
Date: Mon Jan 11 20:56:21 2016 +0100
dump: allow target to set the physical base
crash assumes the physical base in the kdump subheader of
makedumpfile formatted dumps is correct. Zero is not correct
for all architectures, so allow it to be changed.
(No functional change.)
Signed-off-by: Andrew Jones <drjones@redhat.com>
Reviewed-by: Peter Maydell <peter.maydell@linaro.org>
Message-id: 1452542185-10914-5-git-send-email-drjones@redhat.com
Signed-off-by: Peter Maydell <peter.maydell@linaro.org>
commit 8161befdd15ddc5a8bb9e807ff1ac5907c594688
Author: Andrew Jones <drjones@redhat.com>
Date: Mon Jan 11 20:56:20 2016 +0100
dump: allow target to set the page size
This is necessary for targets that don't have TARGET_PAGE_SIZE ==
real-target-page-size. The target should set the page size to the
correct one, if known, or, if not known, to the maximum page size
it supports.
(No functional change.)
Signed-off-by: Andrew Jones <drjones@redhat.com>
Reviewed-by: Peter Maydell <peter.maydell@linaro.org>
Message-id: 1452542185-10914-4-git-send-email-drjones@redhat.com
Signed-off-by: Peter Maydell <peter.maydell@linaro.org>
commit b09afd58e4cb61a854c34040a12962e5b6f05ca5
Author: Andrew Jones <drjones@redhat.com>
Date: Mon Jan 11 20:56:19 2016 +0100
dump: qemunotes aren't commonly needed
Only one of three architectures implementing qmp-dump-guest-memory write
qemu notes. And, another architecture (arm/aarch64) is coming, which
won't use them either. Make the common implementation truly common.
(No functional change.)
Signed-off-by: Andrew Jones <drjones@redhat.com>
Reviewed-by: Peter Maydell <peter.maydell@linaro.org>
Message-id: 1452542185-10914-3-git-send-email-drjones@redhat.com
Signed-off-by: Peter Maydell <peter.maydell@linaro.org>
commit f1cd483004da30a905ee6cf5d3268181f6c13e1a
Author: Andrew Jones <drjones@redhat.com>
Date: Mon Jan 11 20:56:18 2016 +0100
qapi-schema: dump-guest-memory: Improve text
dump-guest-memory is supported by more than just x86, however
the paging option is not.
(No functional change.)
Signed-off-by: Andrew Jones <drjones@redhat.com>
Reviewed-by: Eric Blake <eblake@redhat.com>
Message-id: 1452542185-10914-2-git-send-email-drjones@redhat.com
Signed-off-by: Peter Maydell <peter.maydell@linaro.org>
commit dc3b89ef87dc0ecd5ba435c155ad8511b848d909
Author: Alistair Francis <alistair.francis@xilinx.com>
Date: Tue Jan 12 14:39:18 2016 -0800
xlnx-zynqmp: Add support for high DDR memory regions
The Xilinx ZynqMP SoC and EP108 board supports three memory regions:
- A 2GB region starting at 0
- A 32GB region starting at 32GB
- A 256GB region starting at 768GB
This patch adds support for the first two memory regions, which is
automatically created based on the size specified by the QEMU memory
command line argument.
On hardware the physical memory region is one continuous region, it is then
mapped into the three different regions by the DDRC. As we don't model the
DDRC this is done at startup by QEMU. The board creates the memory region and
then passes that memory region to the SoC. The SoC then maps the memory
regions.
Signed-off-by: Alistair Francis <alistair.francis@xilinx.com>
Reviewed-by: Peter Crosthwaite <crosthwaite.peter@gmail.com>
Message-id: a1e47db941d65733724a300fcd98b74fbeeaaf22.1452637205.git.alistair.francis@xilinx.com
Signed-off-by: Peter Maydell <peter.maydell@linaro.org>
commit deb2db996cbb9470b39ae1e383791ef34c4eb3c2
Author: Alvise Rigo <a.rigo@virtualopensystems.com>
Date: Fri Jan 15 11:37:42 2016 +0100
target-arm: Use the right MMU index in arm_regime_using_lpae_format
arm_regime_using_lpae_format checks whether the LPAE extension is used
for stage 1 translation regimes. MMU indexes not exclusively of a stage 1
regime won't work with this method.
In case of ARMMMUIdx_S12NSE0 or ARMMMUIdx_S12NSE1, offset these values
by ARMMMUIdx_S1NSE0 to get the right index indicating a stage 1
translation regime.
Rename also the function to arm_s1_regime_using_lpae_format and update
the comments to reflect the change.
Signed-off-by: Alvise Rigo <a.rigo@virtualopensystems.com>
Message-id: 1452854262-19550-1-git-send-email-a.rigo@virtualopensystems.com
Reviewed-by: Peter Maydell <peter.maydell@linaro.org>
Signed-off-by: Peter Maydell <peter.maydell@linaro.org>
^ permalink raw reply [flat|nested] only message in thread
only message in thread, other threads:[~2016-01-17 5:52 UTC | newest]
Thread overview: (only message) (download: mbox.gz follow: Atom feed
-- links below jump to the message on this page --
2016-01-17 5:52 [qemu-mainline baseline-only test] 38647: trouble: broken/fail/pass Platform Team regression test user
This is a public inbox, see mirroring instructions
for how to clone and mirror all data and code used for this inbox;
as well as URLs for NNTP newsgroup(s).