* [qemu-mainline baseline-only test] 38712: regressions - FAIL
@ 2016-01-29 13:25 Platform Team regression test user
0 siblings, 0 replies; only message in thread
From: Platform Team regression test user @ 2016-01-29 13:25 UTC (permalink / raw)
To: xen-devel, osstest-admin
This run is configured for baseline tests only.
flight 38712 qemu-mainline real [real]
http://osstest.xs.citrite.net/~osstest/testlogs/logs/38712/
Regressions :-(
Tests which did not succeed and are blocking,
including tests which could not be run:
test-amd64-amd64-xl-qemuu-ovmf-amd64 14 guest-saverestore.2 fail REGR. vs. 38711
Regressions which are regarded as allowable (not blocking):
test-amd64-amd64-xl 19 guest-start/debian.repeat fail like 38711
test-amd64-amd64-qemuu-nested-intel 13 xen-boot/l1 fail like 38711
test-amd64-amd64-amd64-pvgrub 10 guest-start fail like 38711
Tests which did not succeed, but are not blocking:
test-armhf-armhf-libvirt 14 guest-saverestore fail never pass
test-armhf-armhf-libvirt 12 migrate-support-check fail never pass
test-armhf-armhf-libvirt-xsm 12 migrate-support-check fail never pass
test-armhf-armhf-libvirt-xsm 14 guest-saverestore fail never pass
test-amd64-amd64-xl-pvh-intel 11 guest-start fail never pass
test-armhf-armhf-xl-credit2 13 saverestore-support-check fail never pass
test-armhf-armhf-xl-credit2 12 migrate-support-check fail never pass
test-armhf-armhf-libvirt-raw 13 guest-saverestore fail never pass
test-armhf-armhf-libvirt-raw 11 migrate-support-check fail never pass
test-armhf-armhf-xl-multivcpu 13 saverestore-support-check fail never pass
test-armhf-armhf-xl-multivcpu 12 migrate-support-check fail never pass
test-armhf-armhf-xl-midway 13 saverestore-support-check fail never pass
test-armhf-armhf-xl-midway 12 migrate-support-check fail never pass
test-armhf-armhf-xl 12 migrate-support-check fail never pass
test-armhf-armhf-xl 13 saverestore-support-check fail never pass
test-armhf-armhf-xl-xsm 13 saverestore-support-check fail never pass
test-armhf-armhf-xl-xsm 12 migrate-support-check fail never pass
test-armhf-armhf-xl-rtds 13 saverestore-support-check fail never pass
test-armhf-armhf-xl-rtds 12 migrate-support-check fail never pass
test-amd64-i386-libvirt 12 migrate-support-check fail never pass
test-amd64-i386-libvirt-xsm 12 migrate-support-check fail never pass
test-armhf-armhf-xl-vhd 11 migrate-support-check fail never pass
test-armhf-armhf-xl-vhd 12 saverestore-support-check fail never pass
test-armhf-armhf-libvirt-qcow2 11 migrate-support-check fail never pass
test-armhf-armhf-libvirt-qcow2 13 guest-saverestore fail never pass
test-amd64-i386-xl-qemuu-win7-amd64 16 guest-stop fail never pass
test-amd64-amd64-xl-pvh-amd 11 guest-start fail never pass
test-amd64-amd64-libvirt 12 migrate-support-check fail never pass
test-amd64-amd64-qemuu-nested-amd 16 debian-hvm-install/l1/l2 fail never pass
test-amd64-i386-libvirt-qemuu-debianhvm-amd64-xsm 10 migrate-support-check fail never pass
test-amd64-amd64-libvirt-qemuu-debianhvm-amd64-xsm 10 migrate-support-check fail never pass
test-amd64-amd64-libvirt-xsm 12 migrate-support-check fail never pass
test-amd64-amd64-xl-qemuu-win7-amd64 16 guest-stop fail never pass
test-amd64-amd64-libvirt-vhd 11 migrate-support-check fail never pass
version targeted for testing:
qemuu 357e81c7e880f868833edf9f53cce1f3b09ea8ec
baseline version:
qemuu 8fd9dece6599eb3fbd2cdd3e7fbdd4e575e33911
Last test of basis 38711 2016-01-28 20:48:43 Z 0 days
Testing same since 38712 2016-01-29 06:49:23 Z 0 days 1 attempts
------------------------------------------------------------
People who touched revisions under test:
Bo Tu <tubo@linux.vnet.ibm.com>
Christian Borntraeger <borntraeger@de.ibm.com>
Cornelia Huck <cornelia.huck@de.ibm.com>
David Hildenbrand <dahi@linux.vnet.ibm.com>
Halil Pasic <pasic@linux.vnet.ibm.com>
Peter Maydell <peter.maydell@linaro.org>
Pierre Morel <pmorel@linux.vnet.ibm.com>
Song Shan Gong <gongss@linux.vnet.ibm.com>
jobs:
build-amd64-xsm pass
build-armhf-xsm pass
build-i386-xsm pass
build-amd64 pass
build-armhf pass
build-i386 pass
build-amd64-libvirt pass
build-armhf-libvirt pass
build-i386-libvirt pass
build-amd64-pvops pass
build-armhf-pvops pass
build-i386-pvops pass
test-amd64-amd64-xl fail
test-armhf-armhf-xl pass
test-amd64-i386-xl pass
test-amd64-amd64-libvirt-qemuu-debianhvm-amd64-xsm pass
test-amd64-i386-libvirt-qemuu-debianhvm-amd64-xsm pass
test-amd64-amd64-xl-qemuu-debianhvm-amd64-xsm pass
test-amd64-i386-xl-qemuu-debianhvm-amd64-xsm pass
test-amd64-amd64-libvirt-xsm pass
test-armhf-armhf-libvirt-xsm fail
test-amd64-i386-libvirt-xsm pass
test-amd64-amd64-xl-xsm pass
test-armhf-armhf-xl-xsm pass
test-amd64-i386-xl-xsm pass
test-amd64-amd64-qemuu-nested-amd fail
test-amd64-amd64-xl-pvh-amd fail
test-amd64-i386-qemuu-rhel6hvm-amd pass
test-amd64-amd64-xl-qemuu-debianhvm-amd64 pass
test-amd64-i386-xl-qemuu-debianhvm-amd64 pass
test-amd64-i386-freebsd10-amd64 pass
test-amd64-amd64-xl-qemuu-ovmf-amd64 fail
test-amd64-i386-xl-qemuu-ovmf-amd64 pass
test-amd64-amd64-xl-qemuu-win7-amd64 fail
test-amd64-i386-xl-qemuu-win7-amd64 fail
test-amd64-amd64-xl-credit2 pass
test-armhf-armhf-xl-credit2 pass
test-amd64-i386-freebsd10-i386 pass
test-amd64-amd64-qemuu-nested-intel fail
test-amd64-amd64-xl-pvh-intel fail
test-amd64-i386-qemuu-rhel6hvm-intel pass
test-amd64-amd64-libvirt pass
test-armhf-armhf-libvirt fail
test-amd64-i386-libvirt pass
test-armhf-armhf-xl-midway pass
test-amd64-amd64-xl-multivcpu pass
test-armhf-armhf-xl-multivcpu pass
test-amd64-amd64-pair pass
test-amd64-i386-pair pass
test-amd64-amd64-libvirt-pair pass
test-amd64-i386-libvirt-pair pass
test-amd64-amd64-amd64-pvgrub fail
test-amd64-amd64-i386-pvgrub pass
test-amd64-amd64-pygrub pass
test-armhf-armhf-libvirt-qcow2 fail
test-amd64-amd64-xl-qcow2 pass
test-armhf-armhf-libvirt-raw fail
test-amd64-i386-xl-raw pass
test-amd64-amd64-xl-rtds pass
test-armhf-armhf-xl-rtds pass
test-amd64-i386-xl-qemuu-winxpsp3-vcpus1 pass
test-amd64-amd64-libvirt-vhd pass
test-armhf-armhf-xl-vhd pass
test-amd64-amd64-xl-qemuu-winxpsp3 pass
test-amd64-i386-xl-qemuu-winxpsp3 pass
------------------------------------------------------------
sg-report-flight on osstest.xs.citrite.net
logs: /home/osstest/logs
images: /home/osstest/images
Logs, config files, etc. are available at
http://osstest.xs.citrite.net/~osstest/testlogs/logs
Test harness code can be found at
http://xenbits.xensource.com/gitweb?p=osstest.git;a=summary
Push not applicable.
------------------------------------------------------------
commit 357e81c7e880f868833edf9f53cce1f3b09ea8ec
Merge: 8fd9dec 234779a
Author: Peter Maydell <peter.maydell@linaro.org>
Date: Thu Jan 28 11:46:33 2016 +0000
Merge remote-tracking branch 'remotes/cohuck/tags/s390x-20160128' into staging
Mostly bugfixes and small improvements; and the gdb target.xml
patch.
# gpg: Signature made Thu 28 Jan 2016 11:02:14 GMT using RSA key ID C6F02FAF
# gpg: Good signature from "Cornelia Huck <huckc@linux.vnet.ibm.com>"
# gpg: aka "Cornelia Huck <cornelia.huck@de.ibm.com>"
* remotes/cohuck/tags/s390x-20160128:
s390x: s390_cpu_get_phys_page_debug has to return -1
gdb: provide the name of the architecture in the target.xml
s390x/css: fix control flags during csch
watchdog/diag288: don't reset for action=none|debug|pause
watchdog: introduction of get_watchdog_action
s390x: fix generation of event information crw
s390x/ioinst: set type and len for SEI response
s390x/sclp: add device to the sysbus in sclp_realize
s390x/machine: make addon register fields static
s390x/skeys: Fix instance and class size
Signed-off-by: Peter Maydell <peter.maydell@linaro.org>
commit 234779a2b9141d9386289ba5ed86c9d617567646
Author: David Hildenbrand <dahi@linux.vnet.ibm.com>
Date: Wed Dec 9 16:36:42 2015 +0100
s390x: s390_cpu_get_phys_page_debug has to return -1
If translation fails, we have to return -1. For now, we
would simply return the value last stored to raddr (if any).
This way, reading invalid memory via gdb will return values, although it
shouldn't.
Reviewed-by: Christian Borntraeger <borntraeger@de.ibm.com>
Signed-off-by: David Hildenbrand <dahi@linux.vnet.ibm.com>
Signed-off-by: Cornelia Huck <cornelia.huck@de.ibm.com>
commit b3820e6ca0c364cfa73c9bc1614d2f303fc74703
Author: David Hildenbrand <dahi@linux.vnet.ibm.com>
Date: Thu Dec 3 13:14:41 2015 +0100
gdb: provide the name of the architecture in the target.xml
This patch provides the name of the architecture in the target.xml
if available.
This allows the remote gdb to detect the target architecture on its
own - so there is no need to specify it manually (e.g. if gdb is
started without a binary) using "set arch *arch_name*".
The name of the architecture is provided by a callback that can
be implemented by all architectures. The arm implementation has
special handling for iwmmxt and returns arm otherwise. This can
be extended if necessary.
Signed-off-by: David Hildenbrand <dahi@linux.vnet.ibm.com>
Acked-by: Cornelia Huck <cornelia.huck@de.ibm.com>
Signed-off-by: Christian Borntraeger <borntraeger@de.ibm.com>
[rework to use a callback]
Message-Id: <1449144881-130935-1-git-send-email-borntraeger@de.ibm.com>
Reviewed-by: Peter Maydell <peter.maydell@linaro.org>
Signed-off-by: Cornelia Huck <cornelia.huck@de.ibm.com>
commit 4c6bf79a222934ac9ff0e45fc98ea1c986ed5c67
Author: Halil Pasic <pasic@linux.vnet.ibm.com>
Date: Wed Jan 20 19:51:30 2016 +0100
s390x/css: fix control flags during csch
From the beginning, css support contained an error in csch handling:
instead of setting the clear bit in the function control bits twice, we
need to set the clear pending bit in the activity control bits. Let's
fix this.
Cc: qemu-stable@nongnu.org
Reviewed-by: Cornelia Huck <cornelia.huck@de.ibm.com>
Signed-off-by: Halil Pasic <pasic@linux.vnet.ibm.com>
Signed-off-by: Cornelia Huck <cornelia.huck@de.ibm.com>
commit fba9110fee9fc438cfd9b6c1091bfda8710875b5
Author: Bo Tu <tubo@linux.vnet.ibm.com>
Date: Tue Jan 19 08:45:19 2016 +0100
watchdog/diag288: don't reset for action=none|debug|pause
If the watchdog expires and the guest is not notified (NONE, DEBUG, PAUSE),
we must not reset the watchdog device, otherwise watchdog_ping() and
watchdog_stop() will fail when triggered by the guest. This reset behavior
matches to the z/VM behavior when a custom command is to be executed
on expiry.
Reviewed-by: David Hildenbrand <dahi@linux.vnet.ibm.com>
Signed-off-by: Bo Tu <tubo@linux.vnet.ibm.com>
Signed-off-by: Cornelia Huck <cornelia.huck@de.ibm.com>
commit 0d035b6c5e8292b02045c372eea248298c0f2f62
Author: Bo Tu <tubo@linux.vnet.ibm.com>
Date: Tue Jan 19 08:34:41 2016 +0100
watchdog: introduction of get_watchdog_action
Add get_watchdog_action(void) to allow access to the configured action.
Reviewed-by: David Hildenbrand <dahi@linux.vnet.ibm.com>
Signed-off-by: Bo Tu <tubo@linux.vnet.ibm.com>
Signed-off-by: Cornelia Huck <cornelia.huck@de.ibm.com>
commit c81b4f896f2768a34d6e65e5f3e588515b10f631
Author: Song Shan Gong <gongss@linux.vnet.ibm.com>
Date: Tue Jan 19 02:55:00 2016 +0100
s390x: fix generation of event information crw
Only one channel report word (crw) may be pending if there is
event-information pending.
This patch introduces a bool-type field 'sei_pending' for the
channel subsystem, which indicates whether there are pending events.
It is set when event information is made pending and the crw
generated, and cleared after the guest has collected all pending
event information. A crw is not generated if this flag had already
been set.
Signed-off-by: Song Shan Gong <gongss@linux.vnet.ibm.com>
Reviewed-by: Cornelia Huck <cornelia.huck@de.ibm.com>
Signed-off-by: Cornelia Huck <cornelia.huck@de.ibm.com>
commit f70202be535b5601fd02c725dc1d74f3bfc5039c
Author: Pierre Morel <pmorel@linux.vnet.ibm.com>
Date: Thu Jan 14 13:29:53 2016 +0100
s390x/ioinst: set type and len for SEI response
If no event information is pending, the return code
is set to 0x0005 and the length of the response is
set to 8 bytes.
Signed-off-by: Pierre Morel <pmorel@linux.vnet.ibm.com>
Reviewed-by: Cornelia Huck <cornelia.huck@de.ibm.com>
Reviewed-by: Song Shan Gong <gongss@linux.vnet.ibm.com>
Cc: qemu-stable@nongnu.org
Signed-off-by: Cornelia Huck <cornelia.huck@de.ibm.com>
commit 8b638c43afa8d756d803a0ef6ef42213d612984f
Author: David Hildenbrand <dahi@linux.vnet.ibm.com>
Date: Mon Nov 23 13:03:08 2015 +0100
s390x/sclp: add device to the sysbus in sclp_realize
The init of a device should have no side effects. Therefore move
registering of the event facility into the realize function, so
multiple instances of the SCLP device can be created e.g. for
introspection.
Add some more detail as to why we have to add it to the sysbus
at all.
Suggested-by: Paolo Bonzini <pbonzini@redhat.com>
Signed-off-by: David Hildenbrand <dahi@linux.vnet.ibm.com>
Signed-off-by: Cornelia Huck <cornelia.huck@de.ibm.com>
commit 52c6cfb74908060c3d209fa4c9b2a62c3ff76ff2
Author: Christian Borntraeger <borntraeger@de.ibm.com>
Date: Tue Dec 8 09:22:52 2015 +0100
s390x/machine: make addon register fields static
No need to have them as global symbol.
Acked-by: Cornelia Huck <cornelia.huck@de.ibm.com>
Signed-off-by: Christian Borntraeger <borntraeger@de.ibm.com>
Signed-off-by: Cornelia Huck <cornelia.huck@de.ibm.com>
commit 2f2b0c66d950e374379434b88d6d48e8ad538609
Author: Christian Borntraeger <borntraeger@de.ibm.com>
Date: Tue Dec 8 09:16:27 2015 +0100
s390x/skeys: Fix instance and class size
fix a typo that messes up instance and class size.
Signed-off-by: Christian Borntraeger <borntraeger@de.ibm.com>
Reviewed-by: David Hildenbrand <dahi@linux.vnet.ibm.com>
Signed-off-by: Cornelia Huck <cornelia.huck@de.ibm.com>
^ permalink raw reply [flat|nested] only message in thread
only message in thread, other threads:[~2016-01-29 13:25 UTC | newest]
Thread overview: (only message) (download: mbox.gz follow: Atom feed
-- links below jump to the message on this page --
2016-01-29 13:25 [qemu-mainline baseline-only test] 38712: regressions - FAIL Platform Team regression test user
This is a public inbox, see mirroring instructions
for how to clone and mirror all data and code used for this inbox;
as well as URLs for NNTP newsgroup(s).