From mboxrd@z Thu Jan 1 00:00:00 1970 From: Platform Team regression test user Subject: [linux-3.16 baseline-only test] 38714: regressions - FAIL Date: Fri, 29 Jan 2016 19:00:07 +0000 Message-ID: Mime-Version: 1.0 Content-Type: multipart/mixed; boundary="===============8623195783504824186==" Return-path: List-Unsubscribe: , List-Post: List-Help: List-Subscribe: , Sender: xen-devel-bounces@lists.xen.org Errors-To: xen-devel-bounces@lists.xen.org To: xen-devel@lists.xensource.com, osstest-admin@xenproject.org List-Id: xen-devel@lists.xenproject.org --===============8623195783504824186== Content-Type: text/plain Content-Length: 17761 Content-Transfer-Encoding: quoted-printable This run is configured for baseline tests only. flight 38714 linux-3.16 real [real] http://osstest.xs.citrite.net/~osstest/testlogs/logs/38714/ Regressions :-( Tests which did not succeed and are blocking, including tests which could not be run: build-i386-rumpuserxen 6 xen-build fail REGR. vs. 38623 build-amd64-rumpuserxen 6 xen-build fail REGR. vs. 38623 test-amd64-amd64-xl 19 guest-start/debian.repeat fail REGR. vs. 38623 test-amd64-amd64-xl-xsm 19 guest-start/debian.repeat fail REGR. vs. 38623 Regressions which are regarded as allowable (not blocking): test-amd64-amd64-xl-credit2 17 guest-localmigrate/x10 fail like 38623 Tests which did not succeed, but are not blocking: test-amd64-amd64-rumpuserxen-amd64 1 build-check(1) blocked n/a test-amd64-i386-rumpuserxen-i386 1 build-check(1) blocked n/a test-amd64-amd64-xl-pvh-intel 11 guest-start fail never pass test-armhf-armhf-libvirt-xsm 12 migrate-support-check fail never pass test-armhf-armhf-libvirt-xsm 14 guest-saverestore fail never pass test-armhf-armhf-libvirt 14 guest-saverestore fail never pass test-armhf-armhf-libvirt 12 migrate-support-check fail never pass test-armhf-armhf-libvirt-qcow2 11 migrate-support-check fail never pass test-amd64-amd64-xl-pvh-amd 11 guest-start fail never pass test-armhf-armhf-libvirt-qcow2 13 guest-saverestore fail never pass test-armhf-armhf-xl-midway 13 saverestore-support-check fail never pass test-armhf-armhf-xl-midway 12 migrate-support-check fail never pass test-armhf-armhf-xl-credit2 13 saverestore-support-check fail never pass test-armhf-armhf-xl-credit2 12 migrate-support-check fail never pass test-armhf-armhf-xl 12 migrate-support-check fail never pass test-armhf-armhf-xl 13 saverestore-support-check fail never pass test-armhf-armhf-xl-multivcpu 13 saverestore-support-check fail never pass test-armhf-armhf-xl-multivcpu 12 migrate-support-check fail never pass test-armhf-armhf-libvirt-raw 13 guest-saverestore fail never pass test-armhf-armhf-libvirt-raw 11 migrate-support-check fail never pass test-armhf-armhf-xl-xsm 13 saverestore-support-check fail never pass test-armhf-armhf-xl-xsm 12 migrate-support-check fail never pass test-amd64-amd64-xl-multivcpu 17 guest-localmigrate/x10 fail never pass test-armhf-armhf-xl-rtds 13 saverestore-support-check fail never pass test-armhf-armhf-xl-rtds 12 migrate-support-check fail never pass test-amd64-amd64-libvirt-xsm 12 migrate-support-check fail never pass test-amd64-amd64-libvirt 12 migrate-support-check fail never pass test-amd64-i386-libvirt-xsm 12 migrate-support-check fail never pass test-armhf-armhf-xl-vhd 11 migrate-support-check fail never pass test-armhf-armhf-xl-vhd 12 saverestore-support-check fail never pass test-amd64-amd64-xl-rtds 17 guest-localmigrate/x10 fail never pass test-amd64-i386-libvirt 12 migrate-support-check fail never pass test-amd64-i386-libvirt-qemuu-debianhvm-amd64-xsm 10 migrate-support-check fail never pass test-amd64-amd64-libvirt-vhd 11 migrate-support-check fail never pass test-amd64-i386-xl-qemuu-win7-amd64 16 guest-stop fail never pass test-amd64-amd64-xl-qemuu-win7-amd64 16 guest-stop fail never pass test-amd64-amd64-qemuu-nested-amd 16 debian-hvm-install/l1/l2 fail never pass test-amd64-amd64-libvirt-qemuu-debianhvm-amd64-xsm 10 migrate-support-check fail never pass test-amd64-i386-xl-qemut-win7-amd64 16 guest-stop fail never pass test-amd64-amd64-xl-qemut-win7-amd64 16 guest-stop fail never pass version targeted for testing: linux 3c702e47ca83e03824e5dc0358438d3805161102 baseline version: linux c5305f04d7b78f16586a5fbce2690c57a855f5cf Last test of basis 38623 2016-01-12 07:36:39 Z 17 days Testing same since 38714 2016-01-29 11:27:17 Z 0 days 1 attempts ------------------------------------------------------------ People who touched revisions under test: "Suzuki K. Poulose" Al Viro Alan Stern Alex Deucher Alex Thorlton Alexandru Cornea Alexei Starovoitov Alexey Khoroshilov Andrea Arcangeli Andrew Banman Andrew Morton Andrey Ryabinin Anson Huang Anssi Hannula Arnaldo Carvalho de Melo Arnd Bergmann Ashok Raj Ben Hutchings Benjamin Coddington Benjamin Herrenschmidt Borislav Petkov Charles Keepax Chris Wilson Chunfeng Yun Colin Ian King Corey Minyard Dan Carpenter Dan Williams Daniel Borkmann Daniel J Blueman Daniel Mentz Daniel Vetter Daniele Palmas Dave Airlie David Henningsson David Howells David Rientjes David S. Miller David Turner David Vrabel Dmitry Katsubo Dmitry V. Levin Don Zickus Doug Ledford Eran Ben Elisha Eric Anholt Eric Dumazet Eugenia Emantayev Felipe Balbi Francesco Ruggeri Francesco Ruggeri Geert Uytterhoeven Greg Kroah-Hartman Guillaume Delbergue Hannes Frederic Sowa Hans de Goede Hans Yang Helge Deller Herbert Xu Hillf Danton Hui Wang Ingo Molnar Jacob Pan James Bottomley James Hogan James Morris James Morse Jan Beulich Jan Kara Jan Stancek Jani Nikula Jarod Wilson Jason A. Donenfeld Jean Delvare Jens Axboe Joe Thornber Johan Hovold Johannes Berg Jonas Jonsson Jonathan Cameron Joseph Qi Junxiao Bi Kamal Mostafa Ken Xue Kirill A. Shutemov Konrad Rzeszutek Wilk Konstantin Shkolnyy Krzysztof Ha=C5=82asa Linus Torvalds Linus Walleij Luis Henriques Mans Rullgard Marina Varshaver Mario Kleiner Mark Brown Martin K. Petersen Martin Schwidefsky Mathias Nyman Matt Fleming Maxime Ripard Michael Ellerman Michael Holzheu Michael S. Tsirkin Michal Hocko Mike Snitzer Miklos Szeredi Mikulas Patocka Naoya Horiguchi Neelesh Gupta NeilBrown Nikesh Oswal Oded Gabbay Olliver Schinagl Or Gerlitz Paolo Bonzini Paul Bolle Paul Mackerras Paul Mackerras Pavel Machek Pavel Tikhomirov Peter Hurley Peter Zijlstra (Intel) Peter Zijlstra Prarit Bhargava Qiu Peiyang Rabin Vincent Rafael J. Wysocki Ralf Baechle Robert Jarzmik Roger Pau Monn=C3=A9 Roman Gushchin Roman Volkov Ross Lagerwall Russell King Rusty Russell Sagi Grimberg Sergei Shtylyov Seth Jennings Shawn Guo Srinivas Eeda Stefan Wahren Stephen Warren Steven Rostedt (Red Hat) Steven Rostedt Stewart Smith Suman Anna Takashi Iwai Tejun Heo Tetsuo Handa Theodore Ts'o Thomas Gleixner Thomas Hellstrom Thomas Richter Tilman Schmidt Tim Harvey Timur Tabi Tobias Klauser Tomi Valkeinen Tony Camuso Trond Myklebust Vineet Gupta Vinod Koul Wang Dongsheng Wolfram Sang Xiangliang Yu Xiong Zhang Yevgeny Pats YOSHIFUJI Hideaki jobs: build-amd64-xsm pass build-armhf-xsm pass build-i386-xsm pass build-amd64 pass build-armhf pass build-i386 pass build-amd64-libvirt pass build-armhf-libvirt pass build-i386-libvirt pass build-amd64-pvops pass build-armhf-pvops pass build-i386-pvops pass build-amd64-rumpuserxen fail build-i386-rumpuserxen fail test-amd64-amd64-xl fail test-armhf-armhf-xl pass test-amd64-i386-xl pass test-amd64-amd64-xl-qemut-debianhvm-amd64-xsm pass test-amd64-i386-xl-qemut-debianhvm-amd64-xsm pass test-amd64-amd64-libvirt-qemuu-debianhvm-amd64-xsm pass test-amd64-i386-libvirt-qemuu-debianhvm-amd64-xsm pass test-amd64-amd64-xl-qemuu-debianhvm-amd64-xsm pass test-amd64-i386-xl-qemuu-debianhvm-amd64-xsm pass test-amd64-amd64-xl-qemut-stubdom-debianhvm-amd64-xsm pass test-amd64-i386-xl-qemut-stubdom-debianhvm-amd64-xsm pass test-amd64-amd64-libvirt-xsm pass test-armhf-armhf-libvirt-xsm fail test-amd64-i386-libvirt-xsm pass test-amd64-amd64-xl-xsm fail test-armhf-armhf-xl-xsm pass test-amd64-i386-xl-xsm pass test-amd64-amd64-qemuu-nested-amd fail test-amd64-amd64-xl-pvh-amd fail test-amd64-i386-qemut-rhel6hvm-amd pass test-amd64-i386-qemuu-rhel6hvm-amd pass test-amd64-amd64-xl-qemut-debianhvm-amd64 pass test-amd64-i386-xl-qemut-debianhvm-amd64 pass test-amd64-amd64-xl-qemuu-debianhvm-amd64 pass test-amd64-i386-xl-qemuu-debianhvm-amd64 pass test-amd64-i386-freebsd10-amd64 pass test-amd64-amd64-xl-qemuu-ovmf-amd64 pass test-amd64-i386-xl-qemuu-ovmf-amd64 pass test-amd64-amd64-rumpuserxen-amd64 blocked test-amd64-amd64-xl-qemut-win7-amd64 fail test-amd64-i386-xl-qemut-win7-amd64 fail test-amd64-amd64-xl-qemuu-win7-amd64 fail test-amd64-i386-xl-qemuu-win7-amd64 fail test-amd64-amd64-xl-credit2 fail test-armhf-armhf-xl-credit2 pass test-amd64-i386-freebsd10-i386 pass test-amd64-i386-rumpuserxen-i386 blocked test-amd64-amd64-qemuu-nested-intel pass test-amd64-amd64-xl-pvh-intel fail test-amd64-i386-qemut-rhel6hvm-intel pass test-amd64-i386-qemuu-rhel6hvm-intel pass test-amd64-amd64-libvirt pass test-armhf-armhf-libvirt fail test-amd64-i386-libvirt pass test-armhf-armhf-xl-midway pass test-amd64-amd64-xl-multivcpu fail test-armhf-armhf-xl-multivcpu pass test-amd64-amd64-pair pass test-amd64-i386-pair pass test-amd64-amd64-libvirt-pair pass test-amd64-i386-libvirt-pair pass test-amd64-amd64-amd64-pvgrub pass test-amd64-amd64-i386-pvgrub pass test-amd64-amd64-pygrub pass test-armhf-armhf-libvirt-qcow2 fail test-amd64-amd64-xl-qcow2 pass test-armhf-armhf-libvirt-raw fail test-amd64-i386-xl-raw pass test-amd64-amd64-xl-rtds fail test-armhf-armhf-xl-rtds pass test-amd64-i386-xl-qemut-winxpsp3-vcpus1 pass test-amd64-i386-xl-qemuu-winxpsp3-vcpus1 pass test-amd64-amd64-libvirt-vhd pass test-armhf-armhf-xl-vhd pass test-amd64-amd64-xl-qemut-winxpsp3 pass test-amd64-i386-xl-qemut-winxpsp3 pass test-amd64-amd64-xl-qemuu-winxpsp3 pass test-amd64-i386-xl-qemuu-winxpsp3 pass ------------------------------------------------------------ sg-report-flight on osstest.xs.citrite.net logs: /home/osstest/logs images: /home/osstest/images Logs, config files, etc. are available at http://osstest.xs.citrite.net/~osstest/testlogs/logs Test harness code can be found at http://xenbits.xensource.com/gitweb=3Fp=3Dosstest.git;a=3Dsummary Push not applicable. (No revision log; it would be 3570 lines long.) --===============8623195783504824186== Content-Type: text/plain; charset="us-ascii" MIME-Version: 1.0 Content-Transfer-Encoding: 7bit Content-Disposition: inline _______________________________________________ Xen-devel mailing list Xen-devel@lists.xen.org http://lists.xen.org/xen-devel --===============8623195783504824186==--