From mboxrd@z Thu Jan 1 00:00:00 1970 From: Platform Team regression test user Subject: [linux-3.16 baseline-only test] 38735: regressions - FAIL Date: Thu, 11 Feb 2016 04:41:24 +0000 Message-ID: Mime-Version: 1.0 Content-Type: multipart/mixed; boundary="===============8945760240338488607==" Return-path: List-Unsubscribe: , List-Post: List-Help: List-Subscribe: , Sender: xen-devel-bounces@lists.xen.org Errors-To: xen-devel-bounces@lists.xen.org To: xen-devel@lists.xensource.com, osstest-admin@xenproject.org List-Id: xen-devel@lists.xenproject.org --===============8945760240338488607== Content-Type: text/plain Content-Length: 20170 Content-Transfer-Encoding: quoted-printable This run is configured for baseline tests only. flight 38735 linux-3.16 real [real] http://osstest.xs.citrite.net/~osstest/testlogs/logs/38735/ Regressions :-( Tests which did not succeed and are blocking, including tests which could not be run: test-armhf-armhf-xl-midway 15 guest-start/debian.repeat fail REGR. vs. 38714 test-amd64-amd64-qemuu-nested-intel 13 xen-boot/l1 fail REGR. vs. 38714 Regressions which are regarded as allowable (not blocking): build-i386-rumpuserxen 6 xen-build fail like 38714 build-amd64-rumpuserxen 6 xen-build fail like 38714 test-amd64-amd64-xl-xsm 19 guest-start/debian.repeat fail like 38714 test-amd64-amd64-xl-credit2 17 guest-localmigrate/x10 fail like 38714 test-amd64-amd64-xl 19 guest-start/debian.repeat fail like 38714 Tests which did not succeed, but are not blocking: test-amd64-amd64-rumpuserxen-amd64 1 build-check(1) blocked n/a test-amd64-i386-rumpuserxen-i386 1 build-check(1) blocked n/a test-amd64-amd64-xl-pvh-intel 11 guest-start fail never pass test-armhf-armhf-libvirt 14 guest-saverestore fail never pass test-armhf-armhf-libvirt 12 migrate-support-check fail never pass test-armhf-armhf-libvirt-xsm 12 migrate-support-check fail never pass test-armhf-armhf-libvirt-xsm 14 guest-saverestore fail never pass test-armhf-armhf-libvirt-qcow2 11 migrate-support-check fail never pass test-armhf-armhf-libvirt-qcow2 13 guest-saverestore fail never pass test-armhf-armhf-xl-midway 13 saverestore-support-check fail never pass test-armhf-armhf-xl-midway 12 migrate-support-check fail never pass test-armhf-armhf-xl-credit2 13 saverestore-support-check fail never pass test-armhf-armhf-xl-credit2 12 migrate-support-check fail never pass test-amd64-amd64-xl-pvh-amd 11 guest-start fail never pass test-armhf-armhf-libvirt-raw 13 guest-saverestore fail never pass test-armhf-armhf-libvirt-raw 11 migrate-support-check fail never pass test-armhf-armhf-xl 12 migrate-support-check fail never pass test-armhf-armhf-xl 13 saverestore-support-check fail never pass test-armhf-armhf-xl-multivcpu 13 saverestore-support-check fail never pass test-armhf-armhf-xl-multivcpu 12 migrate-support-check fail never pass test-armhf-armhf-xl-xsm 13 saverestore-support-check fail never pass test-armhf-armhf-xl-xsm 12 migrate-support-check fail never pass test-amd64-amd64-xl-multivcpu 17 guest-localmigrate/x10 fail never pass test-armhf-armhf-xl-rtds 13 saverestore-support-check fail never pass test-armhf-armhf-xl-rtds 12 migrate-support-check fail never pass test-amd64-amd64-libvirt-xsm 12 migrate-support-check fail never pass test-amd64-amd64-libvirt 12 migrate-support-check fail never pass test-amd64-i386-libvirt-xsm 12 migrate-support-check fail never pass test-armhf-armhf-xl-vhd 11 migrate-support-check fail never pass test-armhf-armhf-xl-vhd 12 saverestore-support-check fail never pass test-amd64-amd64-xl-rtds 17 guest-localmigrate/x10 fail never pass test-amd64-i386-libvirt 12 migrate-support-check fail never pass test-amd64-i386-xl-qemuu-win7-amd64 16 guest-stop fail never pass test-amd64-i386-libvirt-qemuu-debianhvm-amd64-xsm 10 migrate-support-check fail never pass test-amd64-amd64-xl-qemuu-win7-amd64 16 guest-stop fail never pass test-amd64-amd64-qemuu-nested-amd 16 debian-hvm-install/l1/l2 fail never pass test-amd64-amd64-libvirt-vhd 11 migrate-support-check fail never pass test-amd64-amd64-libvirt-qemuu-debianhvm-amd64-xsm 10 migrate-support-check fail never pass test-amd64-i386-xl-qemut-win7-amd64 16 guest-stop fail never pass test-amd64-amd64-xl-qemut-win7-amd64 16 guest-stop fail never pass version targeted for testing: linux 752289d006578baafcbf6dc5b2a0b0fc38c8b1c7 baseline version: linux 3c702e47ca83e03824e5dc0358438d3805161102 Last test of basis 38714 2016-01-29 11:27:17 Z 12 days Testing same since 38735 2016-02-10 21:21:20 Z 0 days 1 attempts ------------------------------------------------------------ People who touched revisions under test: "J. Bruce Fields" Aaron Conole Acked-by: David Howells Adrian Hunter Al Viro Alex Deucher Alexei Starovoitov Alexey Charkov Alexey Khoroshilov Andrew Elble Andrew Gabbasov Andrew Morton Andy Gospodarek Andy Lutomirski Andy Shevchenko Ani Sinha Anna Schumaker Antonio Ospite Antonio Quartulli Antonio Quartulli Ard Biesheuvel Arnaldo Carvalho de Melo Arnd Bergmann Ashish Panwar Aur=C3=A9lien Francillon Bart Van Assche Ben Skeggs Benjamin Tissoires Bjorn Helgaas Boqun Feng Boris Brezillon Borislav Petkov Brian Norris Bruno Bierbaumer Catalin Marinas Charles Ouyang Christoph Biedl Chuanxiao Dong Cong Wang D. Jeff Dionne Dan Carpenter Dan Streetman Dan Streetman Daniel Borkmann Daniel Lezcano Daniel Vetter Darren Hart Darrick J. Wong Dave Chinner Dave Chinner David Gibson David S. Miller David Sterba David Vrabel Dinh Nguyen Dmitry Torokhov Dmitry Tunin Dmitry V. Levin Dmitry Vyukov Doug Ledford Emmanuel Grumbach Eric Dumazet Eric W. Biederman Eric Wheeler Evan Jones Florian Westphal Gabriel de Perthuis Gabriel Fernandez Geert Uytterhoeven Greg Kroah-Hartman Grygorii Strashko Guenter Roeck H. Peter Anvin H.J. Lu Hannes Frederic Sowa Hans de Goede Hans Verkuil Heiko Carstens Helge Deller Herbert Xu Ian Campbell Ido Schimmel Igor Grinberg Ingo Molnar Ioan-Adrian Ratiu Ivaylo Dimitrov Jamie Bainbridge Jan Beulich Jan Kara Jan Kara Jani Nikula Jay Vosburgh Jean Delvare Jeff Layton Jens Axboe Jiri Kosina Jiri Pirko Jiufei Xue Joe Jin Johan Hovold John Blackwood John Stultz Josh Boyer Joshua Schmid Junjie Mao Kalle Valo Kamal Mostafa Karl Heiss Kees Cook Kent Overstreet Kent Overstreet Kyeongdon Kim Larry Finger Laura Abbott Laurent Vivier Linus L=C3=BCssing Linus Torvalds Linus Walleij Loc Ho Lorenzo Pieralisi Lucas Stach (for imx6) lucien Luis Henriques Lukas Wunner Malcolm Priestley Mans Rullgard Marcel Holtmann Marcelo Ricardo Leitner Marek Lindner Mario Kleiner Mark Brown Martijn Coenen Martin K. Petersen Martin Schwidefsky Matan Barak Mauro Carvalho Chehab Michael Ellerman Michael S. Tsirkin Michal Hocko Michal Marek Micka=C3=ABl Sala=C3=BCn Mike Marciniszyn Mike Snitzer Mikulas Patocka Minchan Kim Ming Lei Moni Shoua Namhyung Kim Naoya Horiguchi Neal Cardwell Nicholas Bellinger Nicolas Boichat Nicolas Dichtel Nikolay Aleksandrov Nikolay Borisov Oliver Freyermuth Oliver Neukum Oren Givon Ouyang Zhaowei (Charles) Paolo Bonzini Paul E. McKenney Paul Hordiienko Pawel Wodkowski Peter Wu Peter Zijlstra (Intel) Pierre Moreau Rabin Vincent Rabin Vincent Rafael Aquini Rich Felker Richard Cochran Richard Weinberger Rob Landley Roman Volkov Russell King Santosh Shilimkar Sasha Levin Sebastian Reichel Sergey Senozhatsky Sergey Senozhatsky Shirish Pargaonkar Shuah Khan Simon Horman Simon Wunderlich Stefan Bader Stefan Wahren Steffen Klassert Stephane Eranian Stephen Boyd Steve French Steve French Steven Rostedt Sudip Mukherjee Sudip Mukherjee Sven Eckelmann Takashi Iwai Tariq Saeed Tejun Heo Thomas Gleixner Trond Myklebust Ulf Hansson Ulrich Weigand Uri Mashiach Vasily Averin Vegard Nossum Vijay Pandurangan Vinit Agnihotri Vinod Koul Vitaly Kuznetsov Vlad Yasevich Wei Liu Will Deacon William Brown Willy Tarreau Xin Long xuejiufei Yoshinori Sato Yuchung Cheng Zheng Liu Zheng Liu jobs: build-amd64-xsm pass build-armhf-xsm pass build-i386-xsm pass build-amd64 pass build-armhf pass build-i386 pass build-amd64-libvirt pass build-armhf-libvirt pass build-i386-libvirt pass build-amd64-pvops pass build-armhf-pvops pass build-i386-pvops pass build-amd64-rumpuserxen fail build-i386-rumpuserxen fail test-amd64-amd64-xl fail test-armhf-armhf-xl pass test-amd64-i386-xl pass test-amd64-amd64-xl-qemut-debianhvm-amd64-xsm pass test-amd64-i386-xl-qemut-debianhvm-amd64-xsm pass test-amd64-amd64-libvirt-qemuu-debianhvm-amd64-xsm pass test-amd64-i386-libvirt-qemuu-debianhvm-amd64-xsm pass test-amd64-amd64-xl-qemuu-debianhvm-amd64-xsm pass test-amd64-i386-xl-qemuu-debianhvm-amd64-xsm pass test-amd64-amd64-xl-qemut-stubdom-debianhvm-amd64-xsm pass test-amd64-i386-xl-qemut-stubdom-debianhvm-amd64-xsm pass test-amd64-amd64-libvirt-xsm pass test-armhf-armhf-libvirt-xsm fail test-amd64-i386-libvirt-xsm pass test-amd64-amd64-xl-xsm fail test-armhf-armhf-xl-xsm pass test-amd64-i386-xl-xsm pass test-amd64-amd64-qemuu-nested-amd fail test-amd64-amd64-xl-pvh-amd fail test-amd64-i386-qemut-rhel6hvm-amd pass test-amd64-i386-qemuu-rhel6hvm-amd pass test-amd64-amd64-xl-qemut-debianhvm-amd64 pass test-amd64-i386-xl-qemut-debianhvm-amd64 pass test-amd64-amd64-xl-qemuu-debianhvm-amd64 pass test-amd64-i386-xl-qemuu-debianhvm-amd64 pass test-amd64-i386-freebsd10-amd64 pass test-amd64-amd64-xl-qemuu-ovmf-amd64 pass test-amd64-i386-xl-qemuu-ovmf-amd64 pass test-amd64-amd64-rumpuserxen-amd64 blocked test-amd64-amd64-xl-qemut-win7-amd64 fail test-amd64-i386-xl-qemut-win7-amd64 fail test-amd64-amd64-xl-qemuu-win7-amd64 fail test-amd64-i386-xl-qemuu-win7-amd64 fail test-amd64-amd64-xl-credit2 fail test-armhf-armhf-xl-credit2 pass test-amd64-i386-freebsd10-i386 pass test-amd64-i386-rumpuserxen-i386 blocked test-amd64-amd64-qemuu-nested-intel fail test-amd64-amd64-xl-pvh-intel fail test-amd64-i386-qemut-rhel6hvm-intel pass test-amd64-i386-qemuu-rhel6hvm-intel pass test-amd64-amd64-libvirt pass test-armhf-armhf-libvirt fail test-amd64-i386-libvirt pass test-armhf-armhf-xl-midway fail test-amd64-amd64-xl-multivcpu fail test-armhf-armhf-xl-multivcpu pass test-amd64-amd64-pair pass test-amd64-i386-pair pass test-amd64-amd64-libvirt-pair pass test-amd64-i386-libvirt-pair pass test-amd64-amd64-amd64-pvgrub pass test-amd64-amd64-i386-pvgrub pass test-amd64-amd64-pygrub pass test-armhf-armhf-libvirt-qcow2 fail test-amd64-amd64-xl-qcow2 pass test-armhf-armhf-libvirt-raw fail test-amd64-i386-xl-raw pass test-amd64-amd64-xl-rtds fail test-armhf-armhf-xl-rtds pass test-amd64-i386-xl-qemut-winxpsp3-vcpus1 pass test-amd64-i386-xl-qemuu-winxpsp3-vcpus1 pass test-amd64-amd64-libvirt-vhd pass test-armhf-armhf-xl-vhd pass test-amd64-amd64-xl-qemut-winxpsp3 pass test-amd64-i386-xl-qemut-winxpsp3 pass test-amd64-amd64-xl-qemuu-winxpsp3 pass test-amd64-i386-xl-qemuu-winxpsp3 pass ------------------------------------------------------------ sg-report-flight on osstest.xs.citrite.net logs: /home/osstest/logs images: /home/osstest/images Logs, config files, etc. are available at http://osstest.xs.citrite.net/~osstest/testlogs/logs Test harness code can be found at http://xenbits.xensource.com/gitweb=3Fp=3Dosstest.git;a=3Dsummary Push not applicable. (No revision log; it would be 5374 lines long.) --===============8945760240338488607== Content-Type: text/plain; charset="us-ascii" MIME-Version: 1.0 Content-Transfer-Encoding: 7bit Content-Disposition: inline _______________________________________________ Xen-devel mailing list Xen-devel@lists.xen.org http://lists.xen.org/xen-devel --===============8945760240338488607==--