* [xen-unstable baseline-only test] 38736: tolerable FAIL
@ 2016-02-11 11:50 Platform Team regression test user
0 siblings, 0 replies; only message in thread
From: Platform Team regression test user @ 2016-02-11 11:50 UTC (permalink / raw)
To: xen-devel, osstest-admin
This run is configured for baseline tests only.
flight 38736 xen-unstable real [real]
http://osstest.xs.citrite.net/~osstest/testlogs/logs/38736/
Failures :-/ but no regressions.
Regressions which are regarded as allowable (not blocking):
build-amd64-rumpuserxen 6 xen-build fail like 38729
build-i386-rumpuserxen 6 xen-build fail like 38729
test-amd64-amd64-xl-credit2 19 guest-start/debian.repeat fail like 38729
test-amd64-i386-xl-qemuu-win7-amd64 16 guest-stop fail like 38729
Tests which did not succeed, but are not blocking:
test-amd64-amd64-rumpuserxen-amd64 1 build-check(1) blocked n/a
test-amd64-i386-rumpuserxen-i386 1 build-check(1) blocked n/a
test-armhf-armhf-libvirt 14 guest-saverestore fail never pass
test-armhf-armhf-libvirt 12 migrate-support-check fail never pass
test-amd64-amd64-xl-pvh-amd 11 guest-start fail never pass
test-amd64-amd64-xl-pvh-intel 11 guest-start fail never pass
test-armhf-armhf-libvirt-raw 13 guest-saverestore fail never pass
test-armhf-armhf-libvirt-raw 11 migrate-support-check fail never pass
test-armhf-armhf-xl-midway 13 saverestore-support-check fail never pass
test-armhf-armhf-xl-midway 12 migrate-support-check fail never pass
test-armhf-armhf-xl-credit2 13 saverestore-support-check fail never pass
test-armhf-armhf-xl-credit2 12 migrate-support-check fail never pass
test-armhf-armhf-xl-xsm 13 saverestore-support-check fail never pass
test-armhf-armhf-xl-xsm 12 migrate-support-check fail never pass
test-armhf-armhf-xl-multivcpu 13 saverestore-support-check fail never pass
test-armhf-armhf-xl-multivcpu 12 migrate-support-check fail never pass
test-armhf-armhf-xl 12 migrate-support-check fail never pass
test-armhf-armhf-xl 13 saverestore-support-check fail never pass
test-armhf-armhf-xl-rtds 13 saverestore-support-check fail never pass
test-armhf-armhf-xl-rtds 12 migrate-support-check fail never pass
test-amd64-i386-libvirt-xsm 12 migrate-support-check fail never pass
test-amd64-i386-libvirt 12 migrate-support-check fail never pass
test-amd64-amd64-libvirt 12 migrate-support-check fail never pass
test-armhf-armhf-xl-vhd 11 migrate-support-check fail never pass
test-armhf-armhf-xl-vhd 12 saverestore-support-check fail never pass
test-amd64-amd64-libvirt-xsm 12 migrate-support-check fail never pass
test-amd64-i386-libvirt-qemuu-debianhvm-amd64-xsm 10 migrate-support-check fail never pass
test-amd64-amd64-qemuu-nested-amd 16 debian-hvm-install/l1/l2 fail never pass
test-armhf-armhf-libvirt-xsm 12 migrate-support-check fail never pass
test-armhf-armhf-libvirt-xsm 14 guest-saverestore fail never pass
test-amd64-amd64-xl-qemut-win7-amd64 16 guest-stop fail never pass
test-amd64-amd64-libvirt-qemuu-debianhvm-amd64-xsm 10 migrate-support-check fail never pass
test-armhf-armhf-libvirt-qcow2 11 migrate-support-check fail never pass
test-armhf-armhf-libvirt-qcow2 13 guest-saverestore fail never pass
test-amd64-i386-xl-qemut-win7-amd64 16 guest-stop fail never pass
test-amd64-amd64-xl-qemuu-win7-amd64 16 guest-stop fail never pass
test-amd64-amd64-libvirt-vhd 11 migrate-support-check fail never pass
version targeted for testing:
xen 483ad4439f7fc71e12d46dae516f2b9ab2b977ad
baseline version:
xen 1ac81bb7166b79b6555290547d4effff305c74d0
Last test of basis 38729 2016-02-07 18:50:01 Z 3 days
Testing same since 38736 2016-02-11 01:54:56 Z 0 days 1 attempts
------------------------------------------------------------
People who touched revisions under test:
Anthony PERARD <anthony.perard@citrix.com>
Dario Faggioli <dario.faggioli@citrix.com>
George Dunlap <george.dunlap@citrix.com>
Ian Campbell <ian.campbell@citrix.com>
Juergen Gross <jgross@suse.com>
Razvan Cojocaru <rcojocaru@bitdefender.com>
Tamas K Lengyel <tlengyel@novetta.com>
jobs:
build-amd64-xsm pass
build-armhf-xsm pass
build-i386-xsm pass
build-amd64 pass
build-armhf pass
build-i386 pass
build-amd64-libvirt pass
build-armhf-libvirt pass
build-i386-libvirt pass
build-amd64-oldkern pass
build-i386-oldkern pass
build-amd64-prev pass
build-i386-prev pass
build-amd64-pvops pass
build-armhf-pvops pass
build-i386-pvops pass
build-amd64-rumpuserxen fail
build-i386-rumpuserxen fail
test-amd64-amd64-xl pass
test-armhf-armhf-xl pass
test-amd64-i386-xl pass
test-amd64-amd64-xl-qemut-debianhvm-amd64-xsm pass
test-amd64-i386-xl-qemut-debianhvm-amd64-xsm pass
test-amd64-amd64-libvirt-qemuu-debianhvm-amd64-xsm pass
test-amd64-i386-libvirt-qemuu-debianhvm-amd64-xsm pass
test-amd64-amd64-xl-qemuu-debianhvm-amd64-xsm pass
test-amd64-i386-xl-qemuu-debianhvm-amd64-xsm pass
test-amd64-amd64-xl-qemut-stubdom-debianhvm-amd64-xsm pass
test-amd64-i386-xl-qemut-stubdom-debianhvm-amd64-xsm pass
test-amd64-amd64-libvirt-xsm pass
test-armhf-armhf-libvirt-xsm fail
test-amd64-i386-libvirt-xsm pass
test-amd64-amd64-xl-xsm pass
test-armhf-armhf-xl-xsm pass
test-amd64-i386-xl-xsm pass
test-amd64-amd64-qemuu-nested-amd fail
test-amd64-amd64-xl-pvh-amd fail
test-amd64-i386-qemut-rhel6hvm-amd pass
test-amd64-i386-qemuu-rhel6hvm-amd pass
test-amd64-amd64-xl-qemut-debianhvm-amd64 pass
test-amd64-i386-xl-qemut-debianhvm-amd64 pass
test-amd64-amd64-xl-qemuu-debianhvm-amd64 pass
test-amd64-i386-xl-qemuu-debianhvm-amd64 pass
test-amd64-i386-freebsd10-amd64 pass
test-amd64-amd64-xl-qemuu-ovmf-amd64 pass
test-amd64-i386-xl-qemuu-ovmf-amd64 pass
test-amd64-amd64-rumpuserxen-amd64 blocked
test-amd64-amd64-xl-qemut-win7-amd64 fail
test-amd64-i386-xl-qemut-win7-amd64 fail
test-amd64-amd64-xl-qemuu-win7-amd64 fail
test-amd64-i386-xl-qemuu-win7-amd64 fail
test-amd64-amd64-xl-credit2 fail
test-armhf-armhf-xl-credit2 pass
test-amd64-i386-freebsd10-i386 pass
test-amd64-i386-rumpuserxen-i386 blocked
test-amd64-amd64-qemuu-nested-intel pass
test-amd64-amd64-xl-pvh-intel fail
test-amd64-i386-qemut-rhel6hvm-intel pass
test-amd64-i386-qemuu-rhel6hvm-intel pass
test-amd64-amd64-libvirt pass
test-armhf-armhf-libvirt fail
test-amd64-i386-libvirt pass
test-armhf-armhf-xl-midway pass
test-amd64-amd64-migrupgrade pass
test-amd64-i386-migrupgrade pass
test-amd64-amd64-xl-multivcpu pass
test-armhf-armhf-xl-multivcpu pass
test-amd64-amd64-pair pass
test-amd64-i386-pair pass
test-amd64-amd64-libvirt-pair pass
test-amd64-i386-libvirt-pair pass
test-amd64-amd64-amd64-pvgrub pass
test-amd64-amd64-i386-pvgrub pass
test-amd64-amd64-pygrub pass
test-armhf-armhf-libvirt-qcow2 fail
test-amd64-amd64-xl-qcow2 pass
test-armhf-armhf-libvirt-raw fail
test-amd64-i386-xl-raw pass
test-amd64-amd64-xl-rtds pass
test-armhf-armhf-xl-rtds pass
test-amd64-i386-xl-qemut-winxpsp3-vcpus1 pass
test-amd64-i386-xl-qemuu-winxpsp3-vcpus1 pass
test-amd64-amd64-libvirt-vhd pass
test-armhf-armhf-xl-vhd pass
test-amd64-amd64-xl-qemut-winxpsp3 pass
test-amd64-i386-xl-qemut-winxpsp3 pass
test-amd64-amd64-xl-qemuu-winxpsp3 pass
test-amd64-i386-xl-qemuu-winxpsp3 pass
------------------------------------------------------------
sg-report-flight on osstest.xs.citrite.net
logs: /home/osstest/logs
images: /home/osstest/images
Logs, config files, etc. are available at
http://osstest.xs.citrite.net/~osstest/testlogs/logs
Test harness code can be found at
http://xenbits.xensource.com/gitweb?p=osstest.git;a=summary
Push not applicable.
------------------------------------------------------------
commit 483ad4439f7fc71e12d46dae516f2b9ab2b977ad
Author: Tamas K Lengyel <tlengyel@novetta.com>
Date: Fri Feb 5 14:22:20 2016 -0700
xen-access: minor fixes
Only copy the VCPU_PAUSED flag to the response. Copy the entire mem_access
struct which is useful and easily forgotten when also testing the emulate
response flags. Turn off singlestepping on the vCPUs once we are done
processing all events, as we might have turned on singlestep there and leave
the VM in an undesirable state.
Signed-off-by: Tamas K Lengyel <tlengyel@novetta.com>
Cc: Razvan Cojocaru <rcojocaru@bitdefender.com>
Cc: Ian Jackson <ian.jackson@eu.citrix.com>
Cc: Stefano Stabellini <stefano.stabellini@eu.citrix.com>
Cc: Ian Campbell <ian.campbell@citrix.com>
Cc: Wei Liu <wei.liu2@citrix.com>
Acked-by: Razvan Cojocaru <rcojocaru@bitdefender.com>
commit fe52f6a47ed09cf0e6a760e0858bdbb6bf71ceb2
Author: Juergen Gross <jgross@suse.com>
Date: Mon Feb 8 15:23:52 2016 +0100
libxc: correct memory range check in domain builder
Commit 81a76e4b12961a9f54f5021809074196dfe6dbba ("libxc: rework of
domain builder's page table handler") introduced a regression with
checking the required memory size of the domain. The needed maximum pfn
of the initial kernel mapping was added to the currently last used pfn
resulting in doubling the estimated memory need.
Correct the calculation of the last needed pfn to enable booting of
small domains again.
Reported-by: Anthony Perard <anthony.perard@citrix.com>
Signed-off-by: Juergen Gross <jgross@suse.com>
Tested-by: Anthony PERARD <anthony.perard@citrix.com>
Acked-by: Ian Campbell <ian.campbell@citrix.com>
commit fb24954e51e21583241f2ce93db40f4057823066
Author: Dario Faggioli <dario.faggioli@citrix.com>
Date: Sat Feb 6 03:00:52 2016 +0100
xl: use bool type for flags instead of int
in schedulers' command handlers.
No functional change intended.
Signed-off-by: Dario Faggioli <dario.faggioli@citrix.com>
Acked-by: George Dunlap <george.dunlap@citrix.com>
Acked-by: Ian Campbell <ian.campbell@citrix.com>
commit c9c430df0062e0f6a1d95c5d3eb8af267183c6f0
Author: Tamas K Lengyel <tlengyel@novetta.com>
Date: Fri Feb 5 14:20:16 2016 -0700
vm_event: Fix regression caused by b701ccc8
When xc_map_foreign_batch got deprecated reinitializing vm_event on a domain
where an event listener was previously active broke as it relied on the flag
XEN_DOMCTL_PFINFO_XTAB to indicate that the magic page is not in the physmap.
Manually check the gpfn type, add it to the physmap if needed, and only then
try to map it.
Signed-off-by: Tamas K Lengyel <tlengyel@novetta.com>
Cc: Ian Jackson <ian.jackson@eu.citrix.com>
Cc: Stefano Stabellini <stefano.stabellini@eu.citrix.com>
Cc: Ian Campbell <ian.campbell@citrix.com>
Cc: Wei Liu <wei.liu2@citrix.com>
Cc: Andrew Cooper <andrew.cooper3@citrix.com>
Acked-by: Ian Campbell <ian.campbell@citrix.com>
(qemu changes not included)
^ permalink raw reply [flat|nested] only message in thread
only message in thread, other threads:[~2016-02-11 11:50 UTC | newest]
Thread overview: (only message) (download: mbox.gz follow: Atom feed
-- links below jump to the message on this page --
2016-02-11 11:50 [xen-unstable baseline-only test] 38736: tolerable FAIL Platform Team regression test user
This is a public inbox, see mirroring instructions
for how to clone and mirror all data and code used for this inbox;
as well as URLs for NNTP newsgroup(s).