xen-devel.lists.xenproject.org archive mirror
 help / color / mirror / Atom feed
* [linux-3.14 baseline-only test] 44192: tolerable FAIL
@ 2016-02-28 23:50 Platform Team regression test user
  0 siblings, 0 replies; only message in thread
From: Platform Team regression test user @ 2016-02-28 23:50 UTC (permalink / raw)
  To: xen-devel, osstest-admin

[-- Attachment #1: Type: text/plain, Size: 11716 bytes --]

This run is configured for baseline tests only.

flight 44192 linux-3.14 real [real]
http://osstest.xs.citrite.net/~osstest/testlogs/logs/44192/

Failures :-/ but no regressions.

Regressions which are regarded as allowable (not blocking):
 test-amd64-amd64-xl-credit2 19 guest-start/debian.repeat fail blocked in 44175
 build-i386-rumpuserxen        6 xen-build                fail blocked in 44175
 build-amd64-rumpuserxen       6 xen-build                fail blocked in 44175
 test-amd64-amd64-xl-qemut-win7-amd64 16 guest-stop       fail blocked in 44175
 test-amd64-i386-xl-qemuu-win7-amd64 16 guest-stop        fail blocked in 44175

Tests which did not succeed, but are not blocking:
 test-amd64-i386-rumpuserxen-i386  1 build-check(1)               blocked  n/a
 test-amd64-amd64-rumpuserxen-amd64  1 build-check(1)               blocked n/a
 test-amd64-amd64-xl-pvh-intel 11 guest-start                  fail  never pass
 test-amd64-amd64-xl-pvh-amd  11 guest-start                  fail   never pass
 test-amd64-i386-libvirt      12 migrate-support-check        fail   never pass
 test-amd64-amd64-libvirt     12 migrate-support-check        fail   never pass
 test-amd64-i386-libvirt-xsm  12 migrate-support-check        fail   never pass
 test-amd64-amd64-libvirt-xsm 12 migrate-support-check        fail   never pass
 test-amd64-amd64-qemuu-nested-amd 16 debian-hvm-install/l1/l2  fail never pass
 test-amd64-i386-libvirt-qemuu-debianhvm-amd64-xsm 10 migrate-support-check fail never pass
 test-amd64-i386-xl-qemut-win7-amd64 16 guest-stop              fail never pass
 test-amd64-amd64-libvirt-qemuu-debianhvm-amd64-xsm 10 migrate-support-check fail never pass
 test-amd64-amd64-libvirt-vhd 11 migrate-support-check        fail   never pass
 test-amd64-amd64-qemuu-nested-intel 16 debian-hvm-install/l1/l2 fail never pass

version targeted for testing:
 linux                0b2737d1affeecfcf2f5ceeadeecfcbecba21e35
baseline version:
 linux                462982e3b5c5a9802bab17f75e8405201891e04d

Last test of basis    44175  2016-02-26 11:58:50 Z    2 days
Testing same since    44192  2016-02-27 14:33:09 Z    1 days    1 attempts

------------------------------------------------------------
People who touched revisions under test:
  Alan Stern <stern@rowland.harvard.edu>
  Alex Thorlton <athorlton@sgi.com>
  Andrew Banman <abanman@sgi.com>
  Andrew Elble <aweits@rit.edu>
  Andrew Gabbasov <andrew_gabbasov@mentor.com>
  Andrew Lunn <andrew@lunn.ch>
  Andrew Morton <akpm@linux-foundation.org>
  Anson Huang <Anson.Huang@freescale.com>
  Anton Protopopov <a.s.protopopov@gmail.com>
  Arnaldo Carvalho de Melo <acme@kernel.org>
  Arnaldo Carvalho de Melo <acme@redhat.com>
  Arnd Bergmann <arnd@arndb.de>
  Aurélien Francillon <aurelien@francillon.net>
  Bart Van Assche <bart.vanassche@sandisk.com>
  Benjamin LaHaise <bcrl@kvack.org>
  Benjamin Tissoires <benjamin.tissoires@redhat.com>
  Borislav Petkov <bp@alien8.de>
  Chris Mason <clm@fb.com>
  Christoph Hellwig <hch@lst.de>
  Cong Wang <xiyou.wangcong@gmail.com>
  CQ Tang <cq.tang@intel.com>
  Dan Carpenter <dan.carpenter@oracle.com>
  Dan Williams <dan.j.williams@intel.com>
  Daniel Mentz <danielmentz@google.com>
  Darren Hart <dvhart@linux.intel.com>
  David S. Miller <davem@davemloft.net>
  David Sterba <dsterba@suse.com>
  David Woodhouse <David.Woodhouse@intel.com>
  Dmitry Torokhov <dmitry.torokhov@gmail.com>
  Dmitry Vyukov <dvyukov@google.com>
  Eric Dumazet <edumazet@google.com>
  Erich Schubert <erich@debian.org>
  Ewan D. Milne <emilne@redhat.com>
  Filipe Manana <fdmanana@suse.com>
  Greg Kroah-Hartman <gregkh@linuxfoundation.org>
  Gregory CLEMENT <gregory.clement@free-electrons.com>
  Hannes Reinecke <hare@suse.de>
  Helmut Klein <hgkr.klein@gmail.com>
  Herton R. Krzesinski <herton@redhat.com>
  Holger Hoffstätte <holger.hoffstaette@googlemail.com>
  Imre Deak <imre.deak@intel.com>
  Ingo Molnar <mingo@kernel.org>
  Insu Yun <wuninsu@gmail.com>
  James Bottomley <James.Bottomley@HansenPartnership.com>
  James Bottomley <JBottomley@Odin.com>
  Jan Kara <jack@suse.cz>
  Jani Nikula <jani.nikula@intel.com>
  Jann Horn <jann@thejh.net>
  Jens Axboe <axboe@fb.com>
  Joe Lawrence <joe.lawrence@stratus.com>
  Johannes Thumshirn <jthumshirn@suse.de>
  Jonathan Cameron <jic23@kernel.org>
  Kees Cook <keescook@chromium.org>
  Ken Xue <Ken.Xue@amd.com>
  Kirill A. Shutemov <kirill.shutemov@linux.intel.com>
  Kishon Vijay Abraham I <kishon@ti.com>
  Konstantin Khlebnikov <koct9i@gmail.com>
  Lars-Peter Clausen <lars@metafoo.de>
  Laura Abbott <labbott@fedoraproject.org>
  Linus Torvalds <torvalds@linux-foundation.org>
  Linus Walleij <linus.walleij@linaro.org>
  Martijn Coenen <maco@google.com>
  Martin K. Petersen <martin.petersen@oracle.com>
  Mathias Nyman <mathias.nyman@linux.intel.com>
  Matt Fleming <matt@codeblueprint.co.uk>
  Matthew Wilcox <willy@linux.intel.com>
  Michael Hennerich <michael.hennerich@analog.com>
  Michal Hocko <mhocko@suse.com>
  Mika Westerberg <mika.westerberg@linux.intel.com>
  Miklos Szeredi <miklos@szeredi.hu>
  Namhyung Kim <namhyung@kernel.org>
  Naoya Horiguchi <n-horiguchi@ah.jp.nec.com>
  Nicholas Bellinger <nab@linux-iscsi.org>
  Nicolas Pitre <nico@linaro.org>
  Paul Mackerras <paulus@samba.org>
  Paul Menzel <paul.menzel@giantmonkey.de>
  Peter Feiner <pfeiner@google.com>
  Peter Hurley <peter@hurleysoftware.com>
  Peter Oberparleiter <oberpar@linux.vnet.ibm.com>
  Peter Zijlstra (Intel) <peterz@infradead.org>
  Peter Zijlstra <peterz@infradead.org>
  Roman Gushchin <klamm@yandex-team.ru>
  Russell King <rmk+kernel@arm.linux.org.uk>
  Rusty Russell <rusty@rustcorp.com.au>
  Sebastian Herbszt <herbszt@gmx.de>
  Sergey Senozhatsky <sergey.senozhatsky.work@gmail.com>
  Sergey Senozhatsky <sergey.senozhatsky@gmail.com>
  Soeren Grunewald <soeren.grunewald@desy.de>
  Steve French <sfrench@localhost.localdomain>
  Steve French <smfrench@gmail.com>
  Steven Rostedt <rostedt@goodmis.org>
  Sudip Mukherjee <sudip@vectorindia.org>
  Sudip Mukherjee <sudipm.mukherjee@gmail.com>
  Takashi Iwai <tiwai@suse.de>
  Theodore Ts'o <tytso@mit.edu>
  Thomas Gleixner <tglx@linutronix.de>
  Thomas Huth <thuth@redhat.com>
  Tony Lindgren <tony@atomide.com>
  Trond Myklebust <trond.myklebust@primarydata.com>
  Vasily Averin <vvs@virtuozzo.com>
  Vegard Nossum <vegard.nossum@oracle.com>
  Vladimir Zapolskiy <vz@mleia.com>
  Vlastimil Babka <vbabka@suse.cz>
  WANG Cong <xiyou.wangcong@gmail.com>
  Willy Tarreau <w@1wt.eu>
  Yong Li <sdliyong@gmail.com>

jobs:
 build-amd64-xsm                                              pass    
 build-i386-xsm                                               pass    
 build-amd64                                                  pass    
 build-i386                                                   pass    
 build-amd64-libvirt                                          pass    
 build-i386-libvirt                                           pass    
 build-amd64-pvops                                            pass    
 build-i386-pvops                                             pass    
 build-amd64-rumpuserxen                                      fail    
 build-i386-rumpuserxen                                       fail    
 test-amd64-amd64-xl                                          pass    
 test-amd64-i386-xl                                           pass    
 test-amd64-amd64-xl-qemut-debianhvm-amd64-xsm                pass    
 test-amd64-i386-xl-qemut-debianhvm-amd64-xsm                 pass    
 test-amd64-amd64-libvirt-qemuu-debianhvm-amd64-xsm           pass    
 test-amd64-i386-libvirt-qemuu-debianhvm-amd64-xsm            pass    
 test-amd64-amd64-xl-qemuu-debianhvm-amd64-xsm                pass    
 test-amd64-i386-xl-qemuu-debianhvm-amd64-xsm                 pass    
 test-amd64-amd64-xl-qemut-stubdom-debianhvm-amd64-xsm        pass    
 test-amd64-i386-xl-qemut-stubdom-debianhvm-amd64-xsm         pass    
 test-amd64-amd64-libvirt-xsm                                 pass    
 test-amd64-i386-libvirt-xsm                                  pass    
 test-amd64-amd64-xl-xsm                                      pass    
 test-amd64-i386-xl-xsm                                       pass    
 test-amd64-amd64-qemuu-nested-amd                            fail    
 test-amd64-amd64-xl-pvh-amd                                  fail    
 test-amd64-i386-qemut-rhel6hvm-amd                           pass    
 test-amd64-i386-qemuu-rhel6hvm-amd                           pass    
 test-amd64-amd64-xl-qemut-debianhvm-amd64                    pass    
 test-amd64-i386-xl-qemut-debianhvm-amd64                     pass    
 test-amd64-amd64-xl-qemuu-debianhvm-amd64                    pass    
 test-amd64-i386-xl-qemuu-debianhvm-amd64                     pass    
 test-amd64-i386-freebsd10-amd64                              pass    
 test-amd64-amd64-xl-qemuu-ovmf-amd64                         pass    
 test-amd64-i386-xl-qemuu-ovmf-amd64                          pass    
 test-amd64-amd64-rumpuserxen-amd64                           blocked 
 test-amd64-amd64-xl-qemut-win7-amd64                         fail    
 test-amd64-i386-xl-qemut-win7-amd64                          fail    
 test-amd64-amd64-xl-qemuu-win7-amd64                         pass    
 test-amd64-i386-xl-qemuu-win7-amd64                          fail    
 test-amd64-amd64-xl-credit2                                  fail    
 test-amd64-i386-freebsd10-i386                               pass    
 test-amd64-i386-rumpuserxen-i386                             blocked 
 test-amd64-amd64-qemuu-nested-intel                          fail    
 test-amd64-amd64-xl-pvh-intel                                fail    
 test-amd64-i386-qemut-rhel6hvm-intel                         pass    
 test-amd64-i386-qemuu-rhel6hvm-intel                         pass    
 test-amd64-amd64-libvirt                                     pass    
 test-amd64-i386-libvirt                                      pass    
 test-amd64-amd64-xl-multivcpu                                pass    
 test-amd64-amd64-pair                                        pass    
 test-amd64-i386-pair                                         pass    
 test-amd64-amd64-libvirt-pair                                pass    
 test-amd64-i386-libvirt-pair                                 pass    
 test-amd64-amd64-amd64-pvgrub                                pass    
 test-amd64-amd64-i386-pvgrub                                 pass    
 test-amd64-amd64-pygrub                                      pass    
 test-amd64-amd64-xl-qcow2                                    pass    
 test-amd64-i386-xl-raw                                       pass    
 test-amd64-amd64-xl-rtds                                     pass    
 test-amd64-i386-xl-qemut-winxpsp3-vcpus1                     pass    
 test-amd64-i386-xl-qemuu-winxpsp3-vcpus1                     pass    
 test-amd64-amd64-libvirt-vhd                                 pass    
 test-amd64-amd64-xl-qemut-winxpsp3                           pass    
 test-amd64-i386-xl-qemut-winxpsp3                            pass    
 test-amd64-amd64-xl-qemuu-winxpsp3                           pass    
 test-amd64-i386-xl-qemuu-winxpsp3                            pass    


------------------------------------------------------------
sg-report-flight on osstest.xs.citrite.net
logs: /home/osstest/logs
images: /home/osstest/images

Logs, config files, etc. are available at
    http://osstest.xs.citrite.net/~osstest/testlogs/logs

Test harness code can be found at
    http://xenbits.xensource.com/gitweb?p=osstest.git;a=summary


Push not applicable.

(No revision log; it would be 2247 lines long.)


[-- Attachment #2: Type: text/plain, Size: 126 bytes --]

_______________________________________________
Xen-devel mailing list
Xen-devel@lists.xen.org
http://lists.xen.org/xen-devel

^ permalink raw reply	[flat|nested] only message in thread

only message in thread, other threads:[~2016-02-28 23:50 UTC | newest]

Thread overview: (only message) (download: mbox.gz follow: Atom feed
-- links below jump to the message on this page --
2016-02-28 23:50 [linux-3.14 baseline-only test] 44192: tolerable FAIL Platform Team regression test user

This is a public inbox, see mirroring instructions
for how to clone and mirror all data and code used for this inbox;
as well as URLs for NNTP newsgroup(s).