From mboxrd@z Thu Jan 1 00:00:00 1970 From: Platform Team regression test user Subject: [linux-3.14 baseline-only test] 44192: tolerable FAIL Date: Sun, 28 Feb 2016 23:50:50 +0000 Message-ID: Mime-Version: 1.0 Content-Type: multipart/mixed; boundary="===============8257653810585217021==" Return-path: List-Unsubscribe: , List-Post: List-Help: List-Subscribe: , Errors-To: xen-devel-bounces@lists.xen.org Sender: "Xen-devel" To: xen-devel@lists.xensource.com, osstest-admin@xenproject.org List-Id: xen-devel@lists.xenproject.org --===============8257653810585217021== Content-Type: text/plain This run is configured for baseline tests only. flight 44192 linux-3.14 real [real] http://osstest.xs.citrite.net/~osstest/testlogs/logs/44192/ Failures :-/ but no regressions. Regressions which are regarded as allowable (not blocking): test-amd64-amd64-xl-credit2 19 guest-start/debian.repeat fail blocked in 44175 build-i386-rumpuserxen 6 xen-build fail blocked in 44175 build-amd64-rumpuserxen 6 xen-build fail blocked in 44175 test-amd64-amd64-xl-qemut-win7-amd64 16 guest-stop fail blocked in 44175 test-amd64-i386-xl-qemuu-win7-amd64 16 guest-stop fail blocked in 44175 Tests which did not succeed, but are not blocking: test-amd64-i386-rumpuserxen-i386 1 build-check(1) blocked n/a test-amd64-amd64-rumpuserxen-amd64 1 build-check(1) blocked n/a test-amd64-amd64-xl-pvh-intel 11 guest-start fail never pass test-amd64-amd64-xl-pvh-amd 11 guest-start fail never pass test-amd64-i386-libvirt 12 migrate-support-check fail never pass test-amd64-amd64-libvirt 12 migrate-support-check fail never pass test-amd64-i386-libvirt-xsm 12 migrate-support-check fail never pass test-amd64-amd64-libvirt-xsm 12 migrate-support-check fail never pass test-amd64-amd64-qemuu-nested-amd 16 debian-hvm-install/l1/l2 fail never pass test-amd64-i386-libvirt-qemuu-debianhvm-amd64-xsm 10 migrate-support-check fail never pass test-amd64-i386-xl-qemut-win7-amd64 16 guest-stop fail never pass test-amd64-amd64-libvirt-qemuu-debianhvm-amd64-xsm 10 migrate-support-check fail never pass test-amd64-amd64-libvirt-vhd 11 migrate-support-check fail never pass test-amd64-amd64-qemuu-nested-intel 16 debian-hvm-install/l1/l2 fail never pass version targeted for testing: linux 0b2737d1affeecfcf2f5ceeadeecfcbecba21e35 baseline version: linux 462982e3b5c5a9802bab17f75e8405201891e04d Last test of basis 44175 2016-02-26 11:58:50 Z 2 days Testing same since 44192 2016-02-27 14:33:09 Z 1 days 1 attempts ------------------------------------------------------------ People who touched revisions under test: Alan Stern Alex Thorlton Andrew Banman Andrew Elble Andrew Gabbasov Andrew Lunn Andrew Morton Anson Huang Anton Protopopov Arnaldo Carvalho de Melo Arnaldo Carvalho de Melo Arnd Bergmann Aurélien Francillon Bart Van Assche Benjamin LaHaise Benjamin Tissoires Borislav Petkov Chris Mason Christoph Hellwig Cong Wang CQ Tang Dan Carpenter Dan Williams Daniel Mentz Darren Hart David S. Miller David Sterba David Woodhouse Dmitry Torokhov Dmitry Vyukov Eric Dumazet Erich Schubert Ewan D. Milne Filipe Manana Greg Kroah-Hartman Gregory CLEMENT Hannes Reinecke Helmut Klein Herton R. Krzesinski Holger Hoffstätte Imre Deak Ingo Molnar Insu Yun James Bottomley James Bottomley Jan Kara Jani Nikula Jann Horn Jens Axboe Joe Lawrence Johannes Thumshirn Jonathan Cameron Kees Cook Ken Xue Kirill A. Shutemov Kishon Vijay Abraham I Konstantin Khlebnikov Lars-Peter Clausen Laura Abbott Linus Torvalds Linus Walleij Martijn Coenen Martin K. Petersen Mathias Nyman Matt Fleming Matthew Wilcox Michael Hennerich Michal Hocko Mika Westerberg Miklos Szeredi Namhyung Kim Naoya Horiguchi Nicholas Bellinger Nicolas Pitre Paul Mackerras Paul Menzel Peter Feiner Peter Hurley Peter Oberparleiter Peter Zijlstra (Intel) Peter Zijlstra Roman Gushchin Russell King Rusty Russell Sebastian Herbszt Sergey Senozhatsky Sergey Senozhatsky Soeren Grunewald Steve French Steve French Steven Rostedt Sudip Mukherjee Sudip Mukherjee Takashi Iwai Theodore Ts'o Thomas Gleixner Thomas Huth Tony Lindgren Trond Myklebust Vasily Averin Vegard Nossum Vladimir Zapolskiy Vlastimil Babka WANG Cong Willy Tarreau Yong Li jobs: build-amd64-xsm pass build-i386-xsm pass build-amd64 pass build-i386 pass build-amd64-libvirt pass build-i386-libvirt pass build-amd64-pvops pass build-i386-pvops pass build-amd64-rumpuserxen fail build-i386-rumpuserxen fail test-amd64-amd64-xl pass test-amd64-i386-xl pass test-amd64-amd64-xl-qemut-debianhvm-amd64-xsm pass test-amd64-i386-xl-qemut-debianhvm-amd64-xsm pass test-amd64-amd64-libvirt-qemuu-debianhvm-amd64-xsm pass test-amd64-i386-libvirt-qemuu-debianhvm-amd64-xsm pass test-amd64-amd64-xl-qemuu-debianhvm-amd64-xsm pass test-amd64-i386-xl-qemuu-debianhvm-amd64-xsm pass test-amd64-amd64-xl-qemut-stubdom-debianhvm-amd64-xsm pass test-amd64-i386-xl-qemut-stubdom-debianhvm-amd64-xsm pass test-amd64-amd64-libvirt-xsm pass test-amd64-i386-libvirt-xsm pass test-amd64-amd64-xl-xsm pass test-amd64-i386-xl-xsm pass test-amd64-amd64-qemuu-nested-amd fail test-amd64-amd64-xl-pvh-amd fail test-amd64-i386-qemut-rhel6hvm-amd pass test-amd64-i386-qemuu-rhel6hvm-amd pass test-amd64-amd64-xl-qemut-debianhvm-amd64 pass test-amd64-i386-xl-qemut-debianhvm-amd64 pass test-amd64-amd64-xl-qemuu-debianhvm-amd64 pass test-amd64-i386-xl-qemuu-debianhvm-amd64 pass test-amd64-i386-freebsd10-amd64 pass test-amd64-amd64-xl-qemuu-ovmf-amd64 pass test-amd64-i386-xl-qemuu-ovmf-amd64 pass test-amd64-amd64-rumpuserxen-amd64 blocked test-amd64-amd64-xl-qemut-win7-amd64 fail test-amd64-i386-xl-qemut-win7-amd64 fail test-amd64-amd64-xl-qemuu-win7-amd64 pass test-amd64-i386-xl-qemuu-win7-amd64 fail test-amd64-amd64-xl-credit2 fail test-amd64-i386-freebsd10-i386 pass test-amd64-i386-rumpuserxen-i386 blocked test-amd64-amd64-qemuu-nested-intel fail test-amd64-amd64-xl-pvh-intel fail test-amd64-i386-qemut-rhel6hvm-intel pass test-amd64-i386-qemuu-rhel6hvm-intel pass test-amd64-amd64-libvirt pass test-amd64-i386-libvirt pass test-amd64-amd64-xl-multivcpu pass test-amd64-amd64-pair pass test-amd64-i386-pair pass test-amd64-amd64-libvirt-pair pass test-amd64-i386-libvirt-pair pass test-amd64-amd64-amd64-pvgrub pass test-amd64-amd64-i386-pvgrub pass test-amd64-amd64-pygrub pass test-amd64-amd64-xl-qcow2 pass test-amd64-i386-xl-raw pass test-amd64-amd64-xl-rtds pass test-amd64-i386-xl-qemut-winxpsp3-vcpus1 pass test-amd64-i386-xl-qemuu-winxpsp3-vcpus1 pass test-amd64-amd64-libvirt-vhd pass test-amd64-amd64-xl-qemut-winxpsp3 pass test-amd64-i386-xl-qemut-winxpsp3 pass test-amd64-amd64-xl-qemuu-winxpsp3 pass test-amd64-i386-xl-qemuu-winxpsp3 pass ------------------------------------------------------------ sg-report-flight on osstest.xs.citrite.net logs: /home/osstest/logs images: /home/osstest/images Logs, config files, etc. are available at http://osstest.xs.citrite.net/~osstest/testlogs/logs Test harness code can be found at http://xenbits.xensource.com/gitweb?p=osstest.git;a=summary Push not applicable. (No revision log; it would be 2247 lines long.) --===============8257653810585217021== Content-Type: text/plain; charset="utf-8" MIME-Version: 1.0 Content-Transfer-Encoding: base64 Content-Disposition: inline X19fX19fX19fX19fX19fX19fX19fX19fX19fX19fX19fX19fX19fX19fX19fX18KWGVuLWRldmVs IG1haWxpbmcgbGlzdApYZW4tZGV2ZWxAbGlzdHMueGVuLm9yZwpodHRwOi8vbGlzdHMueGVuLm9y Zy94ZW4tZGV2ZWwK --===============8257653810585217021==--