From mboxrd@z Thu Jan 1 00:00:00 1970 From: Platform Team regression test user Subject: [qemu-mainline baseline-only test] 44196: tolerable FAIL Date: Mon, 29 Feb 2016 19:49:49 +0000 Message-ID: Mime-Version: 1.0 Content-Type: multipart/mixed; boundary="===============3941979007034650782==" Return-path: List-Unsubscribe: , List-Post: List-Help: List-Subscribe: , Errors-To: xen-devel-bounces@lists.xen.org Sender: "Xen-devel" To: xen-devel@lists.xensource.com, osstest-admin@xenproject.org List-Id: xen-devel@lists.xenproject.org --===============3941979007034650782== Content-Type: text/plain This run is configured for baseline tests only. flight 44196 qemu-mainline real [real] http://osstest.xs.citrite.net/~osstest/testlogs/logs/44196/ Failures :-/ but no regressions. Regressions which are regarded as allowable (not blocking): test-amd64-amd64-qemuu-nested-intel 13 xen-boot/l1 fail blocked in 44190 test-amd64-amd64-xl 19 guest-start/debian.repeat fail like 44190 Tests which did not succeed, but are not blocking: test-armhf-armhf-libvirt 14 guest-saverestore fail never pass test-armhf-armhf-libvirt 12 migrate-support-check fail never pass test-armhf-armhf-libvirt-xsm 12 migrate-support-check fail never pass test-armhf-armhf-libvirt-xsm 14 guest-saverestore fail never pass test-amd64-amd64-xl-pvh-intel 11 guest-start fail never pass test-armhf-armhf-libvirt-qcow2 11 migrate-support-check fail never pass test-armhf-armhf-libvirt-qcow2 13 guest-saverestore fail never pass test-armhf-armhf-xl-multivcpu 13 saverestore-support-check fail never pass test-armhf-armhf-xl-multivcpu 12 migrate-support-check fail never pass test-armhf-armhf-xl-xsm 13 saverestore-support-check fail never pass test-armhf-armhf-xl-xsm 12 migrate-support-check fail never pass test-armhf-armhf-xl 12 migrate-support-check fail never pass test-armhf-armhf-xl 13 saverestore-support-check fail never pass test-amd64-amd64-xl-pvh-amd 11 guest-start fail never pass test-armhf-armhf-xl-midway 13 saverestore-support-check fail never pass test-armhf-armhf-xl-midway 12 migrate-support-check fail never pass test-armhf-armhf-libvirt-raw 13 guest-saverestore fail never pass test-armhf-armhf-libvirt-raw 11 migrate-support-check fail never pass test-armhf-armhf-xl-credit2 13 saverestore-support-check fail never pass test-armhf-armhf-xl-credit2 12 migrate-support-check fail never pass test-armhf-armhf-xl-rtds 13 saverestore-support-check fail never pass test-armhf-armhf-xl-rtds 12 migrate-support-check fail never pass test-amd64-i386-libvirt 12 migrate-support-check fail never pass test-amd64-amd64-libvirt 12 migrate-support-check fail never pass test-amd64-i386-libvirt-xsm 12 migrate-support-check fail never pass test-amd64-amd64-libvirt-xsm 12 migrate-support-check fail never pass test-armhf-armhf-xl-vhd 11 migrate-support-check fail never pass test-armhf-armhf-xl-vhd 12 saverestore-support-check fail never pass test-amd64-amd64-qemuu-nested-amd 16 debian-hvm-install/l1/l2 fail never pass test-amd64-amd64-libvirt-vhd 11 migrate-support-check fail never pass test-amd64-amd64-libvirt-qemuu-debianhvm-amd64-xsm 10 migrate-support-check fail never pass test-amd64-amd64-xl-qemuu-win7-amd64 16 guest-stop fail never pass test-amd64-i386-xl-qemuu-win7-amd64 16 guest-stop fail never pass test-amd64-i386-libvirt-qemuu-debianhvm-amd64-xsm 10 migrate-support-check fail never pass version targeted for testing: qemuu 6e378dd214fbbae8138ff011ec3de7ddf13a445f baseline version: qemuu 0c6940d086f39bbf725d96104abe46da87429cb6 Last test of basis 44190 2016-02-27 02:55:23 Z 2 days Testing same since 44196 2016-02-28 15:54:32 Z 1 days 1 attempts ------------------------------------------------------------ People who touched revisions under test: Alex Bennée Alistair Francis Amit Shah Andrew Baumann Denis V. Lunev Dr. David Alan Gilbert Edgar E. Iglesias Eric Blake Gal Hammer James Hogan Leon Alrae Leonid Bloch Marc-André Lureau Mark Cave-Ayland Matthew Fortune Michael Roth Peter Maydell Sascha Silbe Thomas Huth Wei Huang Wei Yang Yongbok Kim jobs: build-amd64-xsm pass build-armhf-xsm pass build-i386-xsm pass build-amd64 pass build-armhf pass build-i386 pass build-amd64-libvirt pass build-armhf-libvirt pass build-i386-libvirt pass build-amd64-pvops pass build-armhf-pvops pass build-i386-pvops pass test-amd64-amd64-xl fail test-armhf-armhf-xl pass test-amd64-i386-xl pass test-amd64-amd64-libvirt-qemuu-debianhvm-amd64-xsm pass test-amd64-i386-libvirt-qemuu-debianhvm-amd64-xsm pass test-amd64-amd64-xl-qemuu-debianhvm-amd64-xsm pass test-amd64-i386-xl-qemuu-debianhvm-amd64-xsm pass test-amd64-amd64-libvirt-xsm pass test-armhf-armhf-libvirt-xsm fail test-amd64-i386-libvirt-xsm pass test-amd64-amd64-xl-xsm pass test-armhf-armhf-xl-xsm pass test-amd64-i386-xl-xsm pass test-amd64-amd64-qemuu-nested-amd fail test-amd64-amd64-xl-pvh-amd fail test-amd64-i386-qemuu-rhel6hvm-amd pass test-amd64-amd64-xl-qemuu-debianhvm-amd64 pass test-amd64-i386-xl-qemuu-debianhvm-amd64 pass test-amd64-i386-freebsd10-amd64 pass test-amd64-amd64-xl-qemuu-ovmf-amd64 pass test-amd64-i386-xl-qemuu-ovmf-amd64 pass test-amd64-amd64-xl-qemuu-win7-amd64 fail test-amd64-i386-xl-qemuu-win7-amd64 fail test-amd64-amd64-xl-credit2 pass test-armhf-armhf-xl-credit2 pass test-amd64-i386-freebsd10-i386 pass test-amd64-amd64-qemuu-nested-intel fail test-amd64-amd64-xl-pvh-intel fail test-amd64-i386-qemuu-rhel6hvm-intel pass test-amd64-amd64-libvirt pass test-armhf-armhf-libvirt fail test-amd64-i386-libvirt pass test-armhf-armhf-xl-midway pass test-amd64-amd64-xl-multivcpu pass test-armhf-armhf-xl-multivcpu pass test-amd64-amd64-pair pass test-amd64-i386-pair pass test-amd64-amd64-libvirt-pair pass test-amd64-i386-libvirt-pair pass test-amd64-amd64-amd64-pvgrub pass test-amd64-amd64-i386-pvgrub pass test-amd64-amd64-pygrub pass test-armhf-armhf-libvirt-qcow2 fail test-amd64-amd64-xl-qcow2 pass test-armhf-armhf-libvirt-raw fail test-amd64-i386-xl-raw pass test-amd64-amd64-xl-rtds pass test-armhf-armhf-xl-rtds pass test-amd64-i386-xl-qemuu-winxpsp3-vcpus1 pass test-amd64-amd64-libvirt-vhd pass test-armhf-armhf-xl-vhd pass test-amd64-amd64-xl-qemuu-winxpsp3 pass test-amd64-i386-xl-qemuu-winxpsp3 pass ------------------------------------------------------------ sg-report-flight on osstest.xs.citrite.net logs: /home/osstest/logs images: /home/osstest/images Logs, config files, etc. are available at http://osstest.xs.citrite.net/~osstest/testlogs/logs Test harness code can be found at http://xenbits.xensource.com/gitweb?p=osstest.git;a=summary Push not applicable. (No revision log; it would be 934 lines long.) --===============3941979007034650782== Content-Type: text/plain; charset="utf-8" MIME-Version: 1.0 Content-Transfer-Encoding: base64 Content-Disposition: inline X19fX19fX19fX19fX19fX19fX19fX19fX19fX19fX19fX19fX19fX19fX19fX18KWGVuLWRldmVs IG1haWxpbmcgbGlzdApYZW4tZGV2ZWxAbGlzdHMueGVuLm9yZwpodHRwOi8vbGlzdHMueGVuLm9y Zy94ZW4tZGV2ZWwK --===============3941979007034650782==--