* [xen-unstable baseline-only test] 44200: regressions - FAIL
@ 2016-03-01 10:21 Platform Team regression test user
0 siblings, 0 replies; only message in thread
From: Platform Team regression test user @ 2016-03-01 10:21 UTC (permalink / raw)
To: xen-devel, osstest-admin
This run is configured for baseline tests only.
flight 44200 xen-unstable real [real]
http://osstest.xs.citrite.net/~osstest/testlogs/logs/44200/
Regressions :-(
Tests which did not succeed and are blocking,
including tests which could not be run:
build-i386-prev 5 xen-build fail REGR. vs. 44197
build-amd64-xsm 5 xen-build fail REGR. vs. 44197
build-i386 5 xen-build fail REGR. vs. 44197
build-amd64-oldkern 5 kernel-build fail REGR. vs. 44197
build-amd64-prev 5 xen-build fail REGR. vs. 44197
build-amd64 5 xen-build fail REGR. vs. 44197
build-amd64-pvops 5 kernel-build fail REGR. vs. 44197
test-armhf-armhf-libvirt-raw 9 debian-di-install fail REGR. vs. 44197
Tests which did not succeed, but are not blocking:
test-amd64-amd64-rumpuserxen-amd64 1 build-check(1) blocked n/a
test-amd64-i386-rumpuserxen-i386 1 build-check(1) blocked n/a
build-i386-libvirt 1 build-check(1) blocked n/a
build-amd64-libvirt 1 build-check(1) blocked n/a
build-amd64-rumpuserxen 1 build-check(1) blocked n/a
test-amd64-amd64-xl-pvh-intel 1 build-check(1) blocked n/a
build-i386-rumpuserxen 1 build-check(1) blocked n/a
test-amd64-amd64-xl-pvh-amd 1 build-check(1) blocked n/a
test-amd64-amd64-xl-credit2 1 build-check(1) blocked n/a
test-amd64-i386-xl-xsm 1 build-check(1) blocked n/a
test-amd64-amd64-xl-multivcpu 1 build-check(1) blocked n/a
test-amd64-amd64-xl-xsm 1 build-check(1) blocked n/a
test-amd64-amd64-xl 1 build-check(1) blocked n/a
test-amd64-amd64-libvirt-xsm 1 build-check(1) blocked n/a
test-amd64-i386-libvirt 1 build-check(1) blocked n/a
test-amd64-amd64-libvirt 1 build-check(1) blocked n/a
test-amd64-i386-xl 1 build-check(1) blocked n/a
test-amd64-i386-libvirt-xsm 1 build-check(1) blocked n/a
test-amd64-i386-qemuu-rhel6hvm-amd 1 build-check(1) blocked n/a
test-amd64-i386-qemut-rhel6hvm-amd 1 build-check(1) blocked n/a
test-amd64-i386-pair 1 build-check(1) blocked n/a
test-amd64-i386-libvirt-qemuu-debianhvm-amd64-xsm 1 build-check(1) blocked n/a
test-amd64-amd64-libvirt-pair 1 build-check(1) blocked n/a
test-amd64-amd64-pair 1 build-check(1) blocked n/a
test-amd64-i386-qemuu-rhel6hvm-intel 1 build-check(1) blocked n/a
test-amd64-amd64-xl-qemuu-debianhvm-amd64 1 build-check(1) blocked n/a
test-amd64-i386-freebsd10-i386 1 build-check(1) blocked n/a
test-amd64-i386-freebsd10-amd64 1 build-check(1) blocked n/a
test-amd64-i386-xl-qemuu-debianhvm-amd64-xsm 1 build-check(1) blocked n/a
test-amd64-amd64-xl-qemut-stubdom-debianhvm-amd64-xsm 1 build-check(1) blocked n/a
test-amd64-i386-xl-raw 1 build-check(1) blocked n/a
test-amd64-amd64-i386-pvgrub 1 build-check(1) blocked n/a
test-amd64-i386-xl-qemut-debianhvm-amd64-xsm 1 build-check(1) blocked n/a
test-amd64-i386-migrupgrade 1 build-check(1) blocked n/a
test-amd64-i386-libvirt-pair 1 build-check(1) blocked n/a
test-amd64-amd64-qemuu-nested-intel 1 build-check(1) blocked n/a
test-amd64-amd64-amd64-pvgrub 1 build-check(1) blocked n/a
test-amd64-i386-xl-qemuu-ovmf-amd64 1 build-check(1) blocked n/a
test-amd64-amd64-xl-qemuu-win7-amd64 1 build-check(1) blocked n/a
test-amd64-amd64-migrupgrade 1 build-check(1) blocked n/a
test-amd64-i386-xl-qemut-debianhvm-amd64 1 build-check(1) blocked n/a
test-amd64-i386-xl-qemut-win7-amd64 1 build-check(1) blocked n/a
test-amd64-i386-xl-qemuu-win7-amd64 1 build-check(1) blocked n/a
test-amd64-amd64-xl-qemut-debianhvm-amd64 1 build-check(1) blocked n/a
test-amd64-i386-xl-qemuu-debianhvm-amd64 1 build-check(1) blocked n/a
test-amd64-amd64-xl-qcow2 1 build-check(1) blocked n/a
test-amd64-amd64-qemuu-nested-amd 1 build-check(1) blocked n/a
test-amd64-i386-xl-qemut-stubdom-debianhvm-amd64-xsm 1 build-check(1) blocked n/a
test-amd64-amd64-libvirt-vhd 1 build-check(1) blocked n/a
test-amd64-i386-qemut-rhel6hvm-intel 1 build-check(1) blocked n/a
test-amd64-amd64-xl-qemut-win7-amd64 1 build-check(1) blocked n/a
test-amd64-amd64-xl-rtds 1 build-check(1) blocked n/a
test-amd64-amd64-xl-qemuu-ovmf-amd64 1 build-check(1) blocked n/a
test-amd64-amd64-libvirt-qemuu-debianhvm-amd64-xsm 1 build-check(1) blocked n/a
test-amd64-amd64-xl-qemut-debianhvm-amd64-xsm 1 build-check(1) blocked n/a
test-amd64-amd64-pygrub 1 build-check(1) blocked n/a
test-amd64-i386-xl-qemut-winxpsp3 1 build-check(1) blocked n/a
test-amd64-amd64-xl-qemuu-debianhvm-amd64-xsm 1 build-check(1) blocked n/a
test-amd64-i386-xl-qemuu-winxpsp3-vcpus1 1 build-check(1) blocked n/a
test-amd64-i386-xl-qemut-winxpsp3-vcpus1 1 build-check(1) blocked n/a
test-amd64-i386-xl-qemuu-winxpsp3 1 build-check(1) blocked n/a
test-amd64-amd64-xl-qemuu-winxpsp3 1 build-check(1) blocked n/a
test-amd64-amd64-xl-qemut-winxpsp3 1 build-check(1) blocked n/a
test-armhf-armhf-libvirt-xsm 12 migrate-support-check fail never pass
test-armhf-armhf-libvirt-xsm 14 guest-saverestore fail never pass
test-armhf-armhf-libvirt 14 guest-saverestore fail never pass
test-armhf-armhf-libvirt 12 migrate-support-check fail never pass
test-armhf-armhf-libvirt-qcow2 13 guest-saverestore fail never pass
test-armhf-armhf-libvirt-qcow2 11 migrate-support-check fail never pass
test-armhf-armhf-xl-credit2 13 saverestore-support-check fail never pass
test-armhf-armhf-xl-credit2 12 migrate-support-check fail never pass
test-armhf-armhf-xl-multivcpu 12 migrate-support-check fail never pass
test-armhf-armhf-xl-multivcpu 13 saverestore-support-check fail never pass
test-armhf-armhf-xl 12 migrate-support-check fail never pass
test-armhf-armhf-xl 13 saverestore-support-check fail never pass
test-armhf-armhf-xl-xsm 13 saverestore-support-check fail never pass
test-armhf-armhf-xl-xsm 12 migrate-support-check fail never pass
test-armhf-armhf-xl-midway 13 saverestore-support-check fail never pass
test-armhf-armhf-xl-midway 12 migrate-support-check fail never pass
test-armhf-armhf-xl-rtds 13 saverestore-support-check fail never pass
test-armhf-armhf-xl-rtds 12 migrate-support-check fail never pass
test-armhf-armhf-xl-vhd 11 migrate-support-check fail never pass
test-armhf-armhf-xl-vhd 12 saverestore-support-check fail never pass
version targeted for testing:
xen 42391c613d42248d82f1b04c523d48bf141b75dc
baseline version:
xen 3dd926a25d866364ce6d46c21f9ac05a82fa7ffb
Last test of basis 44197 2016-02-29 03:54:05 Z 1 days
Testing same since 44200 2016-03-01 03:57:40 Z 0 days 1 attempts
------------------------------------------------------------
People who touched revisions under test:
Wei Liu <wei.liu2@citrix.com>
jobs:
build-amd64-xsm fail
build-armhf-xsm pass
build-i386-xsm pass
build-amd64 fail
build-armhf pass
build-i386 fail
build-amd64-libvirt blocked
build-armhf-libvirt pass
build-i386-libvirt blocked
build-amd64-oldkern fail
build-i386-oldkern pass
build-amd64-prev fail
build-i386-prev fail
build-amd64-pvops fail
build-armhf-pvops pass
build-i386-pvops pass
build-amd64-rumpuserxen blocked
build-i386-rumpuserxen blocked
test-amd64-amd64-xl blocked
test-armhf-armhf-xl pass
test-amd64-i386-xl blocked
test-amd64-amd64-xl-qemut-debianhvm-amd64-xsm blocked
test-amd64-i386-xl-qemut-debianhvm-amd64-xsm blocked
test-amd64-amd64-libvirt-qemuu-debianhvm-amd64-xsm blocked
test-amd64-i386-libvirt-qemuu-debianhvm-amd64-xsm blocked
test-amd64-amd64-xl-qemuu-debianhvm-amd64-xsm blocked
test-amd64-i386-xl-qemuu-debianhvm-amd64-xsm blocked
test-amd64-amd64-xl-qemut-stubdom-debianhvm-amd64-xsm blocked
test-amd64-i386-xl-qemut-stubdom-debianhvm-amd64-xsm blocked
test-amd64-amd64-libvirt-xsm blocked
test-armhf-armhf-libvirt-xsm fail
test-amd64-i386-libvirt-xsm blocked
test-amd64-amd64-xl-xsm blocked
test-armhf-armhf-xl-xsm pass
test-amd64-i386-xl-xsm blocked
test-amd64-amd64-qemuu-nested-amd blocked
test-amd64-amd64-xl-pvh-amd blocked
test-amd64-i386-qemut-rhel6hvm-amd blocked
test-amd64-i386-qemuu-rhel6hvm-amd blocked
test-amd64-amd64-xl-qemut-debianhvm-amd64 blocked
test-amd64-i386-xl-qemut-debianhvm-amd64 blocked
test-amd64-amd64-xl-qemuu-debianhvm-amd64 blocked
test-amd64-i386-xl-qemuu-debianhvm-amd64 blocked
test-amd64-i386-freebsd10-amd64 blocked
test-amd64-amd64-xl-qemuu-ovmf-amd64 blocked
test-amd64-i386-xl-qemuu-ovmf-amd64 blocked
test-amd64-amd64-rumpuserxen-amd64 blocked
test-amd64-amd64-xl-qemut-win7-amd64 blocked
test-amd64-i386-xl-qemut-win7-amd64 blocked
test-amd64-amd64-xl-qemuu-win7-amd64 blocked
test-amd64-i386-xl-qemuu-win7-amd64 blocked
test-amd64-amd64-xl-credit2 blocked
test-armhf-armhf-xl-credit2 pass
test-amd64-i386-freebsd10-i386 blocked
test-amd64-i386-rumpuserxen-i386 blocked
test-amd64-amd64-qemuu-nested-intel blocked
test-amd64-amd64-xl-pvh-intel blocked
test-amd64-i386-qemut-rhel6hvm-intel blocked
test-amd64-i386-qemuu-rhel6hvm-intel blocked
test-amd64-amd64-libvirt blocked
test-armhf-armhf-libvirt fail
test-amd64-i386-libvirt blocked
test-armhf-armhf-xl-midway pass
test-amd64-amd64-migrupgrade blocked
test-amd64-i386-migrupgrade blocked
test-amd64-amd64-xl-multivcpu blocked
test-armhf-armhf-xl-multivcpu pass
test-amd64-amd64-pair blocked
test-amd64-i386-pair blocked
test-amd64-amd64-libvirt-pair blocked
test-amd64-i386-libvirt-pair blocked
test-amd64-amd64-amd64-pvgrub blocked
test-amd64-amd64-i386-pvgrub blocked
test-amd64-amd64-pygrub blocked
test-armhf-armhf-libvirt-qcow2 fail
test-amd64-amd64-xl-qcow2 blocked
test-armhf-armhf-libvirt-raw fail
test-amd64-i386-xl-raw blocked
test-amd64-amd64-xl-rtds blocked
test-armhf-armhf-xl-rtds pass
test-amd64-i386-xl-qemut-winxpsp3-vcpus1 blocked
test-amd64-i386-xl-qemuu-winxpsp3-vcpus1 blocked
test-amd64-amd64-libvirt-vhd blocked
test-armhf-armhf-xl-vhd pass
test-amd64-amd64-xl-qemut-winxpsp3 blocked
test-amd64-i386-xl-qemut-winxpsp3 blocked
test-amd64-amd64-xl-qemuu-winxpsp3 blocked
test-amd64-i386-xl-qemuu-winxpsp3 blocked
------------------------------------------------------------
sg-report-flight on osstest.xs.citrite.net
logs: /home/osstest/logs
images: /home/osstest/images
Logs, config files, etc. are available at
http://osstest.xs.citrite.net/~osstest/testlogs/logs
Test harness code can be found at
http://xenbits.xensource.com/gitweb?p=osstest.git;a=summary
Push not applicable.
------------------------------------------------------------
commit 42391c613d42248d82f1b04c523d48bf141b75dc
Author: Wei Liu <wei.liu2@citrix.com>
Date: Sun Feb 28 16:03:51 2016 -0500
libxl: initialise rc in libxl__domain_save error path
Commit 7449fb36 ("migration/save: pass checkpointed_stream from libxl to
libxc ") failed to initialise rc in the error path.
Reported-by: Olaf Hering <olaf@aepfle.de>
Signed-off-by: Wei Liu <wei.liu2@citrix.com>
Reviewed-by: Konrad Rzeszutek Wilk <konrad.wilk@oracle.com>
(qemu changes not included)
_______________________________________________
Xen-devel mailing list
Xen-devel@lists.xen.org
http://lists.xen.org/xen-devel
^ permalink raw reply [flat|nested] only message in thread
only message in thread, other threads:[~2016-03-01 10:21 UTC | newest]
Thread overview: (only message) (download: mbox.gz follow: Atom feed
-- links below jump to the message on this page --
2016-03-01 10:21 [xen-unstable baseline-only test] 44200: regressions - FAIL Platform Team regression test user
This is a public inbox, see mirroring instructions
for how to clone and mirror all data and code used for this inbox;
as well as URLs for NNTP newsgroup(s).