* [qemu-mainline baseline-only test] 44201: regressions - FAIL
@ 2016-03-01 13:06 Platform Team regression test user
0 siblings, 0 replies; only message in thread
From: Platform Team regression test user @ 2016-03-01 13:06 UTC (permalink / raw)
To: xen-devel, osstest-admin
[-- Attachment #1: Type: text/plain, Size: 20023 bytes --]
This run is configured for baseline tests only.
flight 44201 qemu-mainline real [real]
http://osstest.xs.citrite.net/~osstest/testlogs/logs/44201/
Regressions :-(
Tests which did not succeed and are blocking,
including tests which could not be run:
build-amd64 5 xen-build fail REGR. vs. 44196
build-amd64-xsm 5 xen-build fail REGR. vs. 44196
build-amd64-pvops 5 kernel-build fail REGR. vs. 44196
Tests which did not succeed, but are not blocking:
test-amd64-amd64-xl-pvh-intel 1 build-check(1) blocked n/a
build-amd64-libvirt 1 build-check(1) blocked n/a
test-amd64-amd64-xl-pvh-amd 1 build-check(1) blocked n/a
test-amd64-amd64-xl 1 build-check(1) blocked n/a
test-amd64-i386-xl-xsm 1 build-check(1) blocked n/a
test-amd64-amd64-xl-xsm 1 build-check(1) blocked n/a
test-amd64-i386-pair 1 build-check(1) blocked n/a
test-amd64-amd64-xl-credit2 1 build-check(1) blocked n/a
test-amd64-amd64-xl-multivcpu 1 build-check(1) blocked n/a
test-amd64-i386-libvirt 1 build-check(1) blocked n/a
test-amd64-amd64-libvirt 1 build-check(1) blocked n/a
test-amd64-i386-xl 1 build-check(1) blocked n/a
test-amd64-i386-libvirt-xsm 1 build-check(1) blocked n/a
test-amd64-amd64-libvirt-xsm 1 build-check(1) blocked n/a
test-amd64-i386-qemuu-rhel6hvm-amd 1 build-check(1) blocked n/a
test-amd64-i386-qemuu-rhel6hvm-intel 1 build-check(1) blocked n/a
test-amd64-i386-freebsd10-amd64 1 build-check(1) blocked n/a
test-amd64-amd64-xl-qcow2 1 build-check(1) blocked n/a
test-amd64-amd64-i386-pvgrub 1 build-check(1) blocked n/a
test-amd64-amd64-pair 1 build-check(1) blocked n/a
test-amd64-amd64-pygrub 1 build-check(1) blocked n/a
test-amd64-amd64-qemuu-nested-intel 1 build-check(1) blocked n/a
test-amd64-i386-libvirt-pair 1 build-check(1) blocked n/a
test-amd64-amd64-qemuu-nested-amd 1 build-check(1) blocked n/a
test-amd64-amd64-libvirt-pair 1 build-check(1) blocked n/a
test-amd64-i386-xl-qemuu-ovmf-amd64 1 build-check(1) blocked n/a
test-amd64-amd64-libvirt-vhd 1 build-check(1) blocked n/a
test-amd64-amd64-amd64-pvgrub 1 build-check(1) blocked n/a
test-amd64-amd64-xl-qemuu-debianhvm-amd64 1 build-check(1) blocked n/a
test-amd64-i386-xl-raw 1 build-check(1) blocked n/a
test-amd64-amd64-libvirt-qemuu-debianhvm-amd64-xsm 1 build-check(1) blocked n/a
test-amd64-amd64-xl-qemuu-win7-amd64 1 build-check(1) blocked n/a
test-amd64-i386-xl-qemuu-win7-amd64 1 build-check(1) blocked n/a
test-amd64-i386-libvirt-qemuu-debianhvm-amd64-xsm 1 build-check(1) blocked n/a
test-amd64-i386-freebsd10-i386 1 build-check(1) blocked n/a
test-amd64-amd64-xl-rtds 1 build-check(1) blocked n/a
test-amd64-i386-xl-qemuu-debianhvm-amd64 1 build-check(1) blocked n/a
test-amd64-amd64-xl-qemuu-debianhvm-amd64-xsm 1 build-check(1) blocked n/a
test-amd64-amd64-xl-qemuu-winxpsp3 1 build-check(1) blocked n/a
test-amd64-i386-xl-qemuu-winxpsp3-vcpus1 1 build-check(1) blocked n/a
test-amd64-i386-xl-qemuu-debianhvm-amd64-xsm 1 build-check(1) blocked n/a
test-amd64-amd64-xl-qemuu-ovmf-amd64 1 build-check(1) blocked n/a
test-amd64-i386-xl-qemuu-winxpsp3 1 build-check(1) blocked n/a
test-armhf-armhf-libvirt-xsm 12 migrate-support-check fail never pass
test-armhf-armhf-libvirt-xsm 14 guest-saverestore fail never pass
test-armhf-armhf-libvirt 14 guest-saverestore fail never pass
test-armhf-armhf-libvirt 12 migrate-support-check fail never pass
test-armhf-armhf-libvirt-qcow2 13 guest-saverestore fail never pass
test-armhf-armhf-libvirt-qcow2 11 migrate-support-check fail never pass
test-armhf-armhf-xl-xsm 13 saverestore-support-check fail never pass
test-armhf-armhf-xl-xsm 12 migrate-support-check fail never pass
test-armhf-armhf-xl 12 migrate-support-check fail never pass
test-armhf-armhf-xl 13 saverestore-support-check fail never pass
test-armhf-armhf-xl-midway 13 saverestore-support-check fail never pass
test-armhf-armhf-xl-midway 12 migrate-support-check fail never pass
test-armhf-armhf-xl-multivcpu 12 migrate-support-check fail never pass
test-armhf-armhf-xl-multivcpu 13 saverestore-support-check fail never pass
test-armhf-armhf-libvirt-raw 13 guest-saverestore fail never pass
test-armhf-armhf-libvirt-raw 11 migrate-support-check fail never pass
test-armhf-armhf-xl-credit2 13 saverestore-support-check fail never pass
test-armhf-armhf-xl-credit2 12 migrate-support-check fail never pass
test-armhf-armhf-xl-rtds 13 saverestore-support-check fail never pass
test-armhf-armhf-xl-rtds 12 migrate-support-check fail never pass
test-armhf-armhf-xl-vhd 11 migrate-support-check fail never pass
test-armhf-armhf-xl-vhd 12 saverestore-support-check fail never pass
version targeted for testing:
qemuu 35227e6a09a274b1496bfe16cbe2008e85fbeb5a
baseline version:
qemuu 6e378dd214fbbae8138ff011ec3de7ddf13a445f
Last test of basis 44196 2016-02-28 15:54:32 Z 1 days
Testing same since 44201 2016-03-01 04:24:54 Z 0 days 1 attempts
------------------------------------------------------------
People who touched revisions under test:
David Gibson <david@gibson.dropbear.id.au>
Greg Kurz <gkurz@linux.vnet.ibm.com>
Hervé Poussineau <hpoussin@reactos.org>
Mark Cave-Ayland <mark.cave-ayland@ilande.co.uk>
Peter Maydell <peter.maydell@linaro.org>
jobs:
build-amd64-xsm fail
build-armhf-xsm pass
build-i386-xsm pass
build-amd64 fail
build-armhf pass
build-i386 pass
build-amd64-libvirt blocked
build-armhf-libvirt pass
build-i386-libvirt pass
build-amd64-pvops fail
build-armhf-pvops pass
build-i386-pvops pass
test-amd64-amd64-xl blocked
test-armhf-armhf-xl pass
test-amd64-i386-xl blocked
test-amd64-amd64-libvirt-qemuu-debianhvm-amd64-xsm blocked
test-amd64-i386-libvirt-qemuu-debianhvm-amd64-xsm blocked
test-amd64-amd64-xl-qemuu-debianhvm-amd64-xsm blocked
test-amd64-i386-xl-qemuu-debianhvm-amd64-xsm blocked
test-amd64-amd64-libvirt-xsm blocked
test-armhf-armhf-libvirt-xsm fail
test-amd64-i386-libvirt-xsm blocked
test-amd64-amd64-xl-xsm blocked
test-armhf-armhf-xl-xsm pass
test-amd64-i386-xl-xsm blocked
test-amd64-amd64-qemuu-nested-amd blocked
test-amd64-amd64-xl-pvh-amd blocked
test-amd64-i386-qemuu-rhel6hvm-amd blocked
test-amd64-amd64-xl-qemuu-debianhvm-amd64 blocked
test-amd64-i386-xl-qemuu-debianhvm-amd64 blocked
test-amd64-i386-freebsd10-amd64 blocked
test-amd64-amd64-xl-qemuu-ovmf-amd64 blocked
test-amd64-i386-xl-qemuu-ovmf-amd64 blocked
test-amd64-amd64-xl-qemuu-win7-amd64 blocked
test-amd64-i386-xl-qemuu-win7-amd64 blocked
test-amd64-amd64-xl-credit2 blocked
test-armhf-armhf-xl-credit2 pass
test-amd64-i386-freebsd10-i386 blocked
test-amd64-amd64-qemuu-nested-intel blocked
test-amd64-amd64-xl-pvh-intel blocked
test-amd64-i386-qemuu-rhel6hvm-intel blocked
test-amd64-amd64-libvirt blocked
test-armhf-armhf-libvirt fail
test-amd64-i386-libvirt blocked
test-armhf-armhf-xl-midway pass
test-amd64-amd64-xl-multivcpu blocked
test-armhf-armhf-xl-multivcpu pass
test-amd64-amd64-pair blocked
test-amd64-i386-pair blocked
test-amd64-amd64-libvirt-pair blocked
test-amd64-i386-libvirt-pair blocked
test-amd64-amd64-amd64-pvgrub blocked
test-amd64-amd64-i386-pvgrub blocked
test-amd64-amd64-pygrub blocked
test-armhf-armhf-libvirt-qcow2 fail
test-amd64-amd64-xl-qcow2 blocked
test-armhf-armhf-libvirt-raw fail
test-amd64-i386-xl-raw blocked
test-amd64-amd64-xl-rtds blocked
test-armhf-armhf-xl-rtds pass
test-amd64-i386-xl-qemuu-winxpsp3-vcpus1 blocked
test-amd64-amd64-libvirt-vhd blocked
test-armhf-armhf-xl-vhd pass
test-amd64-amd64-xl-qemuu-winxpsp3 blocked
test-amd64-i386-xl-qemuu-winxpsp3 blocked
------------------------------------------------------------
sg-report-flight on osstest.xs.citrite.net
logs: /home/osstest/logs
images: /home/osstest/images
Logs, config files, etc. are available at
http://osstest.xs.citrite.net/~osstest/testlogs/logs
Test harness code can be found at
http://xenbits.xensource.com/gitweb?p=osstest.git;a=summary
Push not applicable.
------------------------------------------------------------
commit 35227e6a09a274b1496bfe16cbe2008e85fbeb5a
Merge: 6e378dd a005b3e
Author: Peter Maydell <peter.maydell@linaro.org>
Date: Mon Feb 29 10:51:11 2016 +0000
Merge remote-tracking branch 'remotes/dgibson/tags/ppc-for-2.6-20160229' into staging
ppc patch queue for 2016-02-29
Some more accumulated patches for target-ppc, pseries machine type and
related devices to fit in before the qemu-2.6 soft freeze.
* Mostly bugfixes and small cleanups for spapr and Mac platforms
# gpg: Signature made Mon 29 Feb 2016 06:56:34 GMT using RSA key ID 20D9B392
# gpg: Good signature from "David Gibson <david@gibson.dropbear.id.au>"
# gpg: aka "David Gibson (Red Hat) <dgibson@redhat.com>"
# gpg: aka "David Gibson (ozlabs.org) <dgibson@ozlabs.org>"
# gpg: WARNING: This key is not certified with sufficiently trusted signatures!
# gpg: It is not certain that the signature belongs to the owner.
# Primary key fingerprint: 75F4 6586 AE61 A66C C44E 87DC 6C38 CACA 20D9 B392
* remotes/dgibson/tags/ppc-for-2.6-20160229:
xics: report errors with the QEMU Error API
migration: allow machine to enforce configuration section migration
spapr: skip configuration section during migration of older machines
dbdma: warn when using unassigned channel
spapr: disable vmdesc submission for old machines
spapr_pci: fix irq leak in RTAS ibm,change-msi
spapr_pci: kill useless variable in rtas_ibm_change_msi()
spapr_rng: disable hotpluggability
Signed-off-by: Peter Maydell <peter.maydell@linaro.org>
commit a005b3ef50439b5bc6b2eb0b5bda8e8c7c2368bf
Author: Greg Kurz <gkurz@linux.vnet.ibm.com>
Date: Fri Feb 26 10:44:07 2016 +0100
xics: report errors with the QEMU Error API
Using the return value to report errors is error prone:
- xics_alloc() returns -1 on error but spapr_vio_busdev_realize() errors
on 0
- xics_alloc_block() returns the unclear value of ics->offset - 1 on error
but both rtas_ibm_change_msi() and spapr_phb_realize() error on 0
This patch adds an errp argument to xics_alloc() and xics_alloc_block() to
report errors. The return value of these functions is a valid IRQ number
if errp is NULL. It is undefined otherwise.
The corresponding error traces get promotted to error messages. Note that
the "can't allocate IRQ" error message in spapr_vio_busdev_realize() also
moves to xics_alloc(). Similar error message consolidation isn't really
applicable to xics_alloc_block() because callers have extra context (device
config address, MSI or MSIX).
This fixes the issues mentioned above.
Based on previous work from Brian W. Hart.
Signed-off-by: Greg Kurz <gkurz@linux.vnet.ibm.com>
Signed-off-by: David Gibson <david@gibson.dropbear.id.au>
commit 902c053d834e3b802ec736f170edf226d4a841ff
Author: Greg Kurz <gkurz@linux.vnet.ibm.com>
Date: Thu Feb 18 12:32:25 2016 +0100
migration: allow machine to enforce configuration section migration
Migration of pseries-2.3 doesn't have configuration section. Unfortunately,
QEMU 2.4/2.4.1/2.5 are buggy and always stream and expect the configuration
section, and break migration both ways.
This patch introduces a property which allows to enforce a configuration
section for machines who don't have one.
It can be set at startup:
-machine enforce-config-section=on
or later from the QEMU monitor:
qom-set /machine enforce-config-section on
It is up to the tooling to set or unset this property according to the
version of the QEMU at the other end of the pipe.
Signed-off-by: Greg Kurz <gkurz@linux.vnet.ibm.com>
Reviewed-by: Laurent Vivier <lvivier@redhat.com>
Reviewed-by: Juan Quintela <quintela@redhat.com>
Signed-off-by: David Gibson <david@gibson.dropbear.id.au>
commit 09b5e30da5b19f44768a5429f603caaede216757
Author: Greg Kurz <gkurz@linux.vnet.ibm.com>
Date: Thu Feb 18 12:32:18 2016 +0100
spapr: skip configuration section during migration of older machines
Since QEMU 2.4, we have a configuration section in the migration stream.
This must be skipped for older machines, like it is already done for x86.
This patch fixes the migration of pseries-2.3 from/to QEMU 2.3, but it
breaks migration of the same machine from/to QEMU 2.4/2.4.1/2.5. We do
that anyway because QEMU 2.3 is likely to be more widely deployed than
newer QEMU versions.
Fixes: 61964c23e5ddd5a33f15699e45ce126f879e3e33
Signed-off-by: Greg Kurz <gkurz@linux.vnet.ibm.com>
Reviewed-by: Laurent Vivier <lvivier@redhat.com>
Reviewed-by: Juan Quintela <quintela@redhat.com>
Signed-off-by: David Gibson <david@gibson.dropbear.id.au>
commit 2d7d06d847b78fc1487a1b8908a823089c6a53b6
Author: Hervé Poussineau <hpoussin@reactos.org>
Date: Thu Feb 25 13:02:11 2016 +0100
dbdma: warn when using unassigned channel
With this, it's easier to know if a guest uses an invalid and/or unimplemented
DMA channel.
Signed-off-by: Hervé Poussineau <hpoussin@reactos.org>
Reviewed-by: Thomas Huth <thuth@redhat.com>
Acked-by: Mark Cave-Ayland <mark.cave-ayland@ilande.co.uk>
Signed-off-by: David Gibson <david@gibson.dropbear.id.au>
commit cba0e7796be18f61f43e60bff6bff986851e359a
Author: Greg Kurz <gkurz@linux.vnet.ibm.com>
Date: Tue Feb 23 17:47:59 2016 +0100
spapr: disable vmdesc submission for old machines
Since QEMU 2.3, we have a vmdesc section in the migration stream.
This section is not mandatory but when migrating a pseries-2.2
machine from QEMU 2.2, you get a warning at the destination:
qemu-system-ppc64: Expected vmdescription section, but got 0
The warning goes away if we decide to skip vmdesc as well for
older pseries, like it is already done for pc's.
This can only be observed with -cpu POWER7 because POWER8
cannot migrate from QEMU 2.2 to 2.3 (insns_flags2 mismatch).
Signed-off-by: Greg Kurz <gkurz@linux.vnet.ibm.com>
Signed-off-by: David Gibson <david@gibson.dropbear.id.au>
commit ce266b75febdeee5b91ab630a7158ddff3e002fb
Author: Greg Kurz <gkurz@linux.vnet.ibm.com>
Date: Thu Feb 25 19:02:18 2016 +0100
spapr_pci: fix irq leak in RTAS ibm,change-msi
This RTAS call is used to request new interrupts or to free all interrupts.
If the driver has already allocated interrupts and asks again for a non-null
number of irqs, then the rtas_ibm_change_msi() function will silently leak
the previous interrupts.
It happens because xics_free() is only called when the driver releases all
interrupts (!req_num case). Note that the previously allocated spapr_pci_msi
is not leaked because the GHashTable is created with destroy functions and
g_hash_table_insert() hence frees the old value.
This patch makes sure any previously allocated MSIs are released when a
new allocation succeeds.
Signed-off-by: Greg Kurz <gkurz@linux.vnet.ibm.com>
Signed-off-by: David Gibson <david@gibson.dropbear.id.au>
commit d4a63ac8b19eb208465f27fde63f3cff7018fdfd
Author: Greg Kurz <gkurz@linux.vnet.ibm.com>
Date: Thu Feb 25 19:02:12 2016 +0100
spapr_pci: kill useless variable in rtas_ibm_change_msi()
The num local variable is initialized to zero and has no writer.
Signed-off-by: Greg Kurz <gkurz@linux.vnet.ibm.com>
Signed-off-by: David Gibson <david@gibson.dropbear.id.au>
commit 3d0db3e74d818ba43c62cdfb3220e551f4f5ae37
Author: Greg Kurz <gkurz@linux.vnet.ibm.com>
Date: Thu Feb 25 12:08:00 2016 +0100
spapr_rng: disable hotpluggability
It is currently possible to hotplug a spapr_rng device but QEMU crashes
when we try to hot unplug:
ERROR:hw/core/qdev.c:295:qdev_unplug: assertion failed: (hotplug_ctrl)
Aborted
This happens because spapr_rng isn't plugged to any bus and sPAPR does
not provide hotplug support for it: qdev_get_hotplug_handler() hence
return NULL and we hit the assertion.
And anyway, it doesn't make much sense to unplug this device since hcalls
cannot be unregistered. Even the idea of hotplugging a RNG device instead
of declaring it on the QEMU command line looks weird.
This patch simply disables hotpluggability for the spapr-rng class.
Signed-off-by: Greg Kurz <gkurz@linux.vnet.ibm.com>
Reviewed-by: Thomas Huth <thuth@redhat.com>
Signed-off-by: David Gibson <david@gibson.dropbear.id.au>
[-- Attachment #2: Type: text/plain, Size: 126 bytes --]
_______________________________________________
Xen-devel mailing list
Xen-devel@lists.xen.org
http://lists.xen.org/xen-devel
^ permalink raw reply [flat|nested] only message in thread
only message in thread, other threads:[~2016-03-01 13:06 UTC | newest]
Thread overview: (only message) (download: mbox.gz follow: Atom feed
-- links below jump to the message on this page --
2016-03-01 13:06 [qemu-mainline baseline-only test] 44201: regressions - FAIL Platform Team regression test user
This is a public inbox, see mirroring instructions
for how to clone and mirror all data and code used for this inbox;
as well as URLs for NNTP newsgroup(s).