* [seabios baseline-only test] 44204: tolerable FAIL
@ 2016-03-01 23:19 Platform Team regression test user
0 siblings, 0 replies; only message in thread
From: Platform Team regression test user @ 2016-03-01 23:19 UTC (permalink / raw)
To: xen-devel, osstest-admin
This run is configured for baseline tests only.
flight 44204 seabios real [real]
http://osstest.xs.citrite.net/~osstest/testlogs/logs/44204/
Failures :-/ but no regressions.
Regressions which are regarded as allowable (not blocking):
test-amd64-i386-xl-qemuu-win7-amd64 16 guest-stop fail blocked in 44177
Tests which did not succeed, but are not blocking:
test-amd64-amd64-qemuu-nested-amd 16 debian-hvm-install/l1/l2 fail never pass
test-amd64-i386-libvirt-qemuu-debianhvm-amd64-xsm 10 migrate-support-check fail never pass
test-amd64-amd64-libvirt-qemuu-debianhvm-amd64-xsm 10 migrate-support-check fail never pass
version targeted for testing:
seabios 3f478b9fcffe1810532192be9d1781f03999776d
baseline version:
seabios 3910de0dee216d5b5bf23cfa29bfc80d082b2ee7
Last test of basis 44177 2016-02-26 11:59:32 Z 4 days
Testing same since 44204 2016-03-01 18:21:00 Z 0 days 1 attempts
------------------------------------------------------------
People who touched revisions under test:
Gerd Hoffmann <kraxel@redhat.com>
Kevin O'Connor <kevin@koconnor.net>
Stefan Berger <stefanb@linux.vnet.ibm.com>
jobs:
build-amd64-xsm pass
build-i386-xsm pass
build-amd64 pass
build-i386 pass
build-amd64-libvirt pass
build-i386-libvirt pass
build-amd64-pvops pass
build-i386-pvops pass
test-amd64-amd64-libvirt-qemuu-debianhvm-amd64-xsm pass
test-amd64-i386-libvirt-qemuu-debianhvm-amd64-xsm pass
test-amd64-amd64-xl-qemuu-debianhvm-amd64-xsm pass
test-amd64-i386-xl-qemuu-debianhvm-amd64-xsm pass
test-amd64-amd64-qemuu-nested-amd fail
test-amd64-i386-qemuu-rhel6hvm-amd pass
test-amd64-amd64-xl-qemuu-debianhvm-amd64 pass
test-amd64-i386-xl-qemuu-debianhvm-amd64 pass
test-amd64-amd64-xl-qemuu-ovmf-amd64 pass
test-amd64-i386-xl-qemuu-ovmf-amd64 pass
test-amd64-amd64-xl-qemuu-win7-amd64 pass
test-amd64-i386-xl-qemuu-win7-amd64 fail
test-amd64-amd64-qemuu-nested-intel pass
test-amd64-i386-qemuu-rhel6hvm-intel pass
test-amd64-i386-xl-qemuu-winxpsp3-vcpus1 pass
test-amd64-amd64-xl-qemuu-winxpsp3 pass
test-amd64-i386-xl-qemuu-winxpsp3 pass
------------------------------------------------------------
sg-report-flight on osstest.xs.citrite.net
logs: /home/osstest/logs
images: /home/osstest/images
Logs, config files, etc. are available at
http://osstest.xs.citrite.net/~osstest/testlogs/logs
Test harness code can be found at
http://xenbits.xensource.com/gitweb?p=osstest.git;a=summary
Push not applicable.
------------------------------------------------------------
commit 3f478b9fcffe1810532192be9d1781f03999776d
Author: Gerd Hoffmann <kraxel@redhat.com>
Date: Sat Feb 20 15:20:15 2016 +0100
ahci: set transfer mode according to the capabilities of connected drive
Use case: cf cards behind sata-ide bridge, which might not support
the default transfer mode.
Based on a patch by Werner Zeh <werner.zeh@siemens.com>,
with some minor tweaks applied.
Signed-off-by: Gerd Hoffmann <kraxel@redhat.com>
commit 937840347a3da3f90ecf94393ef01e9300574340
Author: Kevin O'Connor <kevin@koconnor.net>
Date: Fri Feb 5 22:28:17 2016 -0500
tpm: Write logs in TPM 2 format
Add support for the TPM 2 format of log messages.
Write the logs in the format that is appropriate for the version of
the host's TPM. For TPM 1.2 write it in the 'pcpes' structure's
format, for TPM 2 in the new TPM 2 format.
By using this method we can keep the API interface on systems with a
TPM 2 even though applications pass in the 'pcpes' structures
directly. The log will still be written in the appropriate format.
The TPM 2 log contains a TPM 1.2 type of entry of event type
EV_NO_ACTION and entry of type TCG_EfiSpeIdEventStruct as the first
entry. This is described in the EFI specification (section 5.3):
Signed-off-by: Stefan Berger <stefanb@linux.vnet.ibm.com>
Signed-off-by: Kevin O'Connor <kevin@koconnor.net>
_______________________________________________
Xen-devel mailing list
Xen-devel@lists.xen.org
http://lists.xen.org/xen-devel
^ permalink raw reply [flat|nested] only message in thread
only message in thread, other threads:[~2016-03-01 23:19 UTC | newest]
Thread overview: (only message) (download: mbox.gz follow: Atom feed
-- links below jump to the message on this page --
2016-03-01 23:19 [seabios baseline-only test] 44204: tolerable FAIL Platform Team regression test user
This is a public inbox, see mirroring instructions
for how to clone and mirror all data and code used for this inbox;
as well as URLs for NNTP newsgroup(s).