From: Platform Team regression test user <citrix-osstest@xenproject.org>
To: xen-devel@lists.xensource.com, osstest-admin@xenproject.org
Subject: [xen-4.6-testing baseline-only test] 44211: regressions - FAIL
Date: Thu, 3 Mar 2016 14:52:12 +0000 [thread overview]
Message-ID: <osstest-44211-mainreport@xen.org> (raw)
This run is configured for baseline tests only.
flight 44211 xen-4.6-testing real [real]
http://osstest.xs.citrite.net/~osstest/testlogs/logs/44211/
Regressions :-(
Tests which did not succeed and are blocking,
including tests which could not be run:
test-armhf-armhf-xl-multivcpu 15 guest-start/debian.repeat fail REGR. vs. 44183
test-armhf-armhf-xl-xsm 11 guest-start fail REGR. vs. 44183
test-armhf-armhf-xl-vhd 14 guest-start/debian.repeat fail REGR. vs. 44183
test-amd64-amd64-i386-pvgrub 10 guest-start fail REGR. vs. 44183
test-armhf-armhf-libvirt-raw 9 debian-di-install fail REGR. vs. 44183
Regressions which are regarded as allowable (not blocking):
test-amd64-i386-xl-qemut-stubdom-debianhvm-amd64-xsm 9 debian-hvm-install fail like 44183
test-amd64-amd64-rumpuserxen-amd64 15 rumpuserxen-demo-xenstorels/xenstorels.repeat fail like 44183
test-amd64-i386-rumpuserxen-i386 15 rumpuserxen-demo-xenstorels/xenstorels.repeat fail like 44183
test-amd64-amd64-xl-credit2 19 guest-start/debian.repeat fail like 44183
test-amd64-amd64-xl 19 guest-start/debian.repeat fail like 44183
test-amd64-i386-xl-qemut-win7-amd64 16 guest-stop fail like 44183
test-amd64-amd64-xl-qemuu-win7-amd64 16 guest-stop fail like 44183
test-amd64-amd64-qemuu-nested-intel 16 debian-hvm-install/l1/l2 fail like 44183
test-amd64-i386-xl-qemuu-win7-amd64 16 guest-stop fail like 44183
Tests which did not succeed, but are not blocking:
test-armhf-armhf-libvirt-xsm 12 migrate-support-check fail never pass
test-armhf-armhf-libvirt-xsm 14 guest-saverestore fail never pass
test-armhf-armhf-libvirt 14 guest-saverestore fail never pass
test-armhf-armhf-libvirt 12 migrate-support-check fail never pass
test-amd64-amd64-xl-pvh-amd 11 guest-start fail never pass
test-amd64-amd64-xl-pvh-intel 11 guest-start fail never pass
test-armhf-armhf-xl-multivcpu 13 saverestore-support-check fail never pass
test-armhf-armhf-xl-multivcpu 12 migrate-support-check fail never pass
test-armhf-armhf-libvirt-qcow2 11 migrate-support-check fail never pass
test-armhf-armhf-libvirt-qcow2 13 guest-saverestore fail never pass
test-armhf-armhf-xl-midway 13 saverestore-support-check fail never pass
test-armhf-armhf-xl-midway 12 migrate-support-check fail never pass
test-armhf-armhf-xl-credit2 13 saverestore-support-check fail never pass
test-armhf-armhf-xl-credit2 12 migrate-support-check fail never pass
test-armhf-armhf-xl 12 migrate-support-check fail never pass
test-armhf-armhf-xl 13 saverestore-support-check fail never pass
test-armhf-armhf-xl-rtds 13 saverestore-support-check fail never pass
test-armhf-armhf-xl-rtds 12 migrate-support-check fail never pass
test-amd64-amd64-libvirt-xsm 12 migrate-support-check fail never pass
test-amd64-i386-libvirt 12 migrate-support-check fail never pass
test-amd64-amd64-libvirt 12 migrate-support-check fail never pass
test-amd64-i386-libvirt-xsm 12 migrate-support-check fail never pass
test-armhf-armhf-xl-vhd 11 migrate-support-check fail never pass
test-armhf-armhf-xl-vhd 12 saverestore-support-check fail never pass
test-amd64-i386-libvirt-qemuu-debianhvm-amd64-xsm 10 migrate-support-check fail never pass
test-amd64-amd64-qemuu-nested-amd 16 debian-hvm-install/l1/l2 fail never pass
test-amd64-amd64-xl-qemut-win7-amd64 16 guest-stop fail never pass
test-amd64-amd64-libvirt-vhd 11 migrate-support-check fail never pass
test-amd64-amd64-libvirt-qemuu-debianhvm-amd64-xsm 10 migrate-support-check fail never pass
version targeted for testing:
xen 842e19d951c04c99c27a0fa2bca3d1e6cccc77a3
baseline version:
xen 046e5d0218a0600f9a21fd3b5a5ccfbaaf4357b6
Last test of basis 44183 2016-02-26 15:51:16 Z 5 days
Testing same since 44211 2016-03-03 03:27:10 Z 0 days 1 attempts
------------------------------------------------------------
People who touched revisions under test:
Ian Campbell <ian.campbell@citrix.com>
Ian Jackson <ian.jackson@eu.citrix.com>
Olaf Hering <olaf@aepfle.de>
Wei Liu <wei.liu2@citrix.com>
jobs:
build-amd64-xsm pass
build-armhf-xsm pass
build-i386-xsm pass
build-amd64 pass
build-armhf pass
build-i386 pass
build-amd64-libvirt pass
build-armhf-libvirt pass
build-i386-libvirt pass
build-amd64-prev pass
build-i386-prev pass
build-amd64-pvops pass
build-armhf-pvops pass
build-i386-pvops pass
build-amd64-rumpuserxen pass
build-i386-rumpuserxen pass
test-amd64-amd64-xl fail
test-armhf-armhf-xl pass
test-amd64-i386-xl pass
test-amd64-amd64-xl-qemut-debianhvm-amd64-xsm pass
test-amd64-i386-xl-qemut-debianhvm-amd64-xsm pass
test-amd64-amd64-libvirt-qemuu-debianhvm-amd64-xsm pass
test-amd64-i386-libvirt-qemuu-debianhvm-amd64-xsm pass
test-amd64-amd64-xl-qemuu-debianhvm-amd64-xsm pass
test-amd64-i386-xl-qemuu-debianhvm-amd64-xsm pass
test-amd64-amd64-xl-qemut-stubdom-debianhvm-amd64-xsm pass
test-amd64-i386-xl-qemut-stubdom-debianhvm-amd64-xsm fail
test-amd64-amd64-libvirt-xsm pass
test-armhf-armhf-libvirt-xsm fail
test-amd64-i386-libvirt-xsm pass
test-amd64-amd64-xl-xsm pass
test-armhf-armhf-xl-xsm fail
test-amd64-i386-xl-xsm pass
test-amd64-amd64-qemuu-nested-amd fail
test-amd64-amd64-xl-pvh-amd fail
test-amd64-i386-qemut-rhel6hvm-amd pass
test-amd64-i386-qemuu-rhel6hvm-amd pass
test-amd64-amd64-xl-qemut-debianhvm-amd64 pass
test-amd64-i386-xl-qemut-debianhvm-amd64 pass
test-amd64-amd64-xl-qemuu-debianhvm-amd64 pass
test-amd64-i386-xl-qemuu-debianhvm-amd64 pass
test-amd64-i386-freebsd10-amd64 pass
test-amd64-amd64-xl-qemuu-ovmf-amd64 pass
test-amd64-i386-xl-qemuu-ovmf-amd64 pass
test-amd64-amd64-rumpuserxen-amd64 fail
test-amd64-amd64-xl-qemut-win7-amd64 fail
test-amd64-i386-xl-qemut-win7-amd64 fail
test-amd64-amd64-xl-qemuu-win7-amd64 fail
test-amd64-i386-xl-qemuu-win7-amd64 fail
test-amd64-amd64-xl-credit2 fail
test-armhf-armhf-xl-credit2 pass
test-amd64-i386-freebsd10-i386 pass
test-amd64-i386-rumpuserxen-i386 fail
test-amd64-amd64-qemuu-nested-intel fail
test-amd64-amd64-xl-pvh-intel fail
test-amd64-i386-qemut-rhel6hvm-intel pass
test-amd64-i386-qemuu-rhel6hvm-intel pass
test-amd64-amd64-libvirt pass
test-armhf-armhf-libvirt fail
test-amd64-i386-libvirt pass
test-armhf-armhf-xl-midway pass
test-amd64-amd64-migrupgrade pass
test-amd64-i386-migrupgrade pass
test-amd64-amd64-xl-multivcpu pass
test-armhf-armhf-xl-multivcpu fail
test-amd64-amd64-pair pass
test-amd64-i386-pair pass
test-amd64-amd64-libvirt-pair pass
test-amd64-i386-libvirt-pair pass
test-amd64-amd64-amd64-pvgrub pass
test-amd64-amd64-i386-pvgrub fail
test-amd64-amd64-pygrub pass
test-armhf-armhf-libvirt-qcow2 fail
test-amd64-amd64-xl-qcow2 pass
test-armhf-armhf-libvirt-raw fail
test-amd64-i386-xl-raw pass
test-amd64-amd64-xl-rtds pass
test-armhf-armhf-xl-rtds pass
test-amd64-i386-xl-qemut-winxpsp3-vcpus1 pass
test-amd64-i386-xl-qemuu-winxpsp3-vcpus1 pass
test-amd64-amd64-libvirt-vhd pass
test-armhf-armhf-xl-vhd fail
test-amd64-amd64-xl-qemut-winxpsp3 pass
test-amd64-i386-xl-qemut-winxpsp3 pass
test-amd64-amd64-xl-qemuu-winxpsp3 pass
test-amd64-i386-xl-qemuu-winxpsp3 pass
------------------------------------------------------------
sg-report-flight on osstest.xs.citrite.net
logs: /home/osstest/logs
images: /home/osstest/images
Logs, config files, etc. are available at
http://osstest.xs.citrite.net/~osstest/testlogs/logs
Test harness code can be found at
http://xenbits.xensource.com/gitweb?p=osstest.git;a=summary
Push not applicable.
------------------------------------------------------------
commit 842e19d951c04c99c27a0fa2bca3d1e6cccc77a3
Author: Olaf Hering <olaf@aepfle.de>
Date: Thu Feb 11 15:38:14 2016 +0000
tools/console: correct make dependencies for _paths.h
Correct dependencies for _paths.h to avoid build failure with make -j.
Only main.c requires _paths.h. This fixes commit 8398ec70 ("xenconsole:
Ensure exclusive access to console using locks")
Signed-off-by: Olaf Hering <olaf@aepfle.de>
Cc: Ian Jackson <ian.jackson@eu.citrix.com>
Cc: Stefano Stabellini <stefano.stabellini@eu.citrix.com>
Cc: Ian Campbell <ian.campbell@citrix.com>
Cc: Wei Liu <wei.liu2@citrix.com>
Acked-by: Ian Campbell <ian.campbell@citrix.com>
(cherry picked from commit 77fec3a67b6881e8203e44f8d18e9fd2c160c903)
commit 6c9b1bcce4fcc872edddd44f88390a67d5954069
Author: Ian Campbell <ian.campbell@citrix.com>
Date: Thu Nov 5 14:46:12 2015 +0000
tools: pygrub: if partition table is empty, try treating as a whole disk
pygrub (in identify_disk_image()) detects a DOS style partition table
via the presence of the 0xaa55 signature at the end of the first
sector of the disk.
However this signature is also present in whole-disk configurations
when there is an MBR on the disk. Many filesystems (e.g. ext[234])
include leading padding in their on disk format specifically to enable
this.
So if we think we have a DOS partition table but do not find any
actual partition table entries we may as well try looking at it as a
whole disk image. Worst case is we probe and find there isn't anything
there.
This was reported by Sjors Gielen in Debian bug #745419. The fix was
inspired by a patch by Adi Kriegisch in
https://bugs.debian.org/cgi-bin/bugreport.cgi?bug=745419#27
Tested by genext2fs'ing my /boot into a new raw image (works) and
then:
dd if=/usr/lib/grub/i386-pc/g2ldr.mbr of=img conv=notrunc bs=512 count=1
to add an MBR (with 0xaa55 signature) to it, which after this patch
also works.
Signed-off-by: Ian Campbell <ian.campbell@citrix.com>
Acked-by: Wei Liu <wei.liu2@citrix.com>
Acked-by: Ian Jackson <ian.jackson@eu.citrix.com>
Cc: 745419-forwarded@bugs.debian.org
(cherry picked from commit fb31b1475f1bf179f033b8de3f0e173006fd77e9)
(qemu changes not included)
_______________________________________________
Xen-devel mailing list
Xen-devel@lists.xen.org
http://lists.xen.org/xen-devel
reply other threads:[~2016-03-03 14:52 UTC|newest]
Thread overview: [no followups] expand[flat|nested] mbox.gz Atom feed
Reply instructions:
You may reply publicly to this message via plain-text email
using any one of the following methods:
* Save the following mbox file, import it into your mail client,
and reply-to-all from there: mbox
Avoid top-posting and favor interleaved quoting:
https://en.wikipedia.org/wiki/Posting_style#Interleaved_style
* Reply using the --to, --cc, and --in-reply-to
switches of git-send-email(1):
git send-email \
--in-reply-to=osstest-44211-mainreport@xen.org \
--to=citrix-osstest@xenproject.org \
--cc=osstest-admin@xenproject.org \
--cc=xen-devel@lists.xensource.com \
/path/to/YOUR_REPLY
https://kernel.org/pub/software/scm/git/docs/git-send-email.html
* If your mail client supports setting the In-Reply-To header
via mailto: links, try the mailto: link
Be sure your reply has a Subject: header at the top and a blank line
before the message body.
This is a public inbox, see mirroring instructions
for how to clone and mirror all data and code used for this inbox;
as well as URLs for NNTP newsgroup(s).