xen-devel.lists.xenproject.org archive mirror
 help / color / mirror / Atom feed
* [linux-3.10 baseline-only test] 44220: tolerable FAIL
@ 2016-03-05 14:19 Platform Team regression test user
  0 siblings, 0 replies; only message in thread
From: Platform Team regression test user @ 2016-03-05 14:19 UTC (permalink / raw)
  To: xen-devel, osstest-admin

[-- Attachment #1: Type: text/plain, Size: 12111 bytes --]

This run is configured for baseline tests only.

flight 44220 linux-3.10 real [real]
http://osstest.xs.citrite.net/~osstest/testlogs/logs/44220/

Failures :-/ but no regressions.

Regressions which are regarded as allowable (not blocking):
 build-i386-rumpuserxen        6 xen-build                    fail   like 44194
 test-amd64-amd64-xl-credit2  19 guest-start/debian.repeat    fail   like 44194
 build-amd64-rumpuserxen       6 xen-build                    fail   like 44194
 test-amd64-amd64-amd64-pvgrub 10 guest-start                  fail  like 44194
 test-amd64-i386-xl-qemut-win7-amd64 16 guest-stop              fail like 44194
 test-amd64-amd64-xl-qemuu-win7-amd64 16 guest-stop             fail like 44194
 test-amd64-amd64-xl-qemut-winxpsp3  9 windows-install          fail like 44194

Tests which did not succeed, but are not blocking:
 test-amd64-amd64-rumpuserxen-amd64  1 build-check(1)               blocked n/a
 test-amd64-i386-rumpuserxen-i386  1 build-check(1)               blocked  n/a
 test-amd64-amd64-xl-pvh-intel 11 guest-start                  fail  never pass
 test-amd64-amd64-xl-pvh-amd  11 guest-start                  fail   never pass
 test-amd64-amd64-libvirt-xsm 12 migrate-support-check        fail   never pass
 test-amd64-i386-libvirt      12 migrate-support-check        fail   never pass
 test-amd64-amd64-libvirt     12 migrate-support-check        fail   never pass
 test-amd64-i386-libvirt-xsm  12 migrate-support-check        fail   never pass
 test-amd64-i386-libvirt-qemuu-debianhvm-amd64-xsm 10 migrate-support-check fail never pass
 test-amd64-amd64-qemuu-nested-amd 16 debian-hvm-install/l1/l2  fail never pass
 test-amd64-amd64-libvirt-qemuu-debianhvm-amd64-xsm 10 migrate-support-check fail never pass
 test-amd64-amd64-xl-qemut-win7-amd64 16 guest-stop             fail never pass
 test-amd64-i386-xl-qemuu-win7-amd64 16 guest-stop              fail never pass
 test-amd64-amd64-libvirt-vhd 11 migrate-support-check        fail   never pass

version targeted for testing:
 linux                e39c17904aadf3a107b2bc292c03bfd9f850fd08
baseline version:
 linux                90915bdf5d75f981251d78f45dce37d39e679ac1

Last test of basis    44194  2016-02-27 16:55:20 Z    6 days
Testing same since    44220  2016-03-05 05:53:23 Z    0 days    1 attempts

------------------------------------------------------------
People who touched revisions under test:
  Akshay Bhat <akshay.bhat@timesys.com>
  Al Viro <viro@zeniv.linux.org.uk>
  Alex Deucher <alexander.deucher@amd.com>
  Alexey Charkov <alchark@gmail.com>
  Anand Jain <anand.jain@oracle.com>
  Andrey Ryabinin <aryabinin@virtuozzo.com>
  Andrey Skvortsov <andrej.skvortzov@gmail.com>
  Andrey Vagin <avagin@openvz.org>
  Antonio Ospite <ao2@ao2.it>
  Ard Biesheuvel <ard.biesheuvel@linaro.org>
  Arnaldo Carvalho de Melo <acme@redhat.com>
  Bjorn Helgaas <bhelgaas@google.com>
  Bjørn Mork <bjorn@mork.no>
  Bruce Ford <bford@micron.com>
  Christian Borntraeger <borntraeger@de.ibm.com>
  Christoph Hellwig <hch@lst.de>
  Christophe Leroy <christophe.leroy@c-s.fr>
  Corey Wright <undefined@pobox.com>
  Dan Carpenter <dan.carpenter@oracle.com>
  Daniel Lezcano <daniel.lezcano@linaro.org>
  Dave Airlie <airlied@redhat.com>
  David S. Miller <davem@davemloft.net>
  David Sterba <dsterba@suse.com>
  David Vrabel <david.vrabel@citrix.com>
  Dmitry V. Levin <ldv@altlinux.org>
  Doug Ledford <dledford@redhat.com>
  Egbert Eich <eich@suse.de>
  Eric Dumazet <edumazet@google.com>
  Eric Wheeler <bcache@linux.ewheeler.net>
  Filipe Manana <fdmanana@suse.com>
  Gerhard Uttenthaler <uttenthaler@ems-wuensche.com>
  Greg Kroah-Hartman <gregkh@linuxfoundation.org>
  Hannes Frederic Sowa <hannes@stressinduktion.org>
  Hans Verkuil <hans.verkuil@cisco.com>
  Hariprasad S <hariprasad@chelsio.com>
  Hariprasad Shenai <hariprasad@chelsio.com>
  Heiko Carstens <heiko.carstens@de.ibm.com>
  Ilya Dryomov <idryomov@gmail.com>
  Ingo Molnar <mingo@kernel.org>
  J. Bruce Fields <bfields@redhat.com>
  James Bottomley <James.Bottomley@HansenPartnership.com>
  James Hogan <james.hogan@imgtec.com>
  Jan Kara <jack@suse.cz>
  Jann Horn <jann@thejh.net>
  Jens Axboe <axboe@fb.com>
  Joe Thornber <ejt@redhat.com>
  Johan Hovold <johan@kernel.org>
  Johannes Berg <johannes.berg@intel.com>
  Josef Bacik <jbacik@fb.com>
  Joshua Schmid <jschmid@suse.com>
  Kamal Mostafa <kamal@canonical.com>
  Kashyap Desai <kashyap.desai@avagotech.com>
  Kees Cook <keescook@chromium.org>
  Ken Lin <ken.lin@advantech.com.tw>
  Kirill A. Shutemov <kirill@shutemov.name>
  Konrad Rzeszutek Wilk <konrad.wilk@oracle.com>
  Linus Torvalds <torvalds@linux-foundation.org>
  Linus Walleij <linus.walleij@linaro.org>
  Luca Porzio <lporzio@micron.com>
  Luis Henriques <luis.henriques@canonical.com>
  Malcolm Priestley <tvboxspy@gmail.com>
  Marc Kleine-Budde <mkl@pengutronix.de>
  Martin K. Petersen <martin.petersen@oracle.com>
  Martin Schwidefsky <schwidefsky@de.ibm.com>
  Matt Fleming <matt.fleming@intel.com>
  Mauro Carvalho Chehab <mchehab@osg.samsung.com>
  Michael S. Tsirkin <mst@redhat.com>
  Mike Marciniszyn <mike.marciniszyn@intel.com>
  Mike Snitzer <snitzer@redhat.com>
  Mikulas Patocka <mpatocka@redhat.com>
  Mirza Krak <mirza.krak@hostmobility.com>
  Nicolai Hähnle <nicolai.haehnle@amd.com>
  Nikolay Borisov <kernel@kyup.com>
  Olga Kornievskaia <aglo@umich.edu>
  Oliver Neukum <oneukum@suse.com>
  Pablo Neira Ayuso <pablo@netfilter.org>
  Paolo Bonzini <pbonzini@redhat.com>
  Pavel Machek <pavel@ucw.cz>
  Pavel Tikhomirov <ptikhomirov@virtuozzo.com>
  Peter Zijlstra (Intel) <peterz@infradead.org>
  Quentin Casasnovas <quentin.casasnovas@oracle.com>
  Rasmus Villemoes <linux@rasmusvillemoes.dk>
  Richard Cochran <richardcochran@gmail.com>
  Richard Weinberger <richard@nod.at>
  Rob Clark <robdclark@gmail.com>
  Roman Volkov <rvolkov@v1ros.org>
  Russell King <rmk+kernel@arm.linux.org.uk>
  Santosh Shilimkar <santosh.shilimkar@oracle.com>
  Sasha Levin <sasha.levin@oracle.com>
  Sebastian Andrzej Siewior <bigeasy@linutronix.de>
  Sebastian Reichel <sre@kernel.org>
  Simon Guinot <simon.guinot@sequanux.org>
  Stefan Haberland <stefan.haberland@de.ibm.com>
  Stefan Hajnoczi <stefanha@redhat.com>
  Steve Wise <swise@opengridcomputing.com>
  Steven Rostedt (Red Hat) <rostedt@goodmis.org>
  Steven Rostedt <rostedt@goodmis.org>
  Suman Anna <s-anna@ti.com>
  Sumit Saxena <sumit.saxena@avagotech.com>
  sumit.saxena@avagotech.com <sumit.saxena@avagotech.com>
  Tejun Heo <tj@kernel.org>
  Thomas Gleixner <tglx@linutronix.de>
  Trond Myklebust <trond.myklebust@primarydata.com>
  Ulf Hansson <ulf.hansson@linaro.org>
  Valentin Rothberg <valentinrothberg@gmail.com>
  Varada Kari <Varada.Kari@sandisk.com>
  Vegard Nossum <vegard.nossum@oracle.com>
  Vincent Donnefort <vdonnefort@gmail.com>
  Vineet Gupta <vgupta@synopsys.com>
  Willy Tarreau <w@1wt.eu>
  Zheng Liu <wenqing.lz@taobao.com>

jobs:
 build-amd64-xsm                                              pass    
 build-i386-xsm                                               pass    
 build-amd64                                                  pass    
 build-i386                                                   pass    
 build-amd64-libvirt                                          pass    
 build-i386-libvirt                                           pass    
 build-amd64-pvops                                            pass    
 build-i386-pvops                                             pass    
 build-amd64-rumpuserxen                                      fail    
 build-i386-rumpuserxen                                       fail    
 test-amd64-amd64-xl                                          pass    
 test-amd64-i386-xl                                           pass    
 test-amd64-amd64-xl-qemut-debianhvm-amd64-xsm                pass    
 test-amd64-i386-xl-qemut-debianhvm-amd64-xsm                 pass    
 test-amd64-amd64-libvirt-qemuu-debianhvm-amd64-xsm           pass    
 test-amd64-i386-libvirt-qemuu-debianhvm-amd64-xsm            pass    
 test-amd64-amd64-xl-qemuu-debianhvm-amd64-xsm                pass    
 test-amd64-i386-xl-qemuu-debianhvm-amd64-xsm                 pass    
 test-amd64-amd64-xl-qemut-stubdom-debianhvm-amd64-xsm        pass    
 test-amd64-i386-xl-qemut-stubdom-debianhvm-amd64-xsm         pass    
 test-amd64-amd64-libvirt-xsm                                 pass    
 test-amd64-i386-libvirt-xsm                                  pass    
 test-amd64-amd64-xl-xsm                                      pass    
 test-amd64-i386-xl-xsm                                       pass    
 test-amd64-amd64-qemuu-nested-amd                            fail    
 test-amd64-amd64-xl-pvh-amd                                  fail    
 test-amd64-i386-qemut-rhel6hvm-amd                           pass    
 test-amd64-i386-qemuu-rhel6hvm-amd                           pass    
 test-amd64-amd64-xl-qemut-debianhvm-amd64                    pass    
 test-amd64-i386-xl-qemut-debianhvm-amd64                     pass    
 test-amd64-amd64-xl-qemuu-debianhvm-amd64                    pass    
 test-amd64-i386-xl-qemuu-debianhvm-amd64                     pass    
 test-amd64-i386-freebsd10-amd64                              pass    
 test-amd64-amd64-xl-qemuu-ovmf-amd64                         pass    
 test-amd64-i386-xl-qemuu-ovmf-amd64                          pass    
 test-amd64-amd64-rumpuserxen-amd64                           blocked 
 test-amd64-amd64-xl-qemut-win7-amd64                         fail    
 test-amd64-i386-xl-qemut-win7-amd64                          fail    
 test-amd64-amd64-xl-qemuu-win7-amd64                         fail    
 test-amd64-i386-xl-qemuu-win7-amd64                          fail    
 test-amd64-amd64-xl-credit2                                  fail    
 test-amd64-i386-freebsd10-i386                               pass    
 test-amd64-i386-rumpuserxen-i386                             blocked 
 test-amd64-amd64-qemuu-nested-intel                          pass    
 test-amd64-amd64-xl-pvh-intel                                fail    
 test-amd64-i386-qemut-rhel6hvm-intel                         pass    
 test-amd64-i386-qemuu-rhel6hvm-intel                         pass    
 test-amd64-amd64-libvirt                                     pass    
 test-amd64-i386-libvirt                                      pass    
 test-amd64-amd64-xl-multivcpu                                pass    
 test-amd64-amd64-pair                                        pass    
 test-amd64-i386-pair                                         pass    
 test-amd64-amd64-libvirt-pair                                pass    
 test-amd64-i386-libvirt-pair                                 pass    
 test-amd64-amd64-amd64-pvgrub                                fail    
 test-amd64-amd64-i386-pvgrub                                 pass    
 test-amd64-amd64-pygrub                                      pass    
 test-amd64-amd64-xl-qcow2                                    pass    
 test-amd64-i386-xl-raw                                       pass    
 test-amd64-amd64-xl-rtds                                     pass    
 test-amd64-i386-xl-qemut-winxpsp3-vcpus1                     pass    
 test-amd64-i386-xl-qemuu-winxpsp3-vcpus1                     pass    
 test-amd64-amd64-libvirt-vhd                                 pass    
 test-amd64-amd64-xl-qemut-winxpsp3                           fail    
 test-amd64-i386-xl-qemut-winxpsp3                            pass    
 test-amd64-amd64-xl-qemuu-winxpsp3                           pass    
 test-amd64-i386-xl-qemuu-winxpsp3                            pass    


------------------------------------------------------------
sg-report-flight on osstest.xs.citrite.net
logs: /home/osstest/logs
images: /home/osstest/images

Logs, config files, etc. are available at
    http://osstest.xs.citrite.net/~osstest/testlogs/logs

Test harness code can be found at
    http://xenbits.xensource.com/gitweb?p=osstest.git;a=summary


Push not applicable.

(No revision log; it would be 2408 lines long.)


[-- Attachment #2: Type: text/plain, Size: 126 bytes --]

_______________________________________________
Xen-devel mailing list
Xen-devel@lists.xen.org
http://lists.xen.org/xen-devel

^ permalink raw reply	[flat|nested] only message in thread

only message in thread, other threads:[~2016-03-05 14:19 UTC | newest]

Thread overview: (only message) (download: mbox.gz follow: Atom feed
-- links below jump to the message on this page --
2016-03-05 14:19 [linux-3.10 baseline-only test] 44220: tolerable FAIL Platform Team regression test user

This is a public inbox, see mirroring instructions
for how to clone and mirror all data and code used for this inbox;
as well as URLs for NNTP newsgroup(s).