From mboxrd@z Thu Jan 1 00:00:00 1970 From: Platform Team regression test user Subject: [linux-3.10 baseline-only test] 44220: tolerable FAIL Date: Sat, 5 Mar 2016 14:19:57 +0000 Message-ID: Mime-Version: 1.0 Content-Type: multipart/mixed; boundary="===============3530511967038430733==" Return-path: List-Unsubscribe: , List-Post: List-Help: List-Subscribe: , Errors-To: xen-devel-bounces@lists.xen.org Sender: "Xen-devel" To: xen-devel@lists.xensource.com, osstest-admin@xenproject.org List-Id: xen-devel@lists.xenproject.org --===============3530511967038430733== Content-Type: text/plain This run is configured for baseline tests only. flight 44220 linux-3.10 real [real] http://osstest.xs.citrite.net/~osstest/testlogs/logs/44220/ Failures :-/ but no regressions. Regressions which are regarded as allowable (not blocking): build-i386-rumpuserxen 6 xen-build fail like 44194 test-amd64-amd64-xl-credit2 19 guest-start/debian.repeat fail like 44194 build-amd64-rumpuserxen 6 xen-build fail like 44194 test-amd64-amd64-amd64-pvgrub 10 guest-start fail like 44194 test-amd64-i386-xl-qemut-win7-amd64 16 guest-stop fail like 44194 test-amd64-amd64-xl-qemuu-win7-amd64 16 guest-stop fail like 44194 test-amd64-amd64-xl-qemut-winxpsp3 9 windows-install fail like 44194 Tests which did not succeed, but are not blocking: test-amd64-amd64-rumpuserxen-amd64 1 build-check(1) blocked n/a test-amd64-i386-rumpuserxen-i386 1 build-check(1) blocked n/a test-amd64-amd64-xl-pvh-intel 11 guest-start fail never pass test-amd64-amd64-xl-pvh-amd 11 guest-start fail never pass test-amd64-amd64-libvirt-xsm 12 migrate-support-check fail never pass test-amd64-i386-libvirt 12 migrate-support-check fail never pass test-amd64-amd64-libvirt 12 migrate-support-check fail never pass test-amd64-i386-libvirt-xsm 12 migrate-support-check fail never pass test-amd64-i386-libvirt-qemuu-debianhvm-amd64-xsm 10 migrate-support-check fail never pass test-amd64-amd64-qemuu-nested-amd 16 debian-hvm-install/l1/l2 fail never pass test-amd64-amd64-libvirt-qemuu-debianhvm-amd64-xsm 10 migrate-support-check fail never pass test-amd64-amd64-xl-qemut-win7-amd64 16 guest-stop fail never pass test-amd64-i386-xl-qemuu-win7-amd64 16 guest-stop fail never pass test-amd64-amd64-libvirt-vhd 11 migrate-support-check fail never pass version targeted for testing: linux e39c17904aadf3a107b2bc292c03bfd9f850fd08 baseline version: linux 90915bdf5d75f981251d78f45dce37d39e679ac1 Last test of basis 44194 2016-02-27 16:55:20 Z 6 days Testing same since 44220 2016-03-05 05:53:23 Z 0 days 1 attempts ------------------------------------------------------------ People who touched revisions under test: Akshay Bhat Al Viro Alex Deucher Alexey Charkov Anand Jain Andrey Ryabinin Andrey Skvortsov Andrey Vagin Antonio Ospite Ard Biesheuvel Arnaldo Carvalho de Melo Bjorn Helgaas Bjørn Mork Bruce Ford Christian Borntraeger Christoph Hellwig Christophe Leroy Corey Wright Dan Carpenter Daniel Lezcano Dave Airlie David S. Miller David Sterba David Vrabel Dmitry V. Levin Doug Ledford Egbert Eich Eric Dumazet Eric Wheeler Filipe Manana Gerhard Uttenthaler Greg Kroah-Hartman Hannes Frederic Sowa Hans Verkuil Hariprasad S Hariprasad Shenai Heiko Carstens Ilya Dryomov Ingo Molnar J. Bruce Fields James Bottomley James Hogan Jan Kara Jann Horn Jens Axboe Joe Thornber Johan Hovold Johannes Berg Josef Bacik Joshua Schmid Kamal Mostafa Kashyap Desai Kees Cook Ken Lin Kirill A. Shutemov Konrad Rzeszutek Wilk Linus Torvalds Linus Walleij Luca Porzio Luis Henriques Malcolm Priestley Marc Kleine-Budde Martin K. Petersen Martin Schwidefsky Matt Fleming Mauro Carvalho Chehab Michael S. Tsirkin Mike Marciniszyn Mike Snitzer Mikulas Patocka Mirza Krak Nicolai Hähnle Nikolay Borisov Olga Kornievskaia Oliver Neukum Pablo Neira Ayuso Paolo Bonzini Pavel Machek Pavel Tikhomirov Peter Zijlstra (Intel) Quentin Casasnovas Rasmus Villemoes Richard Cochran Richard Weinberger Rob Clark Roman Volkov Russell King Santosh Shilimkar Sasha Levin Sebastian Andrzej Siewior Sebastian Reichel Simon Guinot Stefan Haberland Stefan Hajnoczi Steve Wise Steven Rostedt (Red Hat) Steven Rostedt Suman Anna Sumit Saxena sumit.saxena@avagotech.com Tejun Heo Thomas Gleixner Trond Myklebust Ulf Hansson Valentin Rothberg Varada Kari Vegard Nossum Vincent Donnefort Vineet Gupta Willy Tarreau Zheng Liu jobs: build-amd64-xsm pass build-i386-xsm pass build-amd64 pass build-i386 pass build-amd64-libvirt pass build-i386-libvirt pass build-amd64-pvops pass build-i386-pvops pass build-amd64-rumpuserxen fail build-i386-rumpuserxen fail test-amd64-amd64-xl pass test-amd64-i386-xl pass test-amd64-amd64-xl-qemut-debianhvm-amd64-xsm pass test-amd64-i386-xl-qemut-debianhvm-amd64-xsm pass test-amd64-amd64-libvirt-qemuu-debianhvm-amd64-xsm pass test-amd64-i386-libvirt-qemuu-debianhvm-amd64-xsm pass test-amd64-amd64-xl-qemuu-debianhvm-amd64-xsm pass test-amd64-i386-xl-qemuu-debianhvm-amd64-xsm pass test-amd64-amd64-xl-qemut-stubdom-debianhvm-amd64-xsm pass test-amd64-i386-xl-qemut-stubdom-debianhvm-amd64-xsm pass test-amd64-amd64-libvirt-xsm pass test-amd64-i386-libvirt-xsm pass test-amd64-amd64-xl-xsm pass test-amd64-i386-xl-xsm pass test-amd64-amd64-qemuu-nested-amd fail test-amd64-amd64-xl-pvh-amd fail test-amd64-i386-qemut-rhel6hvm-amd pass test-amd64-i386-qemuu-rhel6hvm-amd pass test-amd64-amd64-xl-qemut-debianhvm-amd64 pass test-amd64-i386-xl-qemut-debianhvm-amd64 pass test-amd64-amd64-xl-qemuu-debianhvm-amd64 pass test-amd64-i386-xl-qemuu-debianhvm-amd64 pass test-amd64-i386-freebsd10-amd64 pass test-amd64-amd64-xl-qemuu-ovmf-amd64 pass test-amd64-i386-xl-qemuu-ovmf-amd64 pass test-amd64-amd64-rumpuserxen-amd64 blocked test-amd64-amd64-xl-qemut-win7-amd64 fail test-amd64-i386-xl-qemut-win7-amd64 fail test-amd64-amd64-xl-qemuu-win7-amd64 fail test-amd64-i386-xl-qemuu-win7-amd64 fail test-amd64-amd64-xl-credit2 fail test-amd64-i386-freebsd10-i386 pass test-amd64-i386-rumpuserxen-i386 blocked test-amd64-amd64-qemuu-nested-intel pass test-amd64-amd64-xl-pvh-intel fail test-amd64-i386-qemut-rhel6hvm-intel pass test-amd64-i386-qemuu-rhel6hvm-intel pass test-amd64-amd64-libvirt pass test-amd64-i386-libvirt pass test-amd64-amd64-xl-multivcpu pass test-amd64-amd64-pair pass test-amd64-i386-pair pass test-amd64-amd64-libvirt-pair pass test-amd64-i386-libvirt-pair pass test-amd64-amd64-amd64-pvgrub fail test-amd64-amd64-i386-pvgrub pass test-amd64-amd64-pygrub pass test-amd64-amd64-xl-qcow2 pass test-amd64-i386-xl-raw pass test-amd64-amd64-xl-rtds pass test-amd64-i386-xl-qemut-winxpsp3-vcpus1 pass test-amd64-i386-xl-qemuu-winxpsp3-vcpus1 pass test-amd64-amd64-libvirt-vhd pass test-amd64-amd64-xl-qemut-winxpsp3 fail test-amd64-i386-xl-qemut-winxpsp3 pass test-amd64-amd64-xl-qemuu-winxpsp3 pass test-amd64-i386-xl-qemuu-winxpsp3 pass ------------------------------------------------------------ sg-report-flight on osstest.xs.citrite.net logs: /home/osstest/logs images: /home/osstest/images Logs, config files, etc. are available at http://osstest.xs.citrite.net/~osstest/testlogs/logs Test harness code can be found at http://xenbits.xensource.com/gitweb?p=osstest.git;a=summary Push not applicable. (No revision log; it would be 2408 lines long.) --===============3530511967038430733== Content-Type: text/plain; charset="utf-8" MIME-Version: 1.0 Content-Transfer-Encoding: base64 Content-Disposition: inline X19fX19fX19fX19fX19fX19fX19fX19fX19fX19fX19fX19fX19fX19fX19fX18KWGVuLWRldmVs IG1haWxpbmcgbGlzdApYZW4tZGV2ZWxAbGlzdHMueGVuLm9yZwpodHRwOi8vbGlzdHMueGVuLm9y Zy94ZW4tZGV2ZWwK --===============3530511967038430733==--