* [xen-4.6-testing baseline-only test] 44223: regressions - FAIL
@ 2016-03-06 1:50 Platform Team regression test user
0 siblings, 0 replies; only message in thread
From: Platform Team regression test user @ 2016-03-06 1:50 UTC (permalink / raw)
To: xen-devel, osstest-admin
[-- Attachment #1: Type: text/plain, Size: 14133 bytes --]
This run is configured for baseline tests only.
flight 44223 xen-4.6-testing real [real]
http://osstest.xs.citrite.net/~osstest/testlogs/logs/44223/
Regressions :-(
Tests which did not succeed and are blocking,
including tests which could not be run:
test-amd64-amd64-xl-qemut-winxpsp3 9 windows-install fail REGR. vs. 44211
Regressions which are regarded as allowable (not blocking):
test-amd64-amd64-rumpuserxen-amd64 15 rumpuserxen-demo-xenstorels/xenstorels.repeat fail like 44211
test-armhf-armhf-xl-xsm 11 guest-start fail like 44211
test-amd64-amd64-xl-credit2 19 guest-start/debian.repeat fail like 44211
test-amd64-amd64-xl 19 guest-start/debian.repeat fail like 44211
test-amd64-amd64-i386-pvgrub 10 guest-start fail like 44211
test-amd64-i386-xl-qemut-win7-amd64 16 guest-stop fail like 44211
test-amd64-amd64-xl-qemuu-win7-amd64 16 guest-stop fail like 44211
test-armhf-armhf-libvirt-raw 9 debian-di-install fail like 44211
test-amd64-amd64-qemuu-nested-intel 16 debian-hvm-install/l1/l2 fail like 44211
test-amd64-i386-xl-qemuu-win7-amd64 16 guest-stop fail like 44211
Tests which did not succeed, but are not blocking:
test-armhf-armhf-libvirt-xsm 12 migrate-support-check fail never pass
test-armhf-armhf-libvirt-xsm 14 guest-saverestore fail never pass
test-armhf-armhf-libvirt 14 guest-saverestore fail never pass
test-armhf-armhf-libvirt 12 migrate-support-check fail never pass
test-amd64-amd64-xl-pvh-amd 11 guest-start fail never pass
test-amd64-amd64-xl-pvh-intel 11 guest-start fail never pass
test-armhf-armhf-libvirt-qcow2 11 migrate-support-check fail never pass
test-armhf-armhf-libvirt-qcow2 13 guest-saverestore fail never pass
test-armhf-armhf-xl-midway 13 saverestore-support-check fail never pass
test-armhf-armhf-xl-midway 12 migrate-support-check fail never pass
test-armhf-armhf-xl-credit2 13 saverestore-support-check fail never pass
test-armhf-armhf-xl-credit2 12 migrate-support-check fail never pass
test-armhf-armhf-xl 12 migrate-support-check fail never pass
test-armhf-armhf-xl 13 saverestore-support-check fail never pass
test-armhf-armhf-xl-multivcpu 13 saverestore-support-check fail never pass
test-armhf-armhf-xl-multivcpu 12 migrate-support-check fail never pass
test-armhf-armhf-xl-rtds 13 saverestore-support-check fail never pass
test-armhf-armhf-xl-rtds 12 migrate-support-check fail never pass
test-amd64-i386-libvirt 12 migrate-support-check fail never pass
test-amd64-amd64-libvirt 12 migrate-support-check fail never pass
test-amd64-amd64-libvirt-xsm 12 migrate-support-check fail never pass
test-amd64-i386-libvirt-xsm 12 migrate-support-check fail never pass
test-armhf-armhf-xl-vhd 11 migrate-support-check fail never pass
test-armhf-armhf-xl-vhd 12 saverestore-support-check fail never pass
test-amd64-i386-libvirt-qemuu-debianhvm-amd64-xsm 10 migrate-support-check fail never pass
test-amd64-amd64-qemuu-nested-amd 16 debian-hvm-install/l1/l2 fail never pass
test-amd64-amd64-xl-qemut-win7-amd64 16 guest-stop fail never pass
test-amd64-amd64-libvirt-vhd 11 migrate-support-check fail never pass
test-amd64-amd64-libvirt-qemuu-debianhvm-amd64-xsm 10 migrate-support-check fail never pass
version targeted for testing:
xen 93371eb8f67460e336a116c41b6b036caaac3e2b
baseline version:
xen 842e19d951c04c99c27a0fa2bca3d1e6cccc77a3
Last test of basis 44211 2016-03-03 03:27:10 Z 2 days
Testing same since 44223 2016-03-05 11:01:37 Z 0 days 1 attempts
------------------------------------------------------------
People who touched revisions under test:
Andrew Cooper <andrew.cooper3@citrix.com>
Jan Beulich <jbeulich@suse.com>
Tim Deegan <tim@xen.org>
jobs:
build-amd64-xsm pass
build-armhf-xsm pass
build-i386-xsm pass
build-amd64 pass
build-armhf pass
build-i386 pass
build-amd64-libvirt pass
build-armhf-libvirt pass
build-i386-libvirt pass
build-amd64-prev pass
build-i386-prev pass
build-amd64-pvops pass
build-armhf-pvops pass
build-i386-pvops pass
build-amd64-rumpuserxen pass
build-i386-rumpuserxen pass
test-amd64-amd64-xl fail
test-armhf-armhf-xl pass
test-amd64-i386-xl pass
test-amd64-amd64-xl-qemut-debianhvm-amd64-xsm pass
test-amd64-i386-xl-qemut-debianhvm-amd64-xsm pass
test-amd64-amd64-libvirt-qemuu-debianhvm-amd64-xsm pass
test-amd64-i386-libvirt-qemuu-debianhvm-amd64-xsm pass
test-amd64-amd64-xl-qemuu-debianhvm-amd64-xsm pass
test-amd64-i386-xl-qemuu-debianhvm-amd64-xsm pass
test-amd64-amd64-xl-qemut-stubdom-debianhvm-amd64-xsm pass
test-amd64-i386-xl-qemut-stubdom-debianhvm-amd64-xsm pass
test-amd64-amd64-libvirt-xsm pass
test-armhf-armhf-libvirt-xsm fail
test-amd64-i386-libvirt-xsm pass
test-amd64-amd64-xl-xsm pass
test-armhf-armhf-xl-xsm fail
test-amd64-i386-xl-xsm pass
test-amd64-amd64-qemuu-nested-amd fail
test-amd64-amd64-xl-pvh-amd fail
test-amd64-i386-qemut-rhel6hvm-amd pass
test-amd64-i386-qemuu-rhel6hvm-amd pass
test-amd64-amd64-xl-qemut-debianhvm-amd64 pass
test-amd64-i386-xl-qemut-debianhvm-amd64 pass
test-amd64-amd64-xl-qemuu-debianhvm-amd64 pass
test-amd64-i386-xl-qemuu-debianhvm-amd64 pass
test-amd64-i386-freebsd10-amd64 pass
test-amd64-amd64-xl-qemuu-ovmf-amd64 pass
test-amd64-i386-xl-qemuu-ovmf-amd64 pass
test-amd64-amd64-rumpuserxen-amd64 fail
test-amd64-amd64-xl-qemut-win7-amd64 fail
test-amd64-i386-xl-qemut-win7-amd64 fail
test-amd64-amd64-xl-qemuu-win7-amd64 fail
test-amd64-i386-xl-qemuu-win7-amd64 fail
test-amd64-amd64-xl-credit2 fail
test-armhf-armhf-xl-credit2 pass
test-amd64-i386-freebsd10-i386 pass
test-amd64-i386-rumpuserxen-i386 pass
test-amd64-amd64-qemuu-nested-intel fail
test-amd64-amd64-xl-pvh-intel fail
test-amd64-i386-qemut-rhel6hvm-intel pass
test-amd64-i386-qemuu-rhel6hvm-intel pass
test-amd64-amd64-libvirt pass
test-armhf-armhf-libvirt fail
test-amd64-i386-libvirt pass
test-armhf-armhf-xl-midway pass
test-amd64-amd64-migrupgrade pass
test-amd64-i386-migrupgrade pass
test-amd64-amd64-xl-multivcpu pass
test-armhf-armhf-xl-multivcpu pass
test-amd64-amd64-pair pass
test-amd64-i386-pair pass
test-amd64-amd64-libvirt-pair pass
test-amd64-i386-libvirt-pair pass
test-amd64-amd64-amd64-pvgrub pass
test-amd64-amd64-i386-pvgrub fail
test-amd64-amd64-pygrub pass
test-armhf-armhf-libvirt-qcow2 fail
test-amd64-amd64-xl-qcow2 pass
test-armhf-armhf-libvirt-raw fail
test-amd64-i386-xl-raw pass
test-amd64-amd64-xl-rtds pass
test-armhf-armhf-xl-rtds pass
test-amd64-i386-xl-qemut-winxpsp3-vcpus1 pass
test-amd64-i386-xl-qemuu-winxpsp3-vcpus1 pass
test-amd64-amd64-libvirt-vhd pass
test-armhf-armhf-xl-vhd pass
test-amd64-amd64-xl-qemut-winxpsp3 fail
test-amd64-i386-xl-qemut-winxpsp3 pass
test-amd64-amd64-xl-qemuu-winxpsp3 pass
test-amd64-i386-xl-qemuu-winxpsp3 pass
------------------------------------------------------------
sg-report-flight on osstest.xs.citrite.net
logs: /home/osstest/logs
images: /home/osstest/images
Logs, config files, etc. are available at
http://osstest.xs.citrite.net/~osstest/testlogs/logs
Test harness code can be found at
http://xenbits.xensource.com/gitweb?p=osstest.git;a=summary
Push not applicable.
------------------------------------------------------------
commit 93371eb8f67460e336a116c41b6b036caaac3e2b
Author: Jan Beulich <jbeulich@suse.com>
Date: Fri Mar 4 13:08:16 2016 +0100
x86emul: limit-check branch targets
All branches need to #GP when their target violates the segment limit
(in 16- and 32-bit modes) or is non-canonical (in 64-bit mode). For
near branches facilitate this via a zero-byte instruction fetch from
the target address (resulting in address translation and validation
without an actual read from memory), while far branches get dealt with
by breaking up the segment register loading into a read-and-validate
part and a write one. The latter at once allows correcting some
ordering issues in how the individual emulation steps get carried out:
Before updating machine state, all exceptions unrelated to that state
updating should have got raised (i.e. the only ones possibly resulting
in partly updated state are faulting memory writes [pushes]).
Note that while not immediately needed here, write and distinct read
emulation routines get updated to deal with zero byte accesses too, for
overall consistency.
Reported-by: å令 <liuling-it@360.cn>
Signed-off-by: Jan Beulich <jbeulich@suse.com>
Reviewed-by: Andrew Cooper <andrew.cooper3@citrix.com>
Acked-by: Tim Deegan <tim@xen.org>
master commit: 81d3a0b26c1672c60b2a54dd8780e6f6472d2328
master date: 2016-02-26 12:14:39 +0100
commit 583ce5f5023c1b4e0d4a5834c9501b1ba2921f9e
Author: Andrew Cooper <andrew.cooper3@citrix.com>
Date: Fri Mar 4 13:04:28 2016 +0100
x86/hvm: print register state upon triple fault
A sample looks like:
(XEN) d1v0 Triple fault - invoking HVM shutdown action 1
(XEN) *** Dumping Dom1 vcpu#0 state: ***
(XEN) ----[ Xen-4.7-unstable x86_64 debug=y Not tainted ]----
(XEN) CPU: 2
(XEN) RIP: 0000:[<0000000000100005>]
(XEN) RFLAGS: 0000000000010002 CONTEXT: hvm guest (d1v0)
(XEN) rax: 0000000000000020 rbx: 0000000000000000 rcx: 0000000000000000
(XEN) rdx: 0000000000000000 rsi: 0000000000000000 rdi: 0000000000000000
(XEN) rbp: 0000000000000000 rsp: 0000000000000000 r8: 0000000000000000
(XEN) r9: 0000000000000000 r10: 0000000000000000 r11: 0000000000000000
(XEN) r12: 0000000000000000 r13: 0000000000000000 r14: 0000000000000000
(XEN) r15: 0000000000000000 cr0: 0000000000000011 cr4: 0000000000000000
(XEN) cr3: 0000000000000000 cr2: 0000000000000000
(XEN) ds: 0000 es: 0000 fs: 0000 gs: 0000 ss: 0000 cs: 0000
Signed-off-by: Andrew Cooper <andrew.cooper3@citrix.com>
Acked-by: Jan Beulich <jbeulich@suse.com>
master commit: 1329105943179b91da2466431cc972e223900ced
master date: 2016-02-25 13:02:29 +0100
commit 54ea2be5ecf517e379e9287472d84f8de24f867d
Author: Jan Beulich <jbeulich@suse.com>
Date: Fri Mar 4 13:03:16 2016 +0100
x86emul: fix rIP handling
Deal with rIP just like with any other register: Truncate to designated
width upon entry, write back the zero-extended 32-bit value when
emulating 32-bit code, and leave the upper 48 bits unchanged for 16-bit
code.
Signed-off-by: Jan Beulich <jbeulich@suse.com>
Reviewed-by: Andrew Cooper <andrew.cooper3@citrix.com>
master commit: 0640ffb67fb92e2561c63b9308c27b71281fdd72
master date: 2016-02-18 15:05:34 +0100
(qemu changes not included)
[-- Attachment #2: Type: text/plain, Size: 126 bytes --]
_______________________________________________
Xen-devel mailing list
Xen-devel@lists.xen.org
http://lists.xen.org/xen-devel
^ permalink raw reply [flat|nested] only message in thread
only message in thread, other threads:[~2016-03-06 1:50 UTC | newest]
Thread overview: (only message) (download: mbox.gz follow: Atom feed
-- links below jump to the message on this page --
2016-03-06 1:50 [xen-4.6-testing baseline-only test] 44223: regressions - FAIL Platform Team regression test user
This is a public inbox, see mirroring instructions
for how to clone and mirror all data and code used for this inbox;
as well as URLs for NNTP newsgroup(s).