xen-devel.lists.xenproject.org archive mirror
 help / color / mirror / Atom feed
* [linux-3.18 baseline-only test] 44227: regressions - FAIL
@ 2016-03-07  2:26 Platform Team regression test user
  0 siblings, 0 replies; only message in thread
From: Platform Team regression test user @ 2016-03-07  2:26 UTC (permalink / raw)
  To: xen-devel, osstest-admin

[-- Attachment #1: Type: text/plain, Size: 13906 bytes --]

This run is configured for baseline tests only.

flight 44227 linux-3.18 real [real]
http://osstest.xs.citrite.net/~osstest/testlogs/logs/44227/

Regressions :-(

Tests which did not succeed and are blocking,
including tests which could not be run:
 test-armhf-armhf-xl-multivcpu 15 guest-start/debian.repeat fail REGR. vs. 44186

Regressions which are regarded as allowable (not blocking):
 build-i386-rumpuserxen        6 xen-build                    fail   like 44186
 build-amd64-rumpuserxen       6 xen-build                    fail   like 44186
 test-amd64-amd64-xl-credit2  19 guest-start/debian.repeat    fail   like 44186

Tests which did not succeed, but are not blocking:
 test-amd64-i386-rumpuserxen-i386  1 build-check(1)               blocked  n/a
 test-amd64-amd64-rumpuserxen-amd64  1 build-check(1)               blocked n/a
 test-amd64-amd64-xl-pvh-intel 14 guest-saverestore            fail  never pass
 test-armhf-armhf-libvirt-xsm 12 migrate-support-check        fail   never pass
 test-armhf-armhf-libvirt-xsm 14 guest-saverestore            fail   never pass
 test-armhf-armhf-libvirt     14 guest-saverestore            fail   never pass
 test-armhf-armhf-libvirt     12 migrate-support-check        fail   never pass
 test-amd64-amd64-xl-pvh-amd  11 guest-start                  fail   never pass
 test-armhf-armhf-libvirt-qcow2 11 migrate-support-check        fail never pass
 test-armhf-armhf-libvirt-qcow2 13 guest-saverestore            fail never pass
 test-armhf-armhf-xl          12 migrate-support-check        fail   never pass
 test-armhf-armhf-xl          13 saverestore-support-check    fail   never pass
 test-armhf-armhf-xl-xsm      13 saverestore-support-check    fail   never pass
 test-armhf-armhf-xl-xsm      12 migrate-support-check        fail   never pass
 test-armhf-armhf-xl-credit2  13 saverestore-support-check    fail   never pass
 test-armhf-armhf-xl-credit2  12 migrate-support-check        fail   never pass
 test-armhf-armhf-xl-multivcpu 13 saverestore-support-check    fail  never pass
 test-armhf-armhf-xl-multivcpu 12 migrate-support-check        fail  never pass
 test-armhf-armhf-xl-midway   13 saverestore-support-check    fail   never pass
 test-armhf-armhf-xl-midway   12 migrate-support-check        fail   never pass
 test-armhf-armhf-libvirt-raw 13 guest-saverestore            fail   never pass
 test-armhf-armhf-libvirt-raw 11 migrate-support-check        fail   never pass
 test-armhf-armhf-xl-rtds     13 saverestore-support-check    fail   never pass
 test-armhf-armhf-xl-rtds     12 migrate-support-check        fail   never pass
 test-amd64-amd64-libvirt-xsm 12 migrate-support-check        fail   never pass
 test-amd64-i386-libvirt      12 migrate-support-check        fail   never pass
 test-amd64-amd64-libvirt     12 migrate-support-check        fail   never pass
 test-amd64-i386-libvirt-xsm  12 migrate-support-check        fail   never pass
 test-armhf-armhf-xl-vhd      11 migrate-support-check        fail   never pass
 test-armhf-armhf-xl-vhd      12 saverestore-support-check    fail   never pass
 test-amd64-amd64-qemuu-nested-amd 16 debian-hvm-install/l1/l2  fail never pass
 test-amd64-i386-libvirt-qemuu-debianhvm-amd64-xsm 10 migrate-support-check fail never pass
 test-amd64-amd64-xl-qemut-win7-amd64 16 guest-stop             fail never pass
 test-amd64-i386-xl-qemuu-win7-amd64 16 guest-stop              fail never pass
 test-amd64-amd64-libvirt-qemuu-debianhvm-amd64-xsm 10 migrate-support-check fail never pass
 test-amd64-amd64-xl-qemuu-win7-amd64 16 guest-stop             fail never pass
 test-amd64-amd64-libvirt-vhd 11 migrate-support-check        fail   never pass
 test-amd64-i386-xl-qemut-win7-amd64 16 guest-stop              fail never pass

version targeted for testing:
 linux                0f67c5beb42a8328e9e661dcfcc4d328b6138264
baseline version:
 linux                2c07053b8e1e0c22bb54dfbdf8e86a70f8bf00fc

Last test of basis    44186  2016-02-26 15:55:01 Z    9 days
Testing same since    44227  2016-03-06 18:52:12 Z    0 days    1 attempts

------------------------------------------------------------
People who touched revisions under test:
  Alex Deucher <alexander.deucher@amd.com>
  Alexander Gordeev <agordeev@redhat.com>
  Alexandra Yates <alexandra.yates@linux.intel.com>
  Alexei Potashnik <alexei@purestorage.com>
  Andrey Konovalov <andreyknvl@gmail.com>
  Andy Shevchenko <andriy.shevchenko@linux.intel.com>
  Anton Protopopov <a.s.protopopov@gmail.com>
  Arnd Bergmann <arnd@arndb.de>
  Axel Lin <axel.lin@ingics.com>
  Bard Liao <bardliao@realtek.com>
  Bart Van Assche <bart.vanassche@sandisk.com>
  Benjamin Herrenschmidt <benh@kernel.crashing.org>
  Bjorn Helgaas <bhelgaas@google.com>
  Bruno Prémont <bonbons@linux-vserver.org>
  Chad Dupuis <chad.dupuis@qlogic.com>
  Chris Mason <clm@fb.com>
  Christoph Hellwig <hch@lst.de>
  Clemens Ladisch <clemens@ladisch.de>
  CQ Tang <cq.tang@intel.com>
  Dan Carpenter <dan.carpenter@oracle.com>
  Darren Hart <dvhart@linux.intel.com>
  Dave Airlie <airlied@redhat.com>
  David Henningsson <david.henningsson@canonical.com>
  David Sterba <dsterba@suse.com>
  David Woodhouse <David.Woodhouse@intel.com>
  Dmitry Monakhov <dmonakhov@openvz.org>
  Dmitry Vyukov <dvyukov@google.com>
  Eryu Guan <guaneryu@gmail.com>
  Ewan D. Milne <emilne@redhat.com>
  Filipe Manana <fdmanana@suse.com>
  Gavin Shan <gwshan@linux.vnet.ibm.com>
  Gerd Hoffmann <kraxel@redhat.com>
  Greg Kroah-Hartman <gregkh@linuxfoundation.org>
  Hannes Reinecke <hare@suse.de>
  Herbert Xu <herbert@gondor.apana.org.au>
  Herton R. Krzesinski <herton@redhat.com>
  Himanshu Madhani <himanshu.madhani@qlogic.com>
  Holger Hoffstätte <holger.hoffstaette@googlemail.com>
  Insu Yun <wuninsu@gmail.com>
  James Bottomley <James.Bottomley@HansenPartnership.com>
  James Hogan <james.hogan@imgtec.com>
  James Morris <james.l.morris@oracle.com>
  Jan Kara <jack@suse.cz>
  Jani Nikula <jani.nikula@intel.com>
  Jeremy McNicoll <jmcnicol@redhat.com>
  Kishon Vijay Abraham I <kishon@ti.com>
  Liam Girdwood <liam.r.girdwood@linux.intel.com>
  Linus Torvalds <torvalds@linux-foundation.org>
  Linus Walleij <linus.walleij@linaro.org>
  Mans Rullgard <mans@mansr.com>
  Mark Brown <broonie@kernel.org>
  Martin K. Petersen <martin.petersen@oracle.com>
  Martin Schwidefsky <schwidefsky@de.ibm.com>
  Mathias Krause <minipli@googlemail.com>
  Mika Westerberg <mika.westerberg@linux.intel.com>
  Mimi Zohar <zohar@linux.vnet.ibm.com>
  Nicholas Bellinger <nab@linux-iscsi.org>
  Nicolai Hähnle <nicolai.haehnle@amd.com>
  Nicolas Pitre <nico@linaro.org>
  Quinn Tran <quinn.tran@qlogic.com>
  Ralf Baechle <ralf@linux-mips.org>
  Ramesh Babu <ramesh.babu@intel.com>
  Rasmus Villemoes <linux@rasmusvillemoes.dk>
  Roger Quadros <rogerq@ti.com>
  Roland Dreier <roland@purestorage.com>
  Russell King <rmk+kernel@arm.linux.org.uk>
  Ryan Ware <ware@linux.intel.com>
  Sasha Levin <sasha.levin@oracle.com>
  Saurav Kashyap <saurav.kashyap@qlogic.com>
  Sebastian Andrzej Siewior <bigeasy@linutronix.de>
  Sergej Pupykin <ml@sergej.pp.ru>
  Shawn Lin <shawn.lin@rock-chips.com>
  Stefan Haberland <stefan.haberland@de.ibm.com>
  Steve French <smfrench@gmail.com>
  Steven Rostedt (Red Hat) <rostedt@goodmis.org>
  Steven Rostedt <rostedt@goodmis.org>
  Swapnil Nagle <swapnil.nagle@purestorage.com>
  Takashi Iwai <tiwai@suse.de>
  Tejun Heo <tj@kernel.org>
  Theodore Ts'o <tytso@mit.edu>
  Thomas Gleixner <tglx@linutronix.de>
  Tony Lindgren <tony@atomide.com>
  Vinod Koul <vinod.koul@intel.com>
  Viresh Kumar <viresh.kumar@linaro.org>
  Zany Yan <sirlight@cox.net>
  zengtao <prime.zeng@huawei.com>

jobs:
 build-amd64-xsm                                              pass    
 build-armhf-xsm                                              pass    
 build-i386-xsm                                               pass    
 build-amd64                                                  pass    
 build-armhf                                                  pass    
 build-i386                                                   pass    
 build-amd64-libvirt                                          pass    
 build-armhf-libvirt                                          pass    
 build-i386-libvirt                                           pass    
 build-amd64-pvops                                            pass    
 build-armhf-pvops                                            pass    
 build-i386-pvops                                             pass    
 build-amd64-rumpuserxen                                      fail    
 build-i386-rumpuserxen                                       fail    
 test-amd64-amd64-xl                                          pass    
 test-armhf-armhf-xl                                          pass    
 test-amd64-i386-xl                                           pass    
 test-amd64-amd64-xl-qemut-debianhvm-amd64-xsm                pass    
 test-amd64-i386-xl-qemut-debianhvm-amd64-xsm                 pass    
 test-amd64-amd64-libvirt-qemuu-debianhvm-amd64-xsm           pass    
 test-amd64-i386-libvirt-qemuu-debianhvm-amd64-xsm            pass    
 test-amd64-amd64-xl-qemuu-debianhvm-amd64-xsm                pass    
 test-amd64-i386-xl-qemuu-debianhvm-amd64-xsm                 pass    
 test-amd64-amd64-xl-qemut-stubdom-debianhvm-amd64-xsm        pass    
 test-amd64-i386-xl-qemut-stubdom-debianhvm-amd64-xsm         pass    
 test-amd64-amd64-libvirt-xsm                                 pass    
 test-armhf-armhf-libvirt-xsm                                 fail    
 test-amd64-i386-libvirt-xsm                                  pass    
 test-amd64-amd64-xl-xsm                                      pass    
 test-armhf-armhf-xl-xsm                                      pass    
 test-amd64-i386-xl-xsm                                       pass    
 test-amd64-amd64-qemuu-nested-amd                            fail    
 test-amd64-amd64-xl-pvh-amd                                  fail    
 test-amd64-i386-qemut-rhel6hvm-amd                           pass    
 test-amd64-i386-qemuu-rhel6hvm-amd                           pass    
 test-amd64-amd64-xl-qemut-debianhvm-amd64                    pass    
 test-amd64-i386-xl-qemut-debianhvm-amd64                     pass    
 test-amd64-amd64-xl-qemuu-debianhvm-amd64                    pass    
 test-amd64-i386-xl-qemuu-debianhvm-amd64                     pass    
 test-amd64-i386-freebsd10-amd64                              pass    
 test-amd64-amd64-xl-qemuu-ovmf-amd64                         pass    
 test-amd64-i386-xl-qemuu-ovmf-amd64                          pass    
 test-amd64-amd64-rumpuserxen-amd64                           blocked 
 test-amd64-amd64-xl-qemut-win7-amd64                         fail    
 test-amd64-i386-xl-qemut-win7-amd64                          fail    
 test-amd64-amd64-xl-qemuu-win7-amd64                         fail    
 test-amd64-i386-xl-qemuu-win7-amd64                          fail    
 test-amd64-amd64-xl-credit2                                  fail    
 test-armhf-armhf-xl-credit2                                  pass    
 test-amd64-i386-freebsd10-i386                               pass    
 test-amd64-i386-rumpuserxen-i386                             blocked 
 test-amd64-amd64-qemuu-nested-intel                          pass    
 test-amd64-amd64-xl-pvh-intel                                fail    
 test-amd64-i386-qemut-rhel6hvm-intel                         pass    
 test-amd64-i386-qemuu-rhel6hvm-intel                         pass    
 test-amd64-amd64-libvirt                                     pass    
 test-armhf-armhf-libvirt                                     fail    
 test-amd64-i386-libvirt                                      pass    
 test-armhf-armhf-xl-midway                                   pass    
 test-amd64-amd64-xl-multivcpu                                pass    
 test-armhf-armhf-xl-multivcpu                                fail    
 test-amd64-amd64-pair                                        pass    
 test-amd64-i386-pair                                         pass    
 test-amd64-amd64-libvirt-pair                                pass    
 test-amd64-i386-libvirt-pair                                 pass    
 test-amd64-amd64-amd64-pvgrub                                pass    
 test-amd64-amd64-i386-pvgrub                                 pass    
 test-amd64-amd64-pygrub                                      pass    
 test-armhf-armhf-libvirt-qcow2                               fail    
 test-amd64-amd64-xl-qcow2                                    pass    
 test-armhf-armhf-libvirt-raw                                 fail    
 test-amd64-i386-xl-raw                                       pass    
 test-amd64-amd64-xl-rtds                                     pass    
 test-armhf-armhf-xl-rtds                                     pass    
 test-amd64-i386-xl-qemut-winxpsp3-vcpus1                     pass    
 test-amd64-i386-xl-qemuu-winxpsp3-vcpus1                     pass    
 test-amd64-amd64-libvirt-vhd                                 pass    
 test-armhf-armhf-xl-vhd                                      pass    
 test-amd64-amd64-xl-qemut-winxpsp3                           pass    
 test-amd64-i386-xl-qemut-winxpsp3                            pass    
 test-amd64-amd64-xl-qemuu-winxpsp3                           pass    
 test-amd64-i386-xl-qemuu-winxpsp3                            pass    


------------------------------------------------------------
sg-report-flight on osstest.xs.citrite.net
logs: /home/osstest/logs
images: /home/osstest/images

Logs, config files, etc. are available at
    http://osstest.xs.citrite.net/~osstest/testlogs/logs

Test harness code can be found at
    http://xenbits.xensource.com/gitweb?p=osstest.git;a=summary


Push not applicable.

(No revision log; it would be 2109 lines long.)


[-- Attachment #2: Type: text/plain, Size: 126 bytes --]

_______________________________________________
Xen-devel mailing list
Xen-devel@lists.xen.org
http://lists.xen.org/xen-devel

^ permalink raw reply	[flat|nested] only message in thread

only message in thread, other threads:[~2016-03-07  2:26 UTC | newest]

Thread overview: (only message) (download: mbox.gz follow: Atom feed
-- links below jump to the message on this page --
2016-03-07  2:26 [linux-3.18 baseline-only test] 44227: regressions - FAIL Platform Team regression test user

This is a public inbox, see mirroring instructions
for how to clone and mirror all data and code used for this inbox;
as well as URLs for NNTP newsgroup(s).