xen-devel.lists.xenproject.org archive mirror
 help / color / mirror / Atom feed
* [seabios baseline-only test] 44274: tolerable FAIL
@ 2016-03-22 16:02 Platform Team regression test user
  0 siblings, 0 replies; only message in thread
From: Platform Team regression test user @ 2016-03-22 16:02 UTC (permalink / raw)
  To: xen-devel, osstest-admin

This run is configured for baseline tests only.

flight 44274 seabios real [real]
http://osstest.xs.citrite.net/~osstest/testlogs/logs/44274/

Failures :-/ but no regressions.

Regressions which are regarded as allowable (not blocking):
 test-amd64-amd64-xl-qemuu-win7-amd64 16 guest-stop             fail like 44231
 test-amd64-i386-xl-qemuu-win7-amd64 16 guest-stop              fail like 44231
 test-amd64-amd64-qemuu-nested-intel 16 debian-hvm-install/l1/l2 fail like 44231

Tests which did not succeed, but are not blocking:
 test-amd64-amd64-qemuu-nested-amd 16 debian-hvm-install/l1/l2  fail never pass
 test-amd64-i386-libvirt-qemuu-debianhvm-amd64-xsm 10 migrate-support-check fail never pass
 test-amd64-amd64-libvirt-qemuu-debianhvm-amd64-xsm 10 migrate-support-check fail never pass

version targeted for testing:
 seabios              fc0878926bfe644f07fba27228432cada68ec3ba
baseline version:
 seabios              dce99e01b6bfc51175bdf32612fd4f2738e5c3c8

Last test of basis    44231  2016-03-08 05:22:26 Z   14 days
Testing same since    44274  2016-03-22 11:51:33 Z    0 days    1 attempts

------------------------------------------------------------
People who touched revisions under test:
  Kevin O'Connor <kevin@koconnor.net>
  Matt DeVillier <matt.devillier@gmail.com>

jobs:
 build-amd64-xsm                                              pass    
 build-i386-xsm                                               pass    
 build-amd64                                                  pass    
 build-i386                                                   pass    
 build-amd64-libvirt                                          pass    
 build-i386-libvirt                                           pass    
 build-amd64-pvops                                            pass    
 build-i386-pvops                                             pass    
 test-amd64-amd64-libvirt-qemuu-debianhvm-amd64-xsm           pass    
 test-amd64-i386-libvirt-qemuu-debianhvm-amd64-xsm            pass    
 test-amd64-amd64-xl-qemuu-debianhvm-amd64-xsm                pass    
 test-amd64-i386-xl-qemuu-debianhvm-amd64-xsm                 pass    
 test-amd64-amd64-qemuu-nested-amd                            fail    
 test-amd64-i386-qemuu-rhel6hvm-amd                           pass    
 test-amd64-amd64-xl-qemuu-debianhvm-amd64                    pass    
 test-amd64-i386-xl-qemuu-debianhvm-amd64                     pass    
 test-amd64-amd64-xl-qemuu-ovmf-amd64                         pass    
 test-amd64-i386-xl-qemuu-ovmf-amd64                          pass    
 test-amd64-amd64-xl-qemuu-win7-amd64                         fail    
 test-amd64-i386-xl-qemuu-win7-amd64                          fail    
 test-amd64-amd64-qemuu-nested-intel                          fail    
 test-amd64-i386-qemuu-rhel6hvm-intel                         pass    
 test-amd64-i386-xl-qemuu-winxpsp3-vcpus1                     pass    
 test-amd64-amd64-xl-qemuu-winxpsp3                           pass    
 test-amd64-i386-xl-qemuu-winxpsp3                            pass    


------------------------------------------------------------
sg-report-flight on osstest.xs.citrite.net
logs: /home/osstest/logs
images: /home/osstest/images

Logs, config files, etc. are available at
    http://osstest.xs.citrite.net/~osstest/testlogs/logs

Test harness code can be found at
    http://xenbits.xensource.com/gitweb?p=osstest.git;a=summary


Push not applicable.

------------------------------------------------------------
commit fc0878926bfe644f07fba27228432cada68ec3ba
Author: Matt DeVillier <matt.devillier@gmail.com>
Date:   Wed Mar 16 20:37:35 2016 -0500

    sdcard: skip detection of PCI sdhci controllers if etc/sdcard used
    
    Some BayTrail ChromeOS devices have the eMMC controller hidden (thus
    requiring the use of etc/sdcard), while others do not, making it
    problematic to have a single payload which serves all devices
    properly.   Therefore, if the CBFS contains etc/sdcard entries, skip
    detection of any visible PCI sdhci controllers in order to avoid
    duplicate entries in the boot menu.
    
    Signed-off-by: Matt DeVillier <matt.devillier@gmail.com>
    Signed-off-by: Kevin O'Connor <kevin@koconnor.net>

_______________________________________________
Xen-devel mailing list
Xen-devel@lists.xen.org
http://lists.xen.org/xen-devel

^ permalink raw reply	[flat|nested] only message in thread

only message in thread, other threads:[~2016-03-22 16:02 UTC | newest]

Thread overview: (only message) (download: mbox.gz follow: Atom feed
-- links below jump to the message on this page --
2016-03-22 16:02 [seabios baseline-only test] 44274: tolerable FAIL Platform Team regression test user

This is a public inbox, see mirroring instructions
for how to clone and mirror all data and code used for this inbox;
as well as URLs for NNTP newsgroup(s).